From: dpdklab@iol.unh.edu
To: Test Report <test-report@dpdk.org>
Cc: dpdk-test-reports@iol.unh.edu
Subject: [dpdk-test-report] |FAILURE| pw92776 [PATCH] test/crypto: copy offset data to oop dst buffer
Date: Tue, 4 May 2021 20:13:47 -0400 (EDT) [thread overview]
Message-ID: <20210505001347.A5904A5EA@noxus.dpdklab.iol.unh.edu> (raw)
[-- Attachment #1: Type: text/plain, Size: 7662 bytes --]
Test-Label: iol-testing
Test-Status: FAILURE
http://dpdk.org/patch/92776
_Testing issues_
Submitter: Kai Ji <kai.ji@intel.com>
Date: Tuesday, May 04 2021 23:26:53
DPDK git baseline: Repo:dpdk-next-crypto
Branch: master
CommitID:8b6b2bf6b5788c56765e128e5af3ab73b8eae69d
92776 --> testing fail
Test environment and result as below:
+---------------------+----------------------+--------------------+-------------------+----------------+
| Environment | dpdk_mingw64_compile | dpdk_meson_compile | dpdk_compile_spdk | dpdk_unit_test |
+=====================+======================+====================+===================+================+
| Windows Server 2019 | FAIL | FAIL | SKIPPED | SKIPPED |
+---------------------+----------------------+--------------------+-------------------+----------------+
| Fedora 31 | SKIPPED | PASS | SKIPPED | SKIPPED |
+---------------------+----------------------+--------------------+-------------------+----------------+
| FreeBSD 11.2 | SKIPPED | PASS | SKIPPED | SKIPPED |
+---------------------+----------------------+--------------------+-------------------+----------------+
| Ubuntu 18.04 ARM | SKIPPED | PASS | SKIPPED | SKIPPED |
+---------------------+----------------------+--------------------+-------------------+----------------+
| CentOS Stream 8 | SKIPPED | FAIL | SKIPPED | SKIPPED |
+---------------------+----------------------+--------------------+-------------------+----------------+
| Ubuntu 18.04 | SKIPPED | PASS | FAIL | PASS |
+---------------------+----------------------+--------------------+-------------------+----------------+
| CentOS 8 | SKIPPED | PASS | SKIPPED | SKIPPED |
+---------------------+----------------------+--------------------+-------------------+----------------+
| Fedora 32 | SKIPPED | FAIL | SKIPPED | SKIPPED |
+---------------------+----------------------+--------------------+-------------------+----------------+
| Ubuntu 20.04 | SKIPPED | PASS | SKIPPED | SKIPPED |
+---------------------+----------------------+--------------------+-------------------+----------------+
| RHEL8 | SKIPPED | PASS | SKIPPED | SKIPPED |
+---------------------+----------------------+--------------------+-------------------+----------------+
| RHEL 7 | SKIPPED | PASS | SKIPPED | SKIPPED |
+---------------------+----------------------+--------------------+-------------------+----------------+
| Arch Linux | SKIPPED | FAIL | SKIPPED | SKIPPED |
+---------------------+----------------------+--------------------+-------------------+----------------+
| openSUSE Leap 15 | SKIPPED | PASS | SKIPPED | SKIPPED |
+---------------------+----------------------+--------------------+-------------------+----------------+
==== 20 line log output for Windows Server 2019 (dpdk_mingw64_compile): ====
[99/141] Generating rte_net_mingw with a custom command
[100/141] Compiling C object lib/librte_ethdev.a.p/librte_ethdev_rte_tm.c.obj
[101/141] Compiling C object lib/librte_meter.a.p/librte_meter_rte_meter.c.obj
[102/141] Linking target lib/librte_mempool-21.dll
[103/141] Generating rte_meter_def with a custom command
[104/141] Linking static target lib/librte_meter.a
[105/141] Compiling C object lib/librte_ethdev.a.p/librte_ethdev_ethdev_private.c.obj
[106/141] Linking target lib/librte_meter-21.dll
[107/141] Compiling C object lib/librte_ethdev.a.p/librte_ethdev_ethdev_profile.c.obj
[108/141] Compiling C object lib/librte_ethdev.a.p/librte_ethdev_rte_flow.c.obj
FAILED: lib/librte_ethdev.a.p/librte_ethdev_rte_flow.c.obj
"gcc" "-Ilib\librte_ethdev.a.p" "-Ilib" "-I..\lib" "-Ilib\librte_ethdev" "-I..\lib\librte_ethdev" "-I." "-I.." "-Iconfig" "-I..\config" "-Ilib\librte_eal\include" "-I..\lib\librte_eal\include" "-Ilib\librte_eal\windows\include" "-I..\lib\librte_eal\windows\include" "-Ilib\librte_eal\x86\include" "-I..\lib\librte_eal\x86\include" "-Ilib\librte_eal\common" "-I..\lib\librte_eal\common" "-Ilib\librte_eal" "-I..\lib\librte_eal" "-Ilib\librte_kvargs" "-I..\lib\librte_kvargs" "-Ilib\librte_net" "-I..\lib\librte_net" "-Ilib\librte_mbuf" "-I..\lib\librte_mbuf" "-Ilib\librte_mempool" "-I..\lib\librte_mempool" "-Ilib\librte_ring" "-I..\lib\librte_ring" "-Ilib\librte_meter" "-I..\lib\librte_meter" "-Ilib\librte_metrics" "-I..\lib\librte_metrics" "-Ilib\librte_telemetry" "-I..\lib\librte_telemetry" "-fdiagnostics-color=always" "-pipe" "-D_FILE_OFFSET_BITS=64" "-Wall" "-Winvalid-pch" "-Werror" "-O3" "-include" "rte_config.h" "-Wextra" "-Wcast-qual" "-Wdeprecated" "-Wformat-nonliteral" "-Wformat-security" "-Wmissing-declarations" "-Wmissing-prototypes" "-Wnested-externs" "-Wold-style-definition" "-Wpointer-arith" "-Wsign-compare" "-Wstrict-prototypes" "-Wundef" "-Wwrite-strings" "-Wno-packed-not-aligned" "-Wno-missing-field-initializers" "-D_GNU_SOURCE" "-D_WIN32_WINNT=0x0A00" "-D__USE_MINGW_ANSI_STDIO" "-march=native" "-DALLOW_EXPERIMENTAL_API" "-DALLOW_INTERNAL_API" "-Wno-format-truncation" -MD -MQ lib/librte_ethdev.a.p/librte_ethdev_rte_flow.c.obj -MF "lib\librte_ethdev.a.p\librte_ethdev_rte_flow.c.obj.d" -o lib/librte_ethdev.a.p/librte_ethdev_rte_flow.c.obj "-c" ../lib/librte_ethdev/rte_flow.c
{standard input}: Assembler messages:
{standard input}:2556: Error: invalid register for .seh_savexmm
[109/141] Generating symbol file lib/librte_mempool-21.dll.p/librte_mempool-21.dll.symbols
[110/141] Generating symbol file lib/librte_meter-21.dll.p/librte_meter-21.dll.symbols
[111/141] Compiling C object lib/librte_ethdev.a.p/librte_ethdev_rte_class_eth.c.obj
[112/141] Compiling C object lib/librte_ethdev.a.p/librte_ethdev_ethdev_trace_points.c.obj
[113/141] Compiling C object lib/librte_ethdev.a.p/librte_ethdev_rte_ethdev.c.obj
ninja: build stopped: subcommand failed.
==== End log output ====
Windows Server 2019
Kernel: 10.0
Compiler: clang 9.0 and gcc 8.1.0 (MinGW)
Fedora 31
Kernel: 4.18.0-240.10.1.el8_3.x86_64
Compiler: gcc 9.3.1
FreeBSD 11.2
Kernel: 11.2
Compiler: gcc 8.3
Ubuntu 18.04 ARM
Kernel: 5.4.0-53-generic
Compiler: gcc 9.3
CentOS Stream 8
Kernel: 4.18.0-240.10.1.el8_3.x86_64
Compiler: gcc 8.4.1 20200928
Ubuntu 18.04
Kernel: 4.18.0-240.10.1.el8_3.x86_64
Compiler: gcc 7.5.0-3ubuntu1~18.04
CentOS 8
Kernel: 4.18.0-240.10.1.el8_3.x86_64
Compiler: gcc 8.3.1 20191121 (Red Hat 8.3.1-5)
Fedora 32
Kernel: 4.18.0-240.10.1.el8_3.x86_64
Compiler: gcc 10.2.1
Ubuntu 20.04
Kernel: 4.18.0-240.10.1.el8_3.x86_64
Compiler: gcc 9.3.0-17ubuntu1~20.04
RHEL8
Kernel: 4.18.0-240.10.1.el8_3.x86_64
Compiler: gcc 8.3.1 20191121 (Red Hat 8.3.1-5)
RHEL 7
Kernel: 4.18.0-240.10.1.el8_3.x86_64
Compiler: gcc 4.8.5 20150623 (Red Hat 4.8.5-44)
Arch Linux
Kernel: 4.18.0-240.10.1.el8_3.x86_64
Compiler: gcc 10.2.0
openSUSE Leap 15
Kernel: 4.18.0-240.10.1.el8_3.x86_64
Compiler: gcc 7.5.0
To view detailed results, visit:
https://lab.dpdk.org/results/dashboard/patchsets/16929/
UNH-IOL DPDK Community Lab
To manage your email subscriptions, visit:
https://lab.dpdk.org/results/dashboard/preferences/subscriptions/
next reply other threads:[~2021-05-05 0:13 UTC|newest]
Thread overview: 5+ messages / expand[flat|nested] mbox.gz Atom feed top
2021-05-05 0:13 dpdklab [this message]
2021-05-05 0:21 dpdklab
2021-05-05 6:45 dpdklab
2021-05-05 19:37 dpdklab
2021-05-05 20:02 dpdklab
Reply instructions:
You may reply publicly to this message via plain-text email
using any one of the following methods:
* Save the following mbox file, import it into your mail client,
and reply-to-all from there: mbox
Avoid top-posting and favor interleaved quoting:
https://en.wikipedia.org/wiki/Posting_style#Interleaved_style
* Reply using the --to, --cc, and --in-reply-to
switches of git-send-email(1):
git send-email \
--in-reply-to=20210505001347.A5904A5EA@noxus.dpdklab.iol.unh.edu \
--to=dpdklab@iol.unh.edu \
--cc=dpdk-test-reports@iol.unh.edu \
--cc=test-report@dpdk.org \
/path/to/YOUR_REPLY
https://kernel.org/pub/software/scm/git/docs/git-send-email.html
* If your mail client supports setting the In-Reply-To header
via mailto: links, try the mailto: link
Be sure your reply has a Subject: header at the top and a blank line
before the message body.
This is a public inbox, see mirroring instructions
for how to clone and mirror all data and code used for this inbox;
as well as URLs for NNTP newsgroup(s).