From: dpdklab@iol.unh.edu
To: Test Report <test-report@dpdk.org>
Cc: dpdk-test-reports@iol.unh.edu
Subject: [dpdk-test-report] |WARNING| pw93102-93103 [PATCH] [v2, 2/2] eal: fix side effects in ptr align macros
Date: Mon, 10 May 2021 11:10:09 -0400 (EDT) [thread overview]
Message-ID: <20210510151009.AA2E68904B@noxus.dpdklab.iol.unh.edu> (raw)
[-- Attachment #1: Type: text/plain, Size: 3952 bytes --]
Test-Label: iol-abi-testing
Test-Status: WARNING
http://dpdk.org/patch/93103
_Testing issues_
Submitter: Pavan Nikhilesh Bhagavatula <pbhagavatula@marvell.com>
Date: Monday, May 10 2021 14:02:13
DPDK git baseline: Repo:dpdk
Branch: master
CommitID:627c5b41bb14a1afbd1489b0fc4b8224532a823d
93102-93103 --> testing fail
Test environment and result as below:
+------------------+----------+
| Environment | abi_test |
+==================+==========+
| Ubuntu 18.04 ARM | FAIL |
+------------------+----------+
| RHEL 7 | FAIL |
+------------------+----------+
| RHEL8 | FAIL |
+------------------+----------+
| Ubuntu 20.04 | FAIL |
+------------------+----------+
| CentOS 8 | FAIL |
+------------------+----------+
| Ubuntu 18.04 | FAIL |
+------------------+----------+
| Fedora 32 | FAIL |
+------------------+----------+
| Arch Linux | FAIL |
+------------------+----------+
| CentOS Stream 8 | FAIL |
+------------------+----------+
| Fedora 31 | FAIL |
+------------------+----------+
| openSUSE Leap 15 | FAIL |
+------------------+----------+
==== 20 line log output for Ubuntu 18.04 ARM (abi_test): ====
[2656/2877] Compiling C object app/test/dpdk-test.p/test_link_bonding_mode4.c.o
[2657/2877] Compiling C object app/test/dpdk-test.p/test_lpm.c.o
[2658/2877] Compiling C object examples/dpdk-flow_classify.p/flow_classify_flow_classify.c.o
[2659/2877] Compiling C object app/test/dpdk-test.p/test_table_acl.c.o
[2660/2877] Compiling C object examples/dpdk-distributor.p/distributor_main.c.o
[2661/2877] Compiling C object app/test/dpdk-test.p/test_memcpy_perf.c.o
[2662/2877] Compiling C object app/test/dpdk-test.p/test_table_combined.c.o
[2663/2877] Compiling C object app/test/dpdk-test.p/virtual_pmd.c.o
[2664/2877] Compiling C object examples/dpdk-eventdev_pipeline.p/eventdev_pipeline_pipeline_worker_tx.c.o
[2665/2877] Compiling C object drivers/libtmp_rte_net_octeontx2.a.p/net_octeontx2_otx2_tx.c.o
[2666/2877] Compiling C object app/test/dpdk-test.p/test_mbuf.c.o
[2667/2877] Compiling C object app/test/dpdk-test.p/test_link_bonding.c.o
[2668/2877] Compiling C object drivers/libtmp_rte_net_octeontx2.a.p/net_octeontx2_otx2_rx.c.o
[2669/2877] Compiling C object app/test/dpdk-test.p/test_cryptodev.c.o
[2670/2877] Compiling C object app/test/dpdk-test.p/test_trace_perf.c.o
[2671/2877] Compiling C object app/test/dpdk-test.p/test_ring_perf.c.o
[2672/2877] Compiling C object app/test/dpdk-test.p/test_ring.c.o
[2673/2877] Compiling C object drivers/libtmp_rte_event_octeontx2.a.p/event_octeontx2_otx2_worker_dual.c.o
[2674/2877] Compiling C object drivers/libtmp_rte_event_octeontx2.a.p/event_octeontx2_otx2_worker.c.o
ninja: build stopped: subcommand failed.
==== End log output ====
Ubuntu 18.04 ARM
Kernel: 5.4.0-53-generic
Compiler: gcc 9.3
RHEL 7
Kernel: 4.18.0-240.10.1.el8_3.x86_64
Compiler: gcc 4.8.5 20150623 (Red Hat 4.8.5-44)
RHEL8
Kernel: 4.18.0-240.10.1.el8_3.x86_64
Compiler: gcc 8.3.1 20191121 (Red Hat 8.3.1-5)
Ubuntu 20.04
Kernel: 4.18.0-240.10.1.el8_3.x86_64
Compiler: gcc 9.3.0-17ubuntu1~20.04
CentOS 8
Kernel: 4.18.0-240.10.1.el8_3.x86_64
Compiler: gcc 8.3.1 20191121 (Red Hat 8.3.1-5)
Ubuntu 18.04
Kernel: 4.18.0-240.10.1.el8_3.x86_64
Compiler: gcc 7.5.0-3ubuntu1~18.04
Fedora 32
Kernel: 4.18.0-240.10.1.el8_3.x86_64
Compiler: gcc 10.2.1
Arch Linux
Kernel: 4.18.0-240.10.1.el8_3.x86_64
Compiler: gcc 10.2.0
CentOS Stream 8
Kernel: 4.18.0-240.10.1.el8_3.x86_64
Compiler: gcc 8.4.1 20200928
Fedora 31
Kernel: 4.18.0-240.10.1.el8_3.x86_64
Compiler: gcc 9.3.1
openSUSE Leap 15
Kernel: 4.18.0-240.10.1.el8_3.x86_64
Compiler: gcc 7.5.0
To view detailed results, visit:
https://lab.dpdk.org/results/dashboard/patchsets/17018/
UNH-IOL DPDK Community Lab
To manage your email subscriptions, visit:
https://lab.dpdk.org/results/dashboard/preferences/subscriptions/
reply other threads:[~2021-05-10 15:10 UTC|newest]
Thread overview: [no followups] expand[flat|nested] mbox.gz Atom feed
Reply instructions:
You may reply publicly to this message via plain-text email
using any one of the following methods:
* Save the following mbox file, import it into your mail client,
and reply-to-all from there: mbox
Avoid top-posting and favor interleaved quoting:
https://en.wikipedia.org/wiki/Posting_style#Interleaved_style
* Reply using the --to, --cc, and --in-reply-to
switches of git-send-email(1):
git send-email \
--in-reply-to=20210510151009.AA2E68904B@noxus.dpdklab.iol.unh.edu \
--to=dpdklab@iol.unh.edu \
--cc=dpdk-test-reports@iol.unh.edu \
--cc=test-report@dpdk.org \
/path/to/YOUR_REPLY
https://kernel.org/pub/software/scm/git/docs/git-send-email.html
* If your mail client supports setting the In-Reply-To header
via mailto: links, try the mailto: link
Be sure your reply has a Subject: header at the top and a blank line
before the message body.
This is a public inbox, see mirroring instructions
for how to clone and mirror all data and code used for this inbox;
as well as URLs for NNTP newsgroup(s).