* [dpdk-test-report] |FAILURE| pw93244-93245 [PATCH] [v3, 2/2] net/hns3: refactor SVE code compile method
@ 2021-05-13 7:01 dpdklab
0 siblings, 0 replies; only message in thread
From: dpdklab @ 2021-05-13 7:01 UTC (permalink / raw)
To: Test Report; +Cc: dpdk-test-reports
[-- Attachment #1: Type: text/plain, Size: 6449 bytes --]
Test-Label: iol-testing
Test-Status: FAILURE
http://dpdk.org/patch/93245
_Testing issues_
Submitter: Chengwen Feng <fengchengwen@huawei.com>
Date: Thursday, May 13 2021 06:16:40
DPDK git baseline: Repo:dpdk
Branch: master
CommitID:7989b7e7da9be588563c809264c9347a35319969
93244-93245 --> testing fail
Test environment and result as below:
+---------------------+----------------------+--------------------+-------------------+----------------+
| Environment | dpdk_mingw64_compile | dpdk_meson_compile | dpdk_compile_spdk | dpdk_unit_test |
+=====================+======================+====================+===================+================+
| Windows Server 2019 | PASS | PASS | SKIPPED | SKIPPED |
+---------------------+----------------------+--------------------+-------------------+----------------+
| Fedora 31 | SKIPPED | PASS | SKIPPED | SKIPPED |
+---------------------+----------------------+--------------------+-------------------+----------------+
| Ubuntu 18.04 ARM | SKIPPED | FAIL | SKIPPED | SKIPPED |
+---------------------+----------------------+--------------------+-------------------+----------------+
| FreeBSD 11.2 | SKIPPED | PASS | SKIPPED | SKIPPED |
+---------------------+----------------------+--------------------+-------------------+----------------+
| CentOS 8 | SKIPPED | PASS | SKIPPED | SKIPPED |
+---------------------+----------------------+--------------------+-------------------+----------------+
| Ubuntu 18.04 | SKIPPED | PASS | PASS | PASS |
+---------------------+----------------------+--------------------+-------------------+----------------+
| CentOS Stream 8 | SKIPPED | PASS | SKIPPED | SKIPPED |
+---------------------+----------------------+--------------------+-------------------+----------------+
| RHEL8 | SKIPPED | PASS | SKIPPED | SKIPPED |
+---------------------+----------------------+--------------------+-------------------+----------------+
| RHEL 7 | SKIPPED | PASS | SKIPPED | SKIPPED |
+---------------------+----------------------+--------------------+-------------------+----------------+
| openSUSE Leap 15 | SKIPPED | PASS | SKIPPED | SKIPPED |
+---------------------+----------------------+--------------------+-------------------+----------------+
| Fedora 32 | SKIPPED | PASS | SKIPPED | SKIPPED |
+---------------------+----------------------+--------------------+-------------------+----------------+
| Ubuntu 20.04 | SKIPPED | PASS | SKIPPED | SKIPPED |
+---------------------+----------------------+--------------------+-------------------+----------------+
| Arch Linux | SKIPPED | PASS | SKIPPED | SKIPPED |
+---------------------+----------------------+--------------------+-------------------+----------------+
==== 20 line log output for Ubuntu 18.04 ARM (dpdk_meson_compile): ====
[1176/2906] Generating rte_net_dpaa2.pmd.c with a custom command
[1177/2906] Generating rte_net_enetc.pmd.c with a custom command
[1178/2906] Generating rte_net_ena.pmd.c with a custom command
[1179/2906] Generating rte_net_e1000.pmd.c with a custom command
[1180/2906] Generating pipeline.sym_chk with a custom command (wrapped by meson to capture output)
[1181/2906] Generating rte_net_ark.sym_chk with a custom command (wrapped by meson to capture output)
[1182/2906] Generating rte_net_atlantic.sym_chk with a custom command (wrapped by meson to capture output)
[1183/2906] Generating rte_net_bnx2x.sym_chk with a custom command (wrapped by meson to capture output)
[1184/2906] Generating rte_mempool_stack.sym_chk with a custom command (wrapped by meson to capture output)
[1185/2906] Generating rte_net_axgbe.sym_chk with a custom command (wrapped by meson to capture output)
[1186/2906] Generating rte_net_enic.pmd.c with a custom command
[1187/2906] Generating eal.sym_chk with a custom command (wrapped by meson to capture output)
[1188/2906] Generating rte_bus_dpaa.sym_chk with a custom command (wrapped by meson to capture output)
[1189/2906] Generating rte_net_failsafe.pmd.c with a custom command
[1190/2906] Generating rte_bus_fslmc.sym_chk with a custom command (wrapped by meson to capture output)
[1191/2906] Generating rte_common_mlx5.sym_chk with a custom command (wrapped by meson to capture output)
[1192/2906] Generating rte_common_cnxk.sym_chk with a custom command (wrapped by meson to capture output)
[1193/2906] Generating rte_common_sfc_efx.sym_chk with a custom command (wrapped by meson to capture output)
ninja: build stopped: subcommand failed.
[1] Error running command.
==== End log output ====
Windows Server 2019
Kernel: 10.0
Compiler: clang 9.0 and gcc 8.1.0 (MinGW)
Fedora 31
Kernel: 4.18.0-240.10.1.el8_3.x86_64
Compiler: gcc 9.3.1
Ubuntu 18.04 ARM
Kernel: 5.4.0-53-generic
Compiler: gcc 9.3
FreeBSD 11.2
Kernel: 11.2
Compiler: gcc 8.3
CentOS 8
Kernel: 4.18.0-240.10.1.el8_3.x86_64
Compiler: gcc 8.3.1 20191121 (Red Hat 8.3.1-5)
Ubuntu 18.04
Kernel: 4.18.0-240.10.1.el8_3.x86_64
Compiler: gcc 7.5.0-3ubuntu1~18.04
CentOS Stream 8
Kernel: 4.18.0-240.10.1.el8_3.x86_64
Compiler: gcc 8.4.1 20200928
RHEL8
Kernel: 4.18.0-240.10.1.el8_3.x86_64
Compiler: gcc 8.3.1 20191121 (Red Hat 8.3.1-5)
RHEL 7
Kernel: 4.18.0-240.10.1.el8_3.x86_64
Compiler: gcc 4.8.5 20150623 (Red Hat 4.8.5-44)
openSUSE Leap 15
Kernel: 4.18.0-240.10.1.el8_3.x86_64
Compiler: gcc 7.5.0
Fedora 32
Kernel: 4.18.0-240.10.1.el8_3.x86_64
Compiler: gcc 10.2.1
Ubuntu 20.04
Kernel: 4.18.0-240.10.1.el8_3.x86_64
Compiler: gcc 9.3.0-17ubuntu1~20.04
Arch Linux
Kernel: 4.18.0-240.10.1.el8_3.x86_64
Compiler: gcc 10.2.0
To view detailed results, visit:
https://lab.dpdk.org/results/dashboard/patchsets/17088/
UNH-IOL DPDK Community Lab
To manage your email subscriptions, visit:
https://lab.dpdk.org/results/dashboard/preferences/subscriptions/
^ permalink raw reply [flat|nested] only message in thread
only message in thread, other threads:[~2021-05-13 7:01 UTC | newest]
Thread overview: (only message) (download: mbox.gz / follow: Atom feed)
-- links below jump to the message on this page --
2021-05-13 7:01 [dpdk-test-report] |FAILURE| pw93244-93245 [PATCH] [v3, 2/2] net/hns3: refactor SVE code compile method dpdklab
This is a public inbox, see mirroring instructions
for how to clone and mirror all data and code used for this inbox;
as well as URLs for NNTP newsgroup(s).