* [dpdk-test-report] |WARNING| pw93244-93245 [PATCH] [v3, 2/2] net/hns3: refactor SVE code compile method
@ 2021-05-13 7:05 dpdklab
0 siblings, 0 replies; only message in thread
From: dpdklab @ 2021-05-13 7:05 UTC (permalink / raw)
To: Test Report; +Cc: dpdk-test-reports
[-- Attachment #1: Type: text/plain, Size: 4166 bytes --]
Test-Label: iol-abi-testing
Test-Status: WARNING
http://dpdk.org/patch/93245
_Testing issues_
Submitter: Chengwen Feng <fengchengwen@huawei.com>
Date: Thursday, May 13 2021 06:16:40
DPDK git baseline: Repo:dpdk
Branch: master
CommitID:7989b7e7da9be588563c809264c9347a35319969
93244-93245 --> testing fail
Test environment and result as below:
+------------------+----------+
| Environment | abi_test |
+==================+==========+
| Ubuntu 18.04 ARM | FAIL |
+------------------+----------+
| Ubuntu 18.04 | PASS |
+------------------+----------+
| RHEL8 | PASS |
+------------------+----------+
| Ubuntu 20.04 | PASS |
+------------------+----------+
| CentOS 8 | PASS |
+------------------+----------+
| Arch Linux | PASS |
+------------------+----------+
| RHEL 7 | PASS |
+------------------+----------+
| CentOS Stream 8 | PASS |
+------------------+----------+
| Fedora 32 | PASS |
+------------------+----------+
| Fedora 31 | PASS |
+------------------+----------+
| openSUSE Leap 15 | PASS |
+------------------+----------+
==== 20 line log output for Ubuntu 18.04 ARM (abi_test): ====
[1219/2879] Compiling C object drivers/libtmp_rte_net_ice.a.p/net_ice_ice_ethdev.c.o
[1220/2879] Compiling C object drivers/libtmp_rte_net_ice.a.p/net_ice_ice_fdir_filter.c.o
[1221/2879] Compiling C object drivers/librte_net_dpaa2.a.p/meson-generated_.._rte_net_dpaa2.pmd.c.o
[1222/2879] Generating rte_net_af_packet.sym_chk with a custom command (wrapped by meson to capture output)
[1223/2879] Compiling C object drivers/libtmp_rte_net_ice.a.p/net_ice_ice_generic_flow.c.o
[1224/2879] Compiling C object drivers/libtmp_rte_net_ice.a.p/net_ice_ice_hash.c.o
[1225/2879] Generating rte_net_fm10k.pmd.c with a custom command
[1226/2879] Generating rte_net_enic.pmd.c with a custom command
[1227/2879] Generating rte_net_e1000.pmd.c with a custom command
[1228/2879] Generating rte_net_axgbe.sym_chk with a custom command (wrapped by meson to capture output)
[1229/2879] Generating rte_net_failsafe.pmd.c with a custom command
[1230/2879] Generating rte_net_atlantic.sym_chk with a custom command (wrapped by meson to capture output)
[1231/2879] Generating rte_bus_dpaa.sym_chk with a custom command (wrapped by meson to capture output)
[1232/2879] Generating eal.sym_chk with a custom command (wrapped by meson to capture output)
[1233/2879] Generating rte_common_mlx5.sym_chk with a custom command (wrapped by meson to capture output)
[1234/2879] Generating rte_net_bond.sym_chk with a custom command (wrapped by meson to capture output)
[1235/2879] Generating rte_bus_fslmc.sym_chk with a custom command (wrapped by meson to capture output)
[1236/2879] Generating rte_common_cnxk.sym_chk with a custom command (wrapped by meson to capture output)
[1237/2879] Generating rte_common_sfc_efx.sym_chk with a custom command (wrapped by meson to capture output)
ninja: build stopped: subcommand failed.
==== End log output ====
Ubuntu 18.04 ARM
Kernel: 5.4.0-53-generic
Compiler: gcc 9.3
Ubuntu 18.04
Kernel: 4.18.0-240.10.1.el8_3.x86_64
Compiler: gcc 7.5.0-3ubuntu1~18.04
RHEL8
Kernel: 4.18.0-240.10.1.el8_3.x86_64
Compiler: gcc 8.3.1 20191121 (Red Hat 8.3.1-5)
Ubuntu 20.04
Kernel: 4.18.0-240.10.1.el8_3.x86_64
Compiler: gcc 9.3.0-17ubuntu1~20.04
CentOS 8
Kernel: 4.18.0-240.10.1.el8_3.x86_64
Compiler: gcc 8.3.1 20191121 (Red Hat 8.3.1-5)
Arch Linux
Kernel: 4.18.0-240.10.1.el8_3.x86_64
Compiler: gcc 10.2.0
RHEL 7
Kernel: 4.18.0-240.10.1.el8_3.x86_64
Compiler: gcc 4.8.5 20150623 (Red Hat 4.8.5-44)
CentOS Stream 8
Kernel: 4.18.0-240.10.1.el8_3.x86_64
Compiler: gcc 8.4.1 20200928
Fedora 32
Kernel: 4.18.0-240.10.1.el8_3.x86_64
Compiler: gcc 10.2.1
Fedora 31
Kernel: 4.18.0-240.10.1.el8_3.x86_64
Compiler: gcc 9.3.1
openSUSE Leap 15
Kernel: 4.18.0-240.10.1.el8_3.x86_64
Compiler: gcc 7.5.0
To view detailed results, visit:
https://lab.dpdk.org/results/dashboard/patchsets/17088/
UNH-IOL DPDK Community Lab
To manage your email subscriptions, visit:
https://lab.dpdk.org/results/dashboard/preferences/subscriptions/
^ permalink raw reply [flat|nested] only message in thread
only message in thread, other threads:[~2021-05-13 7:05 UTC | newest]
Thread overview: (only message) (download: mbox.gz / follow: Atom feed)
-- links below jump to the message on this page --
2021-05-13 7:05 [dpdk-test-report] |WARNING| pw93244-93245 [PATCH] [v3, 2/2] net/hns3: refactor SVE code compile method dpdklab
This is a public inbox, see mirroring instructions
for how to clone and mirror all data and code used for this inbox;
as well as URLs for NNTP newsgroup(s).