* [dpdk-test-report] |FAILURE| pw93252 [PATCH] [v2] net/mlx5: fix loopback for DV queue
@ 2021-05-13 12:02 dpdklab
0 siblings, 0 replies; only message in thread
From: dpdklab @ 2021-05-13 12:02 UTC (permalink / raw)
To: Test Report; +Cc: dpdk-test-reports
[-- Attachment #1: Type: text/plain, Size: 8108 bytes --]
Test-Label: iol-testing
Test-Status: FAILURE
http://dpdk.org/patch/93252
_Testing issues_
Submitter: Bing Zhao <bingz@nvidia.com>
Date: Thursday, May 13 2021 11:13:29
DPDK git baseline: Repo:dpdk
Branch: master
CommitID:7989b7e7da9be588563c809264c9347a35319969
93252 --> testing fail
Test environment and result as below:
+---------------------+----------------------+--------------------+-------------------+----------------+
| Environment | dpdk_mingw64_compile | dpdk_meson_compile | dpdk_compile_spdk | dpdk_unit_test |
+=====================+======================+====================+===================+================+
| Windows Server 2019 | PASS | FAIL | SKIPPED | SKIPPED |
+---------------------+----------------------+--------------------+-------------------+----------------+
| Fedora 31 | SKIPPED | PASS | SKIPPED | SKIPPED |
+---------------------+----------------------+--------------------+-------------------+----------------+
| Ubuntu 18.04 ARM | SKIPPED | PASS | SKIPPED | SKIPPED |
+---------------------+----------------------+--------------------+-------------------+----------------+
| FreeBSD 11.2 | SKIPPED | PASS | SKIPPED | SKIPPED |
+---------------------+----------------------+--------------------+-------------------+----------------+
| CentOS 8 | SKIPPED | PASS | SKIPPED | SKIPPED |
+---------------------+----------------------+--------------------+-------------------+----------------+
| Ubuntu 18.04 | SKIPPED | PASS | PASS | PASS |
+---------------------+----------------------+--------------------+-------------------+----------------+
| Fedora 32 | SKIPPED | PASS | SKIPPED | SKIPPED |
+---------------------+----------------------+--------------------+-------------------+----------------+
| CentOS Stream 8 | SKIPPED | PASS | SKIPPED | SKIPPED |
+---------------------+----------------------+--------------------+-------------------+----------------+
| RHEL 7 | SKIPPED | PASS | SKIPPED | SKIPPED |
+---------------------+----------------------+--------------------+-------------------+----------------+
| RHEL8 | SKIPPED | PASS | SKIPPED | SKIPPED |
+---------------------+----------------------+--------------------+-------------------+----------------+
| Arch Linux | SKIPPED | PASS | SKIPPED | SKIPPED |
+---------------------+----------------------+--------------------+-------------------+----------------+
| openSUSE Leap 15 | SKIPPED | PASS | SKIPPED | SKIPPED |
+---------------------+----------------------+--------------------+-------------------+----------------+
| Ubuntu 20.04 | SKIPPED | PASS | SKIPPED | SKIPPED |
+---------------------+----------------------+--------------------+-------------------+----------------+
==== 20 line log output for Windows Server 2019 (dpdk_meson_compile): ====
[260/346] Compiling C object drivers/libtmp_rte_net_ice.a.p/net_ice_ice_dcf.c.obj
[261/346] Compiling C object drivers/libtmp_rte_net_ice.a.p/net_ice_ice_rxtx_vec_avx2.c.obj
[262/346] Compiling C object drivers/libtmp_rte_net_mlx5.a.p/net_mlx5_mlx5_rxtx.c.obj
[263/346] Compiling C object drivers/libtmp_rte_net_mlx5.a.p/net_mlx5_mlx5.c.obj
[264/346] Linking static target drivers/libtmp_rte_net_ice.a
[265/346] Compiling C object drivers/libtmp_rte_net_mlx5.a.p/net_mlx5_mlx5_rxmode.c.obj
[266/346] Compiling C object drivers/libtmp_rte_net_mlx5.a.p/net_mlx5_mlx5_trigger.c.obj
FAILED: drivers/libtmp_rte_net_mlx5.a.p/net_mlx5_mlx5_trigger.c.obj
"clang" "-Idrivers\libtmp_rte_net_mlx5.a.p" "-Idrivers" "-I..\drivers" "-Idrivers\net\mlx5" "-I..\drivers\net\mlx5" "-Idrivers\net/mlx5\windows" "-I..\drivers\net\mlx5\windows" "-Ilib\ethdev" "-I..\lib\ethdev" "-I." "-I.." "-Iconfig" "-I..\config" "-Ilib\eal\include" "-I..\lib\eal\include" "-Ilib\eal\windows\include" "-I..\lib\eal\windows\include" "-Ilib\eal\x86\include" "-I..\lib\eal\x86\include" "-Ilib\eal\common" "-I..\lib\eal\common" "-Ilib\eal" "-I..\lib\eal" "-Ilib\kvargs" "-I..\lib\kvargs" "-Ilib\net" "-I..\lib\net" "-Ilib\mbuf" "-I..\lib\mbuf" "-Ilib\mempool" "-I..\lib\mempool" "-Ilib\ring" "-I..\lib\ring" "-Ilib\meter" "-I..\lib\meter" "-I..\lib\metrics" "-Ilib\telemetry" "-I..\lib\telemetry" "-Idrivers\bus\pci" "-I..\drivers\bus\pci" "-I..\drivers\bus\pci\windows" "-Ilib\pci" "-I..\lib\pci" "-Idrivers\bus\vdev" "-I..\drivers\bus\vdev" "-Ilib\hash" "-I..\lib\hash" "-Ilib\rcu" "-I..\lib\rcu" "-Idrivers\common\mlx5" "-I..\drivers\common\mlx5" "-Idrivers\common/mlx5\windows" "-I..\drivers\common\mlx5\windows" "-IC:\Program Files\Mellanox\MLNX_WinOF2_DevX_SDK\inc" "-Xclang" "-fcolor-diagnostics" "-pipe" "-D_FILE_OFFSET_BITS=64" "-Wall" "-Winvalid-pch" "-Werror" "-O3" "-include" "rte_config.h" "-Wextra" "-Wcast-qual" "-Wdeprecated" "-Wformat" "-Wformat-nonliteral" "-Wformat-security" "-Wmissing-declarations" "-Wmissing-prototypes" "-Wnested-externs" "-Wold-style-definition" "-Wpointer-arith" "-Wsign-compare" "-Wstrict-prototypes" "-Wundef" "-Wwrite-strings" "-Wno-address-of-packed-member" "-Wno-missing-field-initializers" "-D_GNU_SOURCE" "-D_WIN32_WINNT=0x0A00" "-D_CRT_SECURE_NO_WARNINGS" "-march=native" "-DALLOW_EXPERIMENTAL_API" "-DALLOW_INTERNAL_API" "-std=c11" "-Wno-strict-prototypes" "-D_BSD_SOURCE" "-D_DEFAULT_SOURCE" "-D_XOPEN_SOURCE=600" "-UPEDANTIC" "-DRTE_LOG_DEFAULT_LOGTYPE=pmd.net.mlx5" -MD -MQ drivers/libtmp_rte_net_mlx5.a.p/net_mlx5_mlx5_trigger.c.obj -MF "drivers\libtmp_rte_net_mlx5.a.p\net_mlx5_mlx5_trigger.c.obj.d" -o drivers/libtmp_rte_net_mlx5.a.p/net_mlx5_mlx5_trigger.c.obj "-c" ../drivers/net/mlx5/mlx5_trigger.c
../drivers/net/mlx5/mlx5_trigger.c:22:10: fatal error: 'mlx5_verbs.h' file not found
#include "mlx5_verbs.h"
^~~~~~~~~~~~~~
1 error generated.
[267/346] Compiling C object drivers/libtmp_rte_net_mlx5.a.p/net_mlx5_mlx5_stats.c.obj
[268/346] Generating rte_net_ice.pmd.c with a custom command (wrapped by meson to set PATH)
[269/346] Compiling C object drivers/libtmp_rte_net_mlx5.a.p/net_mlx5_mlx5_tx_mpw.c.obj
[270/346] Compiling C object drivers/libtmp_rte_net_mlx5.a.p/net_mlx5_mlx5_tx_nompw.c.obj
[271/346] Compiling C object drivers/libtmp_rte_net_mlx5.a.p/net_mlx5_mlx5_tx_empw.c.obj
ninja: build stopped: subcommand failed.
[1] Error running command.
==== End log output ====
Windows Server 2019
Kernel: 10.0
Compiler: clang 9.0 and gcc 8.1.0 (MinGW)
Fedora 31
Kernel: 4.18.0-240.10.1.el8_3.x86_64
Compiler: gcc 9.3.1
Ubuntu 18.04 ARM
Kernel: 5.4.0-53-generic
Compiler: gcc 9.3
FreeBSD 11.2
Kernel: 11.2
Compiler: gcc 8.3
CentOS 8
Kernel: 4.18.0-240.10.1.el8_3.x86_64
Compiler: gcc 8.3.1 20191121 (Red Hat 8.3.1-5)
Ubuntu 18.04
Kernel: 4.18.0-240.10.1.el8_3.x86_64
Compiler: gcc 7.5.0-3ubuntu1~18.04
Fedora 32
Kernel: 4.18.0-240.10.1.el8_3.x86_64
Compiler: gcc 10.2.1
CentOS Stream 8
Kernel: 4.18.0-240.10.1.el8_3.x86_64
Compiler: gcc 8.4.1 20200928
RHEL 7
Kernel: 4.18.0-240.10.1.el8_3.x86_64
Compiler: gcc 4.8.5 20150623 (Red Hat 4.8.5-44)
RHEL8
Kernel: 4.18.0-240.10.1.el8_3.x86_64
Compiler: gcc 8.3.1 20191121 (Red Hat 8.3.1-5)
Arch Linux
Kernel: 4.18.0-240.10.1.el8_3.x86_64
Compiler: gcc 10.2.0
openSUSE Leap 15
Kernel: 4.18.0-240.10.1.el8_3.x86_64
Compiler: gcc 7.5.0
Ubuntu 20.04
Kernel: 4.18.0-240.10.1.el8_3.x86_64
Compiler: gcc 9.3.0-17ubuntu1~20.04
To view detailed results, visit:
https://lab.dpdk.org/results/dashboard/patchsets/17093/
UNH-IOL DPDK Community Lab
To manage your email subscriptions, visit:
https://lab.dpdk.org/results/dashboard/preferences/subscriptions/
^ permalink raw reply [flat|nested] only message in thread
only message in thread, other threads:[~2021-05-13 12:02 UTC | newest]
Thread overview: (only message) (download: mbox.gz / follow: Atom feed)
-- links below jump to the message on this page --
2021-05-13 12:02 [dpdk-test-report] |FAILURE| pw93252 [PATCH] [v2] net/mlx5: fix loopback for DV queue dpdklab
This is a public inbox, see mirroring instructions
for how to clone and mirror all data and code used for this inbox;
as well as URLs for NNTP newsgroup(s).