* [dpdk-test-report] |WARNING| pw93257-93255 [PATCH] [v4, 2/2] net/hns3: refactor SVE code compile method
@ 2021-05-13 14:03 dpdklab
0 siblings, 0 replies; only message in thread
From: dpdklab @ 2021-05-13 14:03 UTC (permalink / raw)
To: Test Report; +Cc: dpdk-test-reports
[-- Attachment #1: Type: text/plain, Size: 4116 bytes --]
Test-Label: iol-abi-testing
Test-Status: WARNING
http://dpdk.org/patch/93255
_Testing issues_
Submitter: Chengwen Feng <fengchengwen@huawei.com>
Date: Thursday, May 13 2021 13:08:03
DPDK git baseline: Repo:dpdk
Branch: master
CommitID:7989b7e7da9be588563c809264c9347a35319969
93257-93255 --> testing fail
Test environment and result as below:
+------------------+----------+
| Environment | abi_test |
+==================+==========+
| Ubuntu 18.04 ARM | FAIL |
+------------------+----------+
| RHEL 7 | PASS |
+------------------+----------+
| Ubuntu 18.04 | PASS |
+------------------+----------+
| RHEL8 | PASS |
+------------------+----------+
| CentOS Stream 8 | PASS |
+------------------+----------+
| CentOS 8 | PASS |
+------------------+----------+
| Fedora 32 | PASS |
+------------------+----------+
| Fedora 31 | PASS |
+------------------+----------+
| Arch Linux | PASS |
+------------------+----------+
| Ubuntu 20.04 | PASS |
+------------------+----------+
| openSUSE Leap 15 | PASS |
+------------------+----------+
==== 20 line log output for Ubuntu 18.04 ARM (abi_test): ====
[1200/2879] Generating rte_net_i40e_mingw with a custom command
[1201/2879] Generating rte_net_iavf_def with a custom command
[1202/2879] Linking static target drivers/libtmp_rte_net_hns3.a
[1203/2879] Compiling C object drivers/net/ice/base/libice_base.a.p/ice_switch.c.o
[1204/2879] Compiling C object drivers/net/ice/base/libice_base.a.p/ice_nvm.c.o
[1205/2879] Compiling C object drivers/librte_net_bnxt.so.21.2.p/meson-generated_.._rte_net_bnxt.pmd.c.o
[1206/2879] Compiling C object drivers/librte_net_bnxt.a.p/meson-generated_.._rte_net_bnxt.pmd.c.o
[1207/2879] Compiling C object drivers/librte_net_cxgbe.so.21.2.p/meson-generated_.._rte_net_cxgbe.pmd.c.o
[1208/2879] Compiling C object drivers/librte_net_cxgbe.a.p/meson-generated_.._rte_net_cxgbe.pmd.c.o
[1209/2879] Compiling C object drivers/net/ice/base/libice_base.a.p/ice_flex_pipe.c.o
[1210/2879] Generating rte_net_enic.pmd.c with a custom command
[1211/2879] Generating rte_net_fm10k.pmd.c with a custom command
[1212/2879] Generating eal.sym_chk with a custom command (wrapped by meson to capture output)
[1213/2879] Generating rte_bus_fslmc.sym_chk with a custom command (wrapped by meson to capture output)
[1214/2879] Generating rte_net_axgbe.sym_chk with a custom command (wrapped by meson to capture output)
[1215/2879] Generating rte_bus_dpaa.sym_chk with a custom command (wrapped by meson to capture output)
[1216/2879] Generating rte_common_mlx5.sym_chk with a custom command (wrapped by meson to capture output)
[1217/2879] Generating rte_common_sfc_efx.sym_chk with a custom command (wrapped by meson to capture output)
[1218/2879] Generating rte_common_cnxk.sym_chk with a custom command (wrapped by meson to capture output)
ninja: build stopped: subcommand failed.
==== End log output ====
Ubuntu 18.04 ARM
Kernel: 5.4.0-53-generic
Compiler: gcc 9.3
RHEL 7
Kernel: 4.18.0-240.10.1.el8_3.x86_64
Compiler: gcc 4.8.5 20150623 (Red Hat 4.8.5-44)
Ubuntu 18.04
Kernel: 4.18.0-240.10.1.el8_3.x86_64
Compiler: gcc 7.5.0-3ubuntu1~18.04
RHEL8
Kernel: 4.18.0-240.10.1.el8_3.x86_64
Compiler: gcc 8.3.1 20191121 (Red Hat 8.3.1-5)
CentOS Stream 8
Kernel: 4.18.0-240.10.1.el8_3.x86_64
Compiler: gcc 8.4.1 20200928
CentOS 8
Kernel: 4.18.0-240.10.1.el8_3.x86_64
Compiler: gcc 8.3.1 20191121 (Red Hat 8.3.1-5)
Fedora 32
Kernel: 4.18.0-240.10.1.el8_3.x86_64
Compiler: gcc 10.2.1
Fedora 31
Kernel: 4.18.0-240.10.1.el8_3.x86_64
Compiler: gcc 9.3.1
Arch Linux
Kernel: 4.18.0-240.10.1.el8_3.x86_64
Compiler: gcc 10.2.0
Ubuntu 20.04
Kernel: 4.18.0-240.10.1.el8_3.x86_64
Compiler: gcc 9.3.0-17ubuntu1~20.04
openSUSE Leap 15
Kernel: 4.18.0-240.10.1.el8_3.x86_64
Compiler: gcc 7.5.0
To view detailed results, visit:
https://lab.dpdk.org/results/dashboard/patchsets/17096/
UNH-IOL DPDK Community Lab
To manage your email subscriptions, visit:
https://lab.dpdk.org/results/dashboard/preferences/subscriptions/
^ permalink raw reply [flat|nested] only message in thread
only message in thread, other threads:[~2021-05-13 14:03 UTC | newest]
Thread overview: (only message) (download: mbox.gz / follow: Atom feed)
-- links below jump to the message on this page --
2021-05-13 14:03 [dpdk-test-report] |WARNING| pw93257-93255 [PATCH] [v4, 2/2] net/hns3: refactor SVE code compile method dpdklab
This is a public inbox, see mirroring instructions
for how to clone and mirror all data and code used for this inbox;
as well as URLs for NNTP newsgroup(s).