From: dpdklab@iol.unh.edu
To: Test Report <test-report@dpdk.org>
Cc: dpdklab@iol.unh.edu
Subject: [dpdk-test-report] |WARNING| pw93267-93268 [PATCH] [v5, 2/2] net/hns3: refactor SVE code compile method
Date: Fri, 14 May 2021 06:48:07 -0400 (EDT) [thread overview]
Message-ID: <20210514104807.1EC7D8904B@noxus.dpdklab.iol.unh.edu> (raw)
[-- Attachment #1: Type: text/plain, Size: 4199 bytes --]
Test-Label: iol-abi-testing
Test-Status: WARNING
http://dpdk.org/patch/93268
_Testing issues_
Submitter: fengchengwen <fengchengwen@huawei.com>
Date: Friday, May 14 2021 09:53:59
DPDK git baseline: Repo:dpdk
Branch: master
CommitID:7989b7e7da9be588563c809264c9347a35319969
93267-93268 --> testing fail
Test environment and result as below:
+------------------+----------+
| Environment | abi_test |
+==================+==========+
| Ubuntu 18.04 ARM | FAIL |
+------------------+----------+
| RHEL8 | PASS |
+------------------+----------+
| Ubuntu 20.04 | PASS |
+------------------+----------+
| Ubuntu 18.04 | PASS |
+------------------+----------+
| CentOS 8 | PASS |
+------------------+----------+
| Arch Linux | PASS |
+------------------+----------+
| RHEL 7 | PASS |
+------------------+----------+
| openSUSE Leap 15 | PASS |
+------------------+----------+
| Fedora 32 | PASS |
+------------------+----------+
| Fedora 31 | PASS |
+------------------+----------+
| CentOS Stream 8 | PASS |
+------------------+----------+
==== 20 line log output for Ubuntu 18.04 ARM (abi_test): ====
[1182/2879] Compiling C object drivers/libtmp_rte_net_i40e.a.p/net_i40e_i40e_rxtx.c.o
[1183/2879] Generating rte_net_dpaa.pmd.c with a custom command
[1184/2879] Generating rte_mempool_stack.sym_chk with a custom command (wrapped by meson to capture output)
[1185/2879] Generating rte_net_axgbe.sym_chk with a custom command (wrapped by meson to capture output)
[1186/2879] Linking static target drivers/net/hinic/base/libhinic_base.a
[1187/2879] Generating rte_net_af_packet.sym_chk with a custom command (wrapped by meson to capture output)
[1188/2879] Generating rte_net_e1000.pmd.c with a custom command
[1189/2879] Generating rte_net_failsafe.pmd.c with a custom command
[1190/2879] Generating rte_mempool_octeontx2.sym_chk with a custom command (wrapped by meson to capture output)
[1191/2879] Generating rte_net_enic.pmd.c with a custom command
[1192/2879] Generating rte_mempool_dpaa.sym_chk with a custom command (wrapped by meson to capture output)
[1193/2879] Generating rte_net_bnx2x.sym_chk with a custom command (wrapped by meson to capture output)
[1194/2879] Generating rte_net_atlantic.sym_chk with a custom command (wrapped by meson to capture output)
[1195/2879] Generating rte_bus_dpaa.sym_chk with a custom command (wrapped by meson to capture output)
[1196/2879] Generating eal.sym_chk with a custom command (wrapped by meson to capture output)
[1197/2879] Generating rte_bus_fslmc.sym_chk with a custom command (wrapped by meson to capture output)
[1198/2879] Generating rte_common_mlx5.sym_chk with a custom command (wrapped by meson to capture output)
[1199/2879] Generating rte_common_cnxk.sym_chk with a custom command (wrapped by meson to capture output)
[1200/2879] Generating rte_common_sfc_efx.sym_chk with a custom command (wrapped by meson to capture output)
ninja: build stopped: subcommand failed.
==== End log output ====
Ubuntu 18.04 ARM
Kernel: 5.4.0-53-generic
Compiler: gcc 9.3
RHEL8
Kernel: 4.18.0-240.10.1.el8_3.x86_64
Compiler: gcc 8.3.1 20191121 (Red Hat 8.3.1-5)
Ubuntu 20.04
Kernel: 4.18.0-240.10.1.el8_3.x86_64
Compiler: gcc 9.3.0-17ubuntu1~20.04
Ubuntu 18.04
Kernel: 4.18.0-240.10.1.el8_3.x86_64
Compiler: gcc 7.5.0-3ubuntu1~18.04
CentOS 8
Kernel: 4.18.0-240.10.1.el8_3.x86_64
Compiler: gcc 8.3.1 20191121 (Red Hat 8.3.1-5)
Arch Linux
Kernel: 4.18.0-240.10.1.el8_3.x86_64
Compiler: gcc 10.2.0
RHEL 7
Kernel: 4.18.0-240.10.1.el8_3.x86_64
Compiler: gcc 4.8.5 20150623 (Red Hat 4.8.5-44)
openSUSE Leap 15
Kernel: 4.18.0-240.10.1.el8_3.x86_64
Compiler: gcc 7.5.0
Fedora 32
Kernel: 4.18.0-240.10.1.el8_3.x86_64
Compiler: gcc 10.2.1
Fedora 31
Kernel: 4.18.0-240.10.1.el8_3.x86_64
Compiler: gcc 9.3.1
CentOS Stream 8
Kernel: 4.18.0-240.10.1.el8_3.x86_64
Compiler: gcc 8.4.1 20200928
To view detailed results, visit:
https://lab.dpdk.org/results/dashboard/patchsets/17105/
UNH-IOL DPDK Community Lab
To manage your email subscriptions, visit:
https://lab.dpdk.org/results/dashboard/preferences/subscriptions/
reply other threads:[~2021-05-14 10:48 UTC|newest]
Thread overview: [no followups] expand[flat|nested] mbox.gz Atom feed
Reply instructions:
You may reply publicly to this message via plain-text email
using any one of the following methods:
* Save the following mbox file, import it into your mail client,
and reply-to-all from there: mbox
Avoid top-posting and favor interleaved quoting:
https://en.wikipedia.org/wiki/Posting_style#Interleaved_style
* Reply using the --to, --cc, and --in-reply-to
switches of git-send-email(1):
git send-email \
--in-reply-to=20210514104807.1EC7D8904B@noxus.dpdklab.iol.unh.edu \
--to=dpdklab@iol.unh.edu \
--cc=test-report@dpdk.org \
/path/to/YOUR_REPLY
https://kernel.org/pub/software/scm/git/docs/git-send-email.html
* If your mail client supports setting the In-Reply-To header
via mailto: links, try the mailto: link
Be sure your reply has a Subject: header at the top and a blank line
before the message body.
This is a public inbox, see mirroring instructions
for how to clone and mirror all data and code used for this inbox;
as well as URLs for NNTP newsgroup(s).