* [dpdk-test-report] |FAILURE| pw93203 [PATCH] [v2] net/mlx5: fix RSS expansion for NVGRE
@ 2021-05-14 17:30 dpdklab
0 siblings, 0 replies; 4+ messages in thread
From: dpdklab @ 2021-05-14 17:30 UTC (permalink / raw)
To: Thomas Monjalon, Ali Alnubani, Test Report; +Cc: dpdk-test-reports
[-- Attachment #1: Type: text/plain, Size: 1093 bytes --]
Test-Label: iol-mellanox-Functional
Test-Status: FAILURE
http://dpdk.org/patch/93203
_Functional Testing issues_
Submitter: Jiawei Wang <jiaweiw@nvidia.com>
Date: Wednesday, May 12 2021 10:24:08
DPDK git baseline: Repo:dpdk-next-net-mlx
Branch: master
CommitID:1ca1cf6fbea905965b4f7073b085a85fe230fadd
93203 --> functional testing fail
Test environment and result as below:
Ubuntu 18.04
Kernel: 4.15.0-generic
Compiler: gcc 7.4
NIC: Mellanox ConnectX-4 Lx 40000 Mbps
Target: x86_64-native-linuxapp-gcc
Fail/Total: 1/5
Failed Tests:
- dynamic_config
Ubuntu 18.04
Kernel: 4.15.0-generic
Compiler: gcc 7.4
NIC: Mellanox ConnectX-4 Lx 25000 Mbps
Target: x86_64-native-linuxapp-gcc
Fail/Total: 0/5
Ubuntu 18.04 ARM
Kernel: 4.15.0-132-generic
Compiler: gcc 7.5
NIC: Arm Mellanox ConnectX-5 10000 Mbps
Target: x86_64-native-linuxapp-gcc
Fail/Total: 0/4
To view detailed results, visit:
https://lab.dpdk.org/results/dashboard/patchsets/17067/
UNH-IOL DPDK Community Lab
To manage your email subscriptions, visit:
https://lab.dpdk.org/results/dashboard/preferences/subscriptions/
^ permalink raw reply [flat|nested] 4+ messages in thread
* [dpdk-test-report] |FAILURE| pw93203 [PATCH] [v2] net/mlx5: fix RSS expansion for NVGRE
@ 2021-05-14 1:13 dpdklab
0 siblings, 0 replies; 4+ messages in thread
From: dpdklab @ 2021-05-14 1:13 UTC (permalink / raw)
To: Thomas Monjalon, Ali Alnubani, Test Report; +Cc: dpdk-test-reports
[-- Attachment #1: Type: text/plain, Size: 938 bytes --]
Test-Label: iol-mellanox-Functional
Test-Status: FAILURE
http://dpdk.org/patch/93203
_Functional Testing issues_
Submitter: Jiawei Wang <jiaweiw@nvidia.com>
Date: Wednesday, May 12 2021 10:24:08
DPDK git baseline: Repo:dpdk-next-net-mlx
Branch: master
CommitID:1ca1cf6fbea905965b4f7073b085a85fe230fadd
93203 --> functional testing fail
Test environment and result as below:
Ubuntu 18.04
Kernel: 4.15.0-generic
Compiler: gcc 7.4
NIC: Mellanox ConnectX-4 Lx 40000 Mbps
Target: x86_64-native-linuxapp-gcc
Fail/Total: 1/5
Failed Tests:
- dynamic_config
Ubuntu 18.04
Kernel: 4.15.0-generic
Compiler: gcc 7.4
NIC: Mellanox ConnectX-4 Lx 25000 Mbps
Target: x86_64-native-linuxapp-gcc
Fail/Total: 0/5
To view detailed results, visit:
https://lab.dpdk.org/results/dashboard/patchsets/17067/
UNH-IOL DPDK Community Lab
To manage your email subscriptions, visit:
https://lab.dpdk.org/results/dashboard/preferences/subscriptions/
^ permalink raw reply [flat|nested] 4+ messages in thread
* [dpdk-test-report] |FAILURE| pw93203 [PATCH] [v2] net/mlx5: fix RSS expansion for NVGRE
@ 2021-05-13 23:55 dpdklab
0 siblings, 0 replies; 4+ messages in thread
From: dpdklab @ 2021-05-13 23:55 UTC (permalink / raw)
To: Thomas Monjalon, Ali Alnubani, Test Report; +Cc: dpdk-test-reports
[-- Attachment #1: Type: text/plain, Size: 792 bytes --]
Test-Label: iol-mellanox-Functional
Test-Status: FAILURE
http://dpdk.org/patch/93203
_Functional Testing issues_
Submitter: Jiawei Wang <jiaweiw@nvidia.com>
Date: Wednesday, May 12 2021 10:24:08
DPDK git baseline: Repo:dpdk-next-net-mlx
Branch: master
CommitID:1ca1cf6fbea905965b4f7073b085a85fe230fadd
93203 --> functional testing fail
Test environment and result as below:
Ubuntu 18.04
Kernel: 4.15.0-generic
Compiler: gcc 7.4
NIC: Mellanox ConnectX-4 Lx 40000 Mbps
Target: x86_64-native-linuxapp-gcc
Fail/Total: 1/5
Failed Tests:
- dynamic_config
To view detailed results, visit:
https://lab.dpdk.org/results/dashboard/patchsets/17067/
UNH-IOL DPDK Community Lab
To manage your email subscriptions, visit:
https://lab.dpdk.org/results/dashboard/preferences/subscriptions/
^ permalink raw reply [flat|nested] 4+ messages in thread
* [dpdk-test-report] |FAILURE| pw93203 [PATCH] [v2] net/mlx5: fix RSS expansion for NVGRE
@ 2021-05-12 11:32 dpdklab
0 siblings, 0 replies; 4+ messages in thread
From: dpdklab @ 2021-05-12 11:32 UTC (permalink / raw)
To: Test Report; +Cc: dpdk-test-reports
[-- Attachment #1: Type: text/plain, Size: 5736 bytes --]
Test-Label: iol-testing
Test-Status: FAILURE
http://dpdk.org/patch/93203
_Testing issues_
Submitter: Jiawei Wang <jiaweiw@nvidia.com>
Date: Wednesday, May 12 2021 10:24:08
DPDK git baseline: Repo:dpdk-next-net-mlx
Branch: master
CommitID:1ca1cf6fbea905965b4f7073b085a85fe230fadd
93203 --> testing fail
Test environment and result as below:
+---------------------+----------------------+--------------------+-------------------+----------------+
| Environment | dpdk_mingw64_compile | dpdk_meson_compile | dpdk_compile_spdk | dpdk_unit_test |
+=====================+======================+====================+===================+================+
| Windows Server 2019 | PASS | PASS | SKIPPED | SKIPPED |
+---------------------+----------------------+--------------------+-------------------+----------------+
| Ubuntu 18.04 ARM | SKIPPED | PASS | SKIPPED | SKIPPED |
+---------------------+----------------------+--------------------+-------------------+----------------+
| Fedora 31 | SKIPPED | PASS | SKIPPED | SKIPPED |
+---------------------+----------------------+--------------------+-------------------+----------------+
| CentOS 8 | SKIPPED | PASS | SKIPPED | SKIPPED |
+---------------------+----------------------+--------------------+-------------------+----------------+
| FreeBSD 11.2 | SKIPPED | PASS | SKIPPED | SKIPPED |
+---------------------+----------------------+--------------------+-------------------+----------------+
| CentOS Stream 8 | SKIPPED | PASS | SKIPPED | SKIPPED |
+---------------------+----------------------+--------------------+-------------------+----------------+
| Ubuntu 18.04 | SKIPPED | PASS | PASS | FAIL |
+---------------------+----------------------+--------------------+-------------------+----------------+
| Fedora 32 | SKIPPED | PASS | SKIPPED | SKIPPED |
+---------------------+----------------------+--------------------+-------------------+----------------+
| Ubuntu 20.04 | SKIPPED | PASS | SKIPPED | SKIPPED |
+---------------------+----------------------+--------------------+-------------------+----------------+
| RHEL 7 | SKIPPED | PASS | SKIPPED | SKIPPED |
+---------------------+----------------------+--------------------+-------------------+----------------+
| openSUSE Leap 15 | SKIPPED | PASS | SKIPPED | SKIPPED |
+---------------------+----------------------+--------------------+-------------------+----------------+
| Arch Linux | SKIPPED | PASS | SKIPPED | SKIPPED |
+---------------------+----------------------+--------------------+-------------------+----------------+
| RHEL8 | SKIPPED | PASS | SKIPPED | SKIPPED |
+---------------------+----------------------+--------------------+-------------------+----------------+
==== 20 line log output for Ubuntu 18.04 (dpdk_unit_test): ====
88/96 DPDK:fast-tests / trace_autotest OK 0.24s
89/96 DPDK:fast-tests / telemetry_json_autotest OK 0.29s
90/96 DPDK:fast-tests / telemetry_data_autotest OK 0.20s
91/96 DPDK:fast-tests / ring_pmd_autotest OK 0.16s
92/96 DPDK:fast-tests / event_eth_tx_adapter_autotest OK 1.22s
93/96 DPDK:fast-tests / bitratestats_autotest OK 0.15s
94/96 DPDK:fast-tests / latencystats_autotest OK 0.17s
95/96 DPDK:fast-tests / pdump_autotest OK 5.22s
96/96 DPDK:fast-tests / compressdev_autotest SKIP 0.27s exit status 77
Ok: 90
Expected Fail: 0
Fail: 1
Unexpected Pass: 0
Skipped: 5
Timeout: 0
Full log written to /home/jenkins-local/jenkins-agent/workspace/Ubuntu18.04-Unit-Test-DPDK/dpdk/build/meson-logs/testlog.txt
[1] Error running command.
==== End log output ====
Windows Server 2019
Kernel: 10.0
Compiler: clang 9.0 and gcc 8.1.0 (MinGW)
Ubuntu 18.04 ARM
Kernel: 5.4.0-53-generic
Compiler: gcc 9.3
Fedora 31
Kernel: 4.18.0-240.10.1.el8_3.x86_64
Compiler: gcc 9.3.1
CentOS 8
Kernel: 4.18.0-240.10.1.el8_3.x86_64
Compiler: gcc 8.3.1 20191121 (Red Hat 8.3.1-5)
FreeBSD 11.2
Kernel: 11.2
Compiler: gcc 8.3
CentOS Stream 8
Kernel: 4.18.0-240.10.1.el8_3.x86_64
Compiler: gcc 8.4.1 20200928
Ubuntu 18.04
Kernel: 4.18.0-240.10.1.el8_3.x86_64
Compiler: gcc 7.5.0-3ubuntu1~18.04
Fedora 32
Kernel: 4.18.0-240.10.1.el8_3.x86_64
Compiler: gcc 10.2.1
Ubuntu 20.04
Kernel: 4.18.0-240.10.1.el8_3.x86_64
Compiler: gcc 9.3.0-17ubuntu1~20.04
RHEL 7
Kernel: 4.18.0-240.10.1.el8_3.x86_64
Compiler: gcc 4.8.5 20150623 (Red Hat 4.8.5-44)
openSUSE Leap 15
Kernel: 4.18.0-240.10.1.el8_3.x86_64
Compiler: gcc 7.5.0
Arch Linux
Kernel: 4.18.0-240.10.1.el8_3.x86_64
Compiler: gcc 10.2.0
RHEL8
Kernel: 4.18.0-240.10.1.el8_3.x86_64
Compiler: gcc 8.3.1 20191121 (Red Hat 8.3.1-5)
To view detailed results, visit:
https://lab.dpdk.org/results/dashboard/patchsets/17067/
UNH-IOL DPDK Community Lab
To manage your email subscriptions, visit:
https://lab.dpdk.org/results/dashboard/preferences/subscriptions/
^ permalink raw reply [flat|nested] 4+ messages in thread
end of thread, other threads:[~2021-05-14 17:30 UTC | newest]
Thread overview: 4+ messages (download: mbox.gz / follow: Atom feed)
-- links below jump to the message on this page --
2021-05-14 17:30 [dpdk-test-report] |FAILURE| pw93203 [PATCH] [v2] net/mlx5: fix RSS expansion for NVGRE dpdklab
-- strict thread matches above, loose matches on Subject: below --
2021-05-14 1:13 dpdklab
2021-05-13 23:55 dpdklab
2021-05-12 11:32 dpdklab
This is a public inbox, see mirroring instructions
for how to clone and mirror all data and code used for this inbox;
as well as URLs for NNTP newsgroup(s).