* [dpdk-test-report] |FAILURE| pw93314 [PATCH] eal/hotplug: suppress one error log on primary process
@ 2021-05-19 6:52 dpdklab
0 siblings, 0 replies; 11+ messages in thread
From: dpdklab @ 2021-05-19 6:52 UTC (permalink / raw)
To: Thomas Monjalon, Ali Alnubani, Test Report; +Cc: dpdk-test-reports
[-- Attachment #1: Type: text/plain, Size: 845 bytes --]
Test-Label: iol-mellanox-Functional
Test-Status: FAILURE
http://dpdk.org/patch/93314
_Functional Testing issues_
Submitter: Changpeng Liu <changpeng.liu@intel.com>
Date: Wednesday, May 19 2021 06:45:48
DPDK git baseline: Repo:dpdk
Branch: master
CommitID:947dff12bcf5023255433c9997710a5635522431
93314 --> functional testing fail
Test environment and result as below:
Ubuntu 18.04
Kernel: 4.15.0-generic
Compiler: gcc 7.4
NIC: Mellanox ConnectX-4 Lx 40000 Mbps
Target: x86_64-native-linuxapp-gcc
Fail/Total: 5/5
Failed Tests:
- dynamic_config
- mac_filter
- mtu_update
- scatter
- stats_checks
To view detailed results, visit:
https://lab.dpdk.org/results/dashboard/patchsets/17130/
UNH-IOL DPDK Community Lab
To manage your email subscriptions, visit:
https://lab.dpdk.org/results/dashboard/preferences/subscriptions/
^ permalink raw reply [flat|nested] 11+ messages in thread
* [dpdk-test-report] |FAILURE| pw93314 [PATCH] eal/hotplug: suppress one error log on primary process
@ 2021-05-21 2:58 dpdklab
0 siblings, 0 replies; 11+ messages in thread
From: dpdklab @ 2021-05-21 2:58 UTC (permalink / raw)
To: Ali Alnubani, Thomas Monjalon, Test Report; +Cc: dpdk-test-reports
[-- Attachment #1: Type: text/plain, Size: 4844 bytes --]
Test-Label: iol-mellanox-Performance
Test-Status: FAILURE
http://dpdk.org/patch/93314
_Performance Testing issues_
Submitter: Changpeng Liu <changpeng.liu@intel.com>
Date: Wednesday, May 19 2021 06:45:48
DPDK git baseline: Repo:dpdk
Branch: master
CommitID:947dff12bcf5023255433c9997710a5635522431
93314 --> performance testing fail
Test environment and result as below:
Ubuntu 18.04
Kernel: 4.15.0-generic
Compiler: gcc 7.4
NIC: Mellanox ConnectX-4 Lx 25000 Mbps
Target: x86_64-native-linuxapp-gcc
Fail/Total: 0/6
Detail performance results:
+------------+---------+-------------------------------------+
| frame_size | txd/rxd | throughput difference from expected |
+============+=========+=====================================+
| 64 | 256 | -0.0622% |
+------------+---------+-------------------------------------+
| 128 | 256 | 0.19695% |
+------------+---------+-------------------------------------+
| 256 | 256 | -0.75795% |
+------------+---------+-------------------------------------+
| 512 | 256 | -0.16264% |
+------------+---------+-------------------------------------+
| 1024 | 256 | 0.0% |
+------------+---------+-------------------------------------+
| 1518 | 256 | -0.19685% |
+------------+---------+-------------------------------------+
Ubuntu 18.04
Kernel: 4.15.0-generic
Compiler: gcc 7.4
NIC: Mellanox ConnectX-4 Lx 40000 Mbps
Target: x86_64-native-linuxapp-gcc
Fail/Total: 0/6
Detail performance results:
+------------+---------+-------------------------------------+
| frame_size | txd/rxd | throughput difference from expected |
+============+=========+=====================================+
| 64 | 256 | 0.44528% |
+------------+---------+-------------------------------------+
| 128 | 256 | -0.12879% |
+------------+---------+-------------------------------------+
| 256 | 256 | 0.02561% |
+------------+---------+-------------------------------------+
| 512 | 256 | -0.07988% |
+------------+---------+-------------------------------------+
| 1024 | 256 | -0.17749% |
+------------+---------+-------------------------------------+
| 1518 | 256 | -0.1384% |
+------------+---------+-------------------------------------+
Ubuntu 18.04
Kernel: 4.15.0-generic
Compiler: gcc 7.4
NIC: Mellanox ConnectX-5 100000 Mbps
Target: x86_64-native-linuxapp-gcc
Fail/Total: 0/6
Detail performance results:
+------------+---------+-------------------------------------+
| frame_size | txd/rxd | throughput difference from expected |
+============+=========+=====================================+
| 64 | 256 | -0.28293% |
+------------+---------+-------------------------------------+
| 128 | 256 | 0.08651% |
+------------+---------+-------------------------------------+
| 256 | 256 | -0.04993% |
+------------+---------+-------------------------------------+
| 512 | 256 | 1.35441% |
+------------+---------+-------------------------------------+
| 1024 | 256 | 0.72016% |
+------------+---------+-------------------------------------+
| 1518 | 256 | 0.18768% |
+------------+---------+-------------------------------------+
Ubuntu 18.04 ARM
Kernel: 4.15.0-132-generic
Compiler: gcc 7.5
NIC: Arm Mellanox ConnectX-5 10000 Mbps
Target: x86_64-native-linuxapp-gcc
Fail/Total: 4/4
Detail performance results:
+------------+---------+-------------------------------------+
| frame_size | txd/rxd | throughput difference from expected |
+============+=========+=====================================+
| 64 | 128 | -100.0% |
+------------+---------+-------------------------------------+
| 64 | 256 | -100.0% |
+------------+---------+-------------------------------------+
| 64 | 512 | -100.0% |
+------------+---------+-------------------------------------+
| 64 | 2048 | -100.0% |
+------------+---------+-------------------------------------+
To view detailed results, visit:
https://lab.dpdk.org/results/dashboard/patchsets/17130/
UNH-IOL DPDK Community Lab
To manage your email subscriptions, visit:
https://lab.dpdk.org/results/dashboard/preferences/subscriptions/
^ permalink raw reply [flat|nested] 11+ messages in thread
* [dpdk-test-report] |FAILURE| pw93314 [PATCH] eal/hotplug: suppress one error log on primary process
@ 2021-05-21 2:18 dpdklab
0 siblings, 0 replies; 11+ messages in thread
From: dpdklab @ 2021-05-21 2:18 UTC (permalink / raw)
To: Ali Alnubani, Thomas Monjalon, Test Report; +Cc: dpdk-test-reports
[-- Attachment #1: Type: text/plain, Size: 1149 bytes --]
Test-Label: iol-mellanox-Functional
Test-Status: FAILURE
http://dpdk.org/patch/93314
_Functional Testing issues_
Submitter: Changpeng Liu <changpeng.liu@intel.com>
Date: Wednesday, May 19 2021 06:45:48
DPDK git baseline: Repo:dpdk
Branch: master
CommitID:947dff12bcf5023255433c9997710a5635522431
93314 --> functional testing fail
Test environment and result as below:
Ubuntu 18.04
Kernel: 4.15.0-generic
Compiler: gcc 7.4
NIC: Mellanox ConnectX-4 Lx 25000 Mbps
Target: x86_64-native-linuxapp-gcc
Fail/Total: 0/5
Ubuntu 18.04
Kernel: 4.15.0-generic
Compiler: gcc 7.4
NIC: Mellanox ConnectX-4 Lx 40000 Mbps
Target: x86_64-native-linuxapp-gcc
Fail/Total: 1/5
Failed Tests:
- dynamic_config
Ubuntu 18.04 ARM
Kernel: 4.15.0-132-generic
Compiler: gcc 7.5
NIC: Arm Mellanox ConnectX-5 10000 Mbps
Target: x86_64-native-linuxapp-gcc
Fail/Total: 3/4
Failed Tests:
- mac_filter
- mtu_update
- stats_checks
To view detailed results, visit:
https://lab.dpdk.org/results/dashboard/patchsets/17130/
UNH-IOL DPDK Community Lab
To manage your email subscriptions, visit:
https://lab.dpdk.org/results/dashboard/preferences/subscriptions/
^ permalink raw reply [flat|nested] 11+ messages in thread
* [dpdk-test-report] |FAILURE| pw93314 [PATCH] eal/hotplug: suppress one error log on primary process
@ 2021-05-20 21:37 dpdklab
0 siblings, 0 replies; 11+ messages in thread
From: dpdklab @ 2021-05-20 21:37 UTC (permalink / raw)
To: Thomas Monjalon, Ali Alnubani, Test Report; +Cc: dpdk-test-reports
[-- Attachment #1: Type: text/plain, Size: 4844 bytes --]
Test-Label: iol-mellanox-Performance
Test-Status: FAILURE
http://dpdk.org/patch/93314
_Performance Testing issues_
Submitter: Changpeng Liu <changpeng.liu@intel.com>
Date: Wednesday, May 19 2021 06:45:48
DPDK git baseline: Repo:dpdk
Branch: master
CommitID:947dff12bcf5023255433c9997710a5635522431
93314 --> performance testing fail
Test environment and result as below:
Ubuntu 18.04
Kernel: 4.15.0-generic
Compiler: gcc 7.4
NIC: Mellanox ConnectX-4 Lx 40000 Mbps
Target: x86_64-native-linuxapp-gcc
Fail/Total: 0/6
Detail performance results:
+------------+---------+-------------------------------------+
| frame_size | txd/rxd | throughput difference from expected |
+============+=========+=====================================+
| 64 | 256 | 0.49951% |
+------------+---------+-------------------------------------+
| 128 | 256 | 0.581% |
+------------+---------+-------------------------------------+
| 256 | 256 | 0.11707% |
+------------+---------+-------------------------------------+
| 512 | 256 | 0.07456% |
+------------+---------+-------------------------------------+
| 1024 | 256 | -0.04176% |
+------------+---------+-------------------------------------+
| 1518 | 256 | -0.29217% |
+------------+---------+-------------------------------------+
Ubuntu 18.04
Kernel: 4.15.0-generic
Compiler: gcc 7.4
NIC: Mellanox ConnectX-5 100000 Mbps
Target: x86_64-native-linuxapp-gcc
Fail/Total: 0/6
Detail performance results:
+------------+---------+-------------------------------------+
| frame_size | txd/rxd | throughput difference from expected |
+============+=========+=====================================+
| 64 | 256 | -0.11155% |
+------------+---------+-------------------------------------+
| 128 | 256 | -0.05706% |
+------------+---------+-------------------------------------+
| 256 | 256 | 0.29957% |
+------------+---------+-------------------------------------+
| 512 | 256 | 0.65278% |
+------------+---------+-------------------------------------+
| 1024 | 256 | 0.6439% |
+------------+---------+-------------------------------------+
| 1518 | 256 | -0.03519% |
+------------+---------+-------------------------------------+
Ubuntu 18.04
Kernel: 4.15.0-generic
Compiler: gcc 7.4
NIC: Mellanox ConnectX-4 Lx 25000 Mbps
Target: x86_64-native-linuxapp-gcc
Fail/Total: 0/6
Detail performance results:
+------------+---------+-------------------------------------+
| frame_size | txd/rxd | throughput difference from expected |
+============+=========+=====================================+
| 64 | 256 | 0.07916% |
+------------+---------+-------------------------------------+
| 128 | 256 | 0.04837% |
+------------+---------+-------------------------------------+
| 256 | 256 | -0.753% |
+------------+---------+-------------------------------------+
| 512 | 256 | -0.1284% |
+------------+---------+-------------------------------------+
| 1024 | 256 | 0.03346% |
+------------+---------+-------------------------------------+
| 1518 | 256 | -0.27067% |
+------------+---------+-------------------------------------+
Ubuntu 18.04 ARM
Kernel: 4.15.0-132-generic
Compiler: gcc 7.5
NIC: Arm Mellanox ConnectX-5 10000 Mbps
Target: x86_64-native-linuxapp-gcc
Fail/Total: 4/4
Detail performance results:
+------------+---------+-------------------------------------+
| frame_size | txd/rxd | throughput difference from expected |
+============+=========+=====================================+
| 64 | 128 | -100.0% |
+------------+---------+-------------------------------------+
| 64 | 256 | -100.0% |
+------------+---------+-------------------------------------+
| 64 | 512 | -100.0% |
+------------+---------+-------------------------------------+
| 64 | 2048 | -100.0% |
+------------+---------+-------------------------------------+
To view detailed results, visit:
https://lab.dpdk.org/results/dashboard/patchsets/17130/
UNH-IOL DPDK Community Lab
To manage your email subscriptions, visit:
https://lab.dpdk.org/results/dashboard/preferences/subscriptions/
^ permalink raw reply [flat|nested] 11+ messages in thread
* [dpdk-test-report] |FAILURE| pw93314 [PATCH] eal/hotplug: suppress one error log on primary process
@ 2021-05-20 21:16 dpdklab
0 siblings, 0 replies; 11+ messages in thread
From: dpdklab @ 2021-05-20 21:16 UTC (permalink / raw)
To: Thomas Monjalon, Ali Alnubani, Test Report; +Cc: dpdk-test-reports
[-- Attachment #1: Type: text/plain, Size: 1208 bytes --]
Test-Label: iol-mellanox-Functional
Test-Status: FAILURE
http://dpdk.org/patch/93314
_Functional Testing issues_
Submitter: Changpeng Liu <changpeng.liu@intel.com>
Date: Wednesday, May 19 2021 06:45:48
DPDK git baseline: Repo:dpdk
Branch: master
CommitID:947dff12bcf5023255433c9997710a5635522431
93314 --> functional testing fail
Test environment and result as below:
Ubuntu 18.04
Kernel: 4.15.0-generic
Compiler: gcc 7.4
NIC: Mellanox ConnectX-4 Lx 40000 Mbps
Target: x86_64-native-linuxapp-gcc
Fail/Total: 5/5
Failed Tests:
- dynamic_config
- mac_filter
- mtu_update
- scatter
- stats_checks
Ubuntu 18.04
Kernel: 4.15.0-generic
Compiler: gcc 7.4
NIC: Mellanox ConnectX-4 Lx 25000 Mbps
Target: x86_64-native-linuxapp-gcc
Fail/Total: 0/5
Ubuntu 18.04 ARM
Kernel: 4.15.0-132-generic
Compiler: gcc 7.5
NIC: Arm Mellanox ConnectX-5 10000 Mbps
Target: x86_64-native-linuxapp-gcc
Fail/Total: 3/4
Failed Tests:
- mac_filter
- mtu_update
- stats_checks
To view detailed results, visit:
https://lab.dpdk.org/results/dashboard/patchsets/17130/
UNH-IOL DPDK Community Lab
To manage your email subscriptions, visit:
https://lab.dpdk.org/results/dashboard/preferences/subscriptions/
^ permalink raw reply [flat|nested] 11+ messages in thread
* [dpdk-test-report] |FAILURE| pw93314 [PATCH] eal/hotplug: suppress one error log on primary process
@ 2021-05-20 21:05 dpdklab
0 siblings, 0 replies; 11+ messages in thread
From: dpdklab @ 2021-05-20 21:05 UTC (permalink / raw)
To: Lijuan Tu, Test Report, Ferruh Yigit; +Cc: dpdk-test-reports
[-- Attachment #1: Type: text/plain, Size: 1084 bytes --]
Test-Label: iol-intel-Functional
Test-Status: FAILURE
http://dpdk.org/patch/93314
_Functional Testing issues_
Submitter: Changpeng Liu <changpeng.liu@intel.com>
Date: Wednesday, May 19 2021 06:45:48
DPDK git baseline: Repo:dpdk
Branch: master
CommitID:947dff12bcf5023255433c9997710a5635522431
93314 --> functional testing fail
Test environment and result as below:
Ubuntu 18.04
Kernel: 4.15.0-generic
Compiler: gcc 7.4
NIC: Intel Corporation Ethernet Converged Network Adapter 82599ES 10000 Mbps
Target: x86_64-native-linuxapp-gcc
Fail/Total: 5/5
Failed Tests:
- dynamic_config
- mtu_update
- scatter
- stats_checks
- unit_tests_mbuf
Ubuntu 18.04 ARM
Kernel: 4.15.0-132-generic
Compiler: gcc 7.5
NIC: Arm Intel Corporation Ethernet Converged Network Adapter XL710-QDA2 40000 Mbps
Target: x86_64-native-linuxapp-gcc
Fail/Total: 0/5
To view detailed results, visit:
https://lab.dpdk.org/results/dashboard/patchsets/17130/
UNH-IOL DPDK Community Lab
To manage your email subscriptions, visit:
https://lab.dpdk.org/results/dashboard/preferences/subscriptions/
^ permalink raw reply [flat|nested] 11+ messages in thread
* [dpdk-test-report] |FAILURE| pw93314 [PATCH] eal/hotplug: suppress one error log on primary process
@ 2021-05-19 20:07 dpdklab
0 siblings, 0 replies; 11+ messages in thread
From: dpdklab @ 2021-05-19 20:07 UTC (permalink / raw)
To: Ali Alnubani, Thomas Monjalon, Test Report; +Cc: dpdk-test-reports
[-- Attachment #1: Type: text/plain, Size: 932 bytes --]
Test-Label: iol-mellanox-Functional
Test-Status: FAILURE
http://dpdk.org/patch/93314
_Functional Testing issues_
Submitter: Changpeng Liu <changpeng.liu@intel.com>
Date: Wednesday, May 19 2021 06:45:48
DPDK git baseline: Repo:dpdk
Branch: master
CommitID:947dff12bcf5023255433c9997710a5635522431
93314 --> functional testing fail
Test environment and result as below:
Ubuntu 18.04
Kernel: 4.15.0-generic
Compiler: gcc 7.4
NIC: Mellanox ConnectX-4 Lx 25000 Mbps
Target: x86_64-native-linuxapp-gcc
Fail/Total: 0/5
Ubuntu 18.04
Kernel: 4.15.0-generic
Compiler: gcc 7.4
NIC: Mellanox ConnectX-4 Lx 40000 Mbps
Target: x86_64-native-linuxapp-gcc
Fail/Total: 1/5
Failed Tests:
- dynamic_config
To view detailed results, visit:
https://lab.dpdk.org/results/dashboard/patchsets/17130/
UNH-IOL DPDK Community Lab
To manage your email subscriptions, visit:
https://lab.dpdk.org/results/dashboard/preferences/subscriptions/
^ permalink raw reply [flat|nested] 11+ messages in thread
* [dpdk-test-report] |FAILURE| pw93314 [PATCH] eal/hotplug: suppress one error log on primary process
@ 2021-05-19 16:20 dpdklab
0 siblings, 0 replies; 11+ messages in thread
From: dpdklab @ 2021-05-19 16:20 UTC (permalink / raw)
To: Test Report; +Cc: dpdklab
[-- Attachment #1: Type: text/plain, Size: 5701 bytes --]
Test-Label: iol-testing
Test-Status: FAILURE
http://dpdk.org/patch/93314
_Testing issues_
Submitter: Changpeng Liu <changpeng.liu@intel.com>
Date: Wednesday, May 19 2021 06:45:48
DPDK git baseline: Repo:dpdk
Branch: master
CommitID:947dff12bcf5023255433c9997710a5635522431
93314 --> testing fail
Test environment and result as below:
+---------------------+----------------------+--------------------+-------------------+----------------+
| Environment | dpdk_mingw64_compile | dpdk_meson_compile | dpdk_compile_spdk | dpdk_unit_test |
+=====================+======================+====================+===================+================+
| Windows Server 2019 | PASS | PASS | SKIPPED | SKIPPED |
+---------------------+----------------------+--------------------+-------------------+----------------+
| Fedora 31 | SKIPPED | PASS | SKIPPED | PASS |
+---------------------+----------------------+--------------------+-------------------+----------------+
| FreeBSD 11.2 | SKIPPED | PASS | SKIPPED | SKIPPED |
+---------------------+----------------------+--------------------+-------------------+----------------+
| Ubuntu 18.04 | SKIPPED | PASS | PASS | PASS |
+---------------------+----------------------+--------------------+-------------------+----------------+
| CentOS Stream 8 | SKIPPED | PASS | SKIPPED | PASS |
+---------------------+----------------------+--------------------+-------------------+----------------+
| CentOS 8 | SKIPPED | PASS | SKIPPED | PASS |
+---------------------+----------------------+--------------------+-------------------+----------------+
| Fedora 32 | SKIPPED | PASS | SKIPPED | PASS |
+---------------------+----------------------+--------------------+-------------------+----------------+
| Ubuntu 20.04 | SKIPPED | PASS | SKIPPED | SKIPPED |
+---------------------+----------------------+--------------------+-------------------+----------------+
| RHEL 7 | SKIPPED | PASS | SKIPPED | PASS |
+---------------------+----------------------+--------------------+-------------------+----------------+
| RHEL8 | SKIPPED | PASS | SKIPPED | FAIL |
+---------------------+----------------------+--------------------+-------------------+----------------+
| openSUSE Leap 15 | SKIPPED | PASS | SKIPPED | PASS |
+---------------------+----------------------+--------------------+-------------------+----------------+
| Arch Linux | SKIPPED | PASS | SKIPPED | PASS |
+---------------------+----------------------+--------------------+-------------------+----------------+
| Ubuntu 18.04 ARM | SKIPPED | PASS | SKIPPED | PASS |
+---------------------+----------------------+--------------------+-------------------+----------------+
==== 20 line log output for RHEL8 (dpdk_unit_test): ====
86/96 DPDK:fast-tests / service_autotest OK 3.33 s
87/96 DPDK:fast-tests / thash_autotest OK 0.17 s
88/96 DPDK:fast-tests / trace_autotest OK 0.17 s
89/96 DPDK:fast-tests / telemetry_json_autotest OK 0.17 s
90/96 DPDK:fast-tests / telemetry_data_autotest OK 0.17 s
91/96 DPDK:fast-tests / ring_pmd_autotest OK 0.17 s
92/96 DPDK:fast-tests / event_eth_tx_adapter_autotest OK 0.47 s
93/96 DPDK:fast-tests / bitratestats_autotest OK 0.17 s
94/96 DPDK:fast-tests / latencystats_autotest OK 0.17 s
95/96 DPDK:fast-tests / pdump_autotest OK 5.23 s
96/96 DPDK:fast-tests / compressdev_autotest SKIP 0.17 s
Ok: 90
Expected Fail: 0
Fail: 1
Unexpected Pass: 0
Skipped: 5
Timeout: 0
Full log written to /home-local/jenkins-local/jenkins-agent/workspace/RHEL8-Unit-Test-DPDK/dpdk/build/meson-logs/testlog.txt
==== End log output ====
Windows Server 2019
Kernel: 10.0
Compiler: clang 9.0 and gcc 8.1.0 (MinGW)
Fedora 31
Kernel: 4.18.0-240.10.1.el8_3.x86_64
Compiler: gcc 9.3.1
FreeBSD 11.2
Kernel: 11.2
Compiler: gcc 8.3
Ubuntu 18.04
Kernel: 4.18.0-240.10.1.el8_3.x86_64
Compiler: gcc 7.5.0-3ubuntu1~18.04
CentOS Stream 8
Kernel: 4.18.0-240.10.1.el8_3.x86_64
Compiler: gcc 8.4.1 20200928
CentOS 8
Kernel: 4.18.0-240.10.1.el8_3.x86_64
Compiler: gcc 8.3.1 20191121 (Red Hat 8.3.1-5)
Fedora 32
Kernel: 4.18.0-240.10.1.el8_3.x86_64
Compiler: gcc 10.2.1
Ubuntu 20.04
Kernel: 4.18.0-240.10.1.el8_3.x86_64
Compiler: gcc 9.3.0-17ubuntu1~20.04
RHEL 7
Kernel: 4.18.0-240.10.1.el8_3.x86_64
Compiler: gcc 4.8.5 20150623 (Red Hat 4.8.5-44)
RHEL8
Kernel: 4.18.0-240.10.1.el8_3.x86_64
Compiler: gcc 8.3.1 20191121 (Red Hat 8.3.1-5)
openSUSE Leap 15
Kernel: 4.18.0-240.10.1.el8_3.x86_64
Compiler: gcc 7.5.0
Arch Linux
Kernel: 4.18.0-240.10.1.el8_3.x86_64
Compiler: gcc 10.2.0
Ubuntu 18.04 ARM
Kernel: 5.4.0-53-generic
Compiler: gcc 9.3
To view detailed results, visit:
https://lab.dpdk.org/results/dashboard/patchsets/17130/
UNH-IOL DPDK Community Lab
To manage your email subscriptions, visit:
https://lab.dpdk.org/results/dashboard/preferences/subscriptions/
^ permalink raw reply [flat|nested] 11+ messages in thread
* [dpdk-test-report] |FAILURE| pw93314 [PATCH] eal/hotplug: suppress one error log on primary process
@ 2021-05-19 7:45 dpdklab
0 siblings, 0 replies; 11+ messages in thread
From: dpdklab @ 2021-05-19 7:45 UTC (permalink / raw)
To: Thomas Monjalon, Ali Alnubani, Test Report; +Cc: dpdk-test-reports
[-- Attachment #1: Type: text/plain, Size: 991 bytes --]
Test-Label: iol-mellanox-Functional
Test-Status: FAILURE
http://dpdk.org/patch/93314
_Functional Testing issues_
Submitter: Changpeng Liu <changpeng.liu@intel.com>
Date: Wednesday, May 19 2021 06:45:48
DPDK git baseline: Repo:dpdk
Branch: master
CommitID:947dff12bcf5023255433c9997710a5635522431
93314 --> functional testing fail
Test environment and result as below:
Ubuntu 18.04
Kernel: 4.15.0-generic
Compiler: gcc 7.4
NIC: Mellanox ConnectX-4 Lx 40000 Mbps
Target: x86_64-native-linuxapp-gcc
Fail/Total: 5/5
Failed Tests:
- dynamic_config
- mac_filter
- mtu_update
- scatter
- stats_checks
Ubuntu 18.04
Kernel: 4.15.0-generic
Compiler: gcc 7.4
NIC: Mellanox ConnectX-4 Lx 25000 Mbps
Target: x86_64-native-linuxapp-gcc
Fail/Total: 0/5
To view detailed results, visit:
https://lab.dpdk.org/results/dashboard/patchsets/17130/
UNH-IOL DPDK Community Lab
To manage your email subscriptions, visit:
https://lab.dpdk.org/results/dashboard/preferences/subscriptions/
^ permalink raw reply [flat|nested] 11+ messages in thread
* [dpdk-test-report] |FAILURE| pw93314 [PATCH] eal/hotplug: suppress one error log on primary process
@ 2021-05-19 6:59 dpdklab
0 siblings, 0 replies; 11+ messages in thread
From: dpdklab @ 2021-05-19 6:59 UTC (permalink / raw)
To: Test Report; +Cc: dpdk-test-reports
[-- Attachment #1: Type: text/plain, Size: 5544 bytes --]
Test-Label: iol-testing
Test-Status: FAILURE
http://dpdk.org/patch/93314
_Testing issues_
Submitter: Changpeng Liu <changpeng.liu@intel.com>
Date: Wednesday, May 19 2021 06:45:48
DPDK git baseline: Repo:dpdk
Branch: master
CommitID:947dff12bcf5023255433c9997710a5635522431
93314 --> testing fail
Test environment and result as below:
+---------------------+----------------------+--------------------+-------------------+----------------+
| Environment | dpdk_mingw64_compile | dpdk_meson_compile | dpdk_compile_spdk | dpdk_unit_test |
+=====================+======================+====================+===================+================+
| Windows Server 2019 | FAIL | PASS | SKIPPED | SKIPPED |
+---------------------+----------------------+--------------------+-------------------+----------------+
| Fedora 31 | SKIPPED | FAIL | SKIPPED | FAIL |
+---------------------+----------------------+--------------------+-------------------+----------------+
| Ubuntu 18.04 | SKIPPED | FAIL | FAIL | FAIL |
+---------------------+----------------------+--------------------+-------------------+----------------+
| CentOS Stream 8 | SKIPPED | FAIL | SKIPPED | FAIL |
+---------------------+----------------------+--------------------+-------------------+----------------+
| Ubuntu 18.04 ARM | SKIPPED | PASS | SKIPPED | SKIPPED |
+---------------------+----------------------+--------------------+-------------------+----------------+
| Fedora 32 | SKIPPED | FAIL | SKIPPED | FAIL |
+---------------------+----------------------+--------------------+-------------------+----------------+
| RHEL 7 | SKIPPED | FAIL | SKIPPED | FAIL |
+---------------------+----------------------+--------------------+-------------------+----------------+
| Ubuntu 20.04 | SKIPPED | PASS | SKIPPED | SKIPPED |
+---------------------+----------------------+--------------------+-------------------+----------------+
| Arch Linux | SKIPPED | FAIL | SKIPPED | FAIL |
+---------------------+----------------------+--------------------+-------------------+----------------+
| openSUSE Leap 15 | SKIPPED | FAIL | SKIPPED | FAIL |
+---------------------+----------------------+--------------------+-------------------+----------------+
| FreeBSD 11.2 | SKIPPED | PASS | SKIPPED | SKIPPED |
+---------------------+----------------------+--------------------+-------------------+----------------+
| CentOS 8 | SKIPPED | PASS | SKIPPED | PASS |
+---------------------+----------------------+--------------------+-------------------+----------------+
| RHEL8 | SKIPPED | PASS | SKIPPED | PASS |
+---------------------+----------------------+--------------------+-------------------+----------------+
==== 20 line log output for Windows Server 2019 (dpdk_mingw64_compile): ====
net/sfc: not supported on Windows
net/softnic: only supported on Linux
net/szedata2: not supported on Windows
net/tap: only supported on Linux
net/thunderx: not supported on Windows
net/txgbe: not supported on Windows
net/vdev_netvsc: only supported on Linux
net/vhost: not supported on Windows
net/virtio: not supported on Windows
regex/mlx5: only supported on Linux
regex/octeontx2: only supported on 64-bit Linux
Build targets in project: 105
Found ninja-1.9.0 at "C:\Program Files\Meson\ninja.EXE"
ERROR: Clock skew detected. File C:\Users\builder\jenkins\workspace\Windows-Compile-DPDK-Mingw64\dpdk\build\..\meson.build has a time stamp 892.3802s in the future.
A full log can be found at C:\Users\builder\jenkins\workspace\Windows-Compile-DPDK-Mingw64\dpdk\build\meson-logs\meson-log.txt
==== End log output ====
Windows Server 2019
Kernel: 10.0
Compiler: clang 9.0 and gcc 8.1.0 (MinGW)
Fedora 31
Kernel: 4.18.0-240.10.1.el8_3.x86_64
Compiler: gcc 9.3.1
Ubuntu 18.04
Kernel: 4.18.0-240.10.1.el8_3.x86_64
Compiler: gcc 7.5.0-3ubuntu1~18.04
CentOS Stream 8
Kernel: 4.18.0-240.10.1.el8_3.x86_64
Compiler: gcc 8.4.1 20200928
Ubuntu 18.04 ARM
Kernel: 5.4.0-53-generic
Compiler: gcc 9.3
Fedora 32
Kernel: 4.18.0-240.10.1.el8_3.x86_64
Compiler: gcc 10.2.1
RHEL 7
Kernel: 4.18.0-240.10.1.el8_3.x86_64
Compiler: gcc 4.8.5 20150623 (Red Hat 4.8.5-44)
Ubuntu 20.04
Kernel: 4.18.0-240.10.1.el8_3.x86_64
Compiler: gcc 9.3.0-17ubuntu1~20.04
Arch Linux
Kernel: 4.18.0-240.10.1.el8_3.x86_64
Compiler: gcc 10.2.0
openSUSE Leap 15
Kernel: 4.18.0-240.10.1.el8_3.x86_64
Compiler: gcc 7.5.0
FreeBSD 11.2
Kernel: 11.2
Compiler: gcc 8.3
CentOS 8
Kernel: 4.18.0-240.10.1.el8_3.x86_64
Compiler: gcc 8.3.1 20191121 (Red Hat 8.3.1-5)
RHEL8
Kernel: 4.18.0-240.10.1.el8_3.x86_64
Compiler: gcc 8.3.1 20191121 (Red Hat 8.3.1-5)
To view detailed results, visit:
https://lab.dpdk.org/results/dashboard/patchsets/17130/
UNH-IOL DPDK Community Lab
To manage your email subscriptions, visit:
https://lab.dpdk.org/results/dashboard/preferences/subscriptions/
^ permalink raw reply [flat|nested] 11+ messages in thread
* [dpdk-test-report] |FAILURE| pw93314 [PATCH] eal/hotplug: suppress one error log on primary process
@ 2021-05-19 6:51 dpdklab
0 siblings, 0 replies; 11+ messages in thread
From: dpdklab @ 2021-05-19 6:51 UTC (permalink / raw)
To: Lijuan Tu, Test Report, Ferruh Yigit; +Cc: dpdk-test-reports
[-- Attachment #1: Type: text/plain, Size: 885 bytes --]
Test-Label: iol-intel-Functional
Test-Status: FAILURE
http://dpdk.org/patch/93314
_Functional Testing issues_
Submitter: Changpeng Liu <changpeng.liu@intel.com>
Date: Wednesday, May 19 2021 06:45:48
DPDK git baseline: Repo:dpdk
Branch: master
CommitID:947dff12bcf5023255433c9997710a5635522431
93314 --> functional testing fail
Test environment and result as below:
Ubuntu 18.04
Kernel: 4.15.0-generic
Compiler: gcc 7.4
NIC: Intel Corporation Ethernet Converged Network Adapter 82599ES 10000 Mbps
Target: x86_64-native-linuxapp-gcc
Fail/Total: 5/5
Failed Tests:
- dynamic_config
- mtu_update
- scatter
- stats_checks
- unit_tests_mbuf
To view detailed results, visit:
https://lab.dpdk.org/results/dashboard/patchsets/17130/
UNH-IOL DPDK Community Lab
To manage your email subscriptions, visit:
https://lab.dpdk.org/results/dashboard/preferences/subscriptions/
^ permalink raw reply [flat|nested] 11+ messages in thread
end of thread, other threads:[~2021-05-21 2:58 UTC | newest]
Thread overview: 11+ messages (download: mbox.gz / follow: Atom feed)
-- links below jump to the message on this page --
2021-05-19 6:52 [dpdk-test-report] |FAILURE| pw93314 [PATCH] eal/hotplug: suppress one error log on primary process dpdklab
-- strict thread matches above, loose matches on Subject: below --
2021-05-21 2:58 dpdklab
2021-05-21 2:18 dpdklab
2021-05-20 21:37 dpdklab
2021-05-20 21:16 dpdklab
2021-05-20 21:05 dpdklab
2021-05-19 20:07 dpdklab
2021-05-19 16:20 dpdklab
2021-05-19 7:45 dpdklab
2021-05-19 6:59 dpdklab
2021-05-19 6:51 dpdklab
This is a public inbox, see mirroring instructions
for how to clone and mirror all data and code used for this inbox;
as well as URLs for NNTP newsgroup(s).