* [dpdk-test-report] |FAILURE| pw93404 [PATCH] net/sfc: fix typo
@ 2021-05-24 22:43 dpdklab
0 siblings, 0 replies; 4+ messages in thread
From: dpdklab @ 2021-05-24 22:43 UTC (permalink / raw)
To: Ali Alnubani, Test Report; +Cc: dpdk-test-reports
[-- Attachment #1: Type: text/plain, Size: 826 bytes --]
Test-Label: iol-mellanox-Functional
Test-Status: FAILURE
http://dpdk.org/patch/93404
_Functional Testing issues_
Submitter: Thierry Herbelot <thierry.herbelot@6wind.com>
Date: Monday, May 24 2021 11:22:38
DPDK git baseline: Repo:dpdk
Branch: master
CommitID:66b3a54b9feab193a5cf8ad54606d745078587cc
93404 --> functional testing fail
Test environment and result as below:
Ubuntu 18.04 ARM
Kernel: 4.15.0-132-generic
Compiler: gcc 7.5
NIC: Arm Mellanox ConnectX-5 10000 Mbps
Target: x86_64-native-linuxapp-gcc
Fail/Total: 3/4
Failed Tests:
- mac_filter
- mtu_update
- stats_checks
To view detailed results, visit:
https://lab.dpdk.org/results/dashboard/patchsets/17195/
UNH-IOL DPDK Community Lab
To manage your email subscriptions, visit:
https://lab.dpdk.org/results/dashboard/preferences/subscriptions/
^ permalink raw reply [flat|nested] 4+ messages in thread
* [dpdk-test-report] |FAILURE| pw93404 [PATCH] net/sfc: fix typo
@ 2021-05-25 16:15 dpdklab
0 siblings, 0 replies; 4+ messages in thread
From: dpdklab @ 2021-05-25 16:15 UTC (permalink / raw)
To: Ali Alnubani, Test Report, Thomas Monjalon; +Cc: dpdk-test-reports
[-- Attachment #1: Type: text/plain, Size: 1118 bytes --]
Test-Label: iol-mellanox-Functional
Test-Status: FAILURE
http://dpdk.org/patch/93404
_Functional Testing issues_
Submitter: Thierry Herbelot <thierry.herbelot@6wind.com>
Date: Monday, May 24 2021 11:22:38
DPDK git baseline: Repo:dpdk
Branch: master
CommitID:66b3a54b9feab193a5cf8ad54606d745078587cc
93404 --> functional testing fail
Test environment and result as below:
Ubuntu 18.04 ARM
Kernel: 4.15.0-132-generic
Compiler: gcc 7.5
NIC: Arm Mellanox ConnectX-5 10000 Mbps
Target: x86_64-native-linuxapp-gcc
Fail/Total: 3/4
Failed Tests:
- mac_filter
- mtu_update
- stats_checks
Ubuntu 18.04
Kernel: 4.15.0-generic
Compiler: gcc 7.4
NIC: Mellanox ConnectX-4 Lx 40000 Mbps
Target: x86_64-native-linuxapp-gcc
Fail/Total: 0/4
Ubuntu 18.04
Kernel: 4.15.0-generic
Compiler: gcc 7.4
NIC: Mellanox ConnectX-4 Lx 25000 Mbps
Target: x86_64-native-linuxapp-gcc
Fail/Total: 0/4
To view detailed results, visit:
https://lab.dpdk.org/results/dashboard/patchsets/17195/
UNH-IOL DPDK Community Lab
To manage your email subscriptions, visit:
https://lab.dpdk.org/results/dashboard/preferences/subscriptions/
^ permalink raw reply [flat|nested] 4+ messages in thread
* [dpdk-test-report] |FAILURE| pw93404 [PATCH] net/sfc: fix typo
@ 2021-05-25 14:59 dpdklab
0 siblings, 0 replies; 4+ messages in thread
From: dpdklab @ 2021-05-25 14:59 UTC (permalink / raw)
To: Ali Alnubani, Test Report, Thomas Monjalon; +Cc: dpdk-test-reports
[-- Attachment #1: Type: text/plain, Size: 972 bytes --]
Test-Label: iol-mellanox-Functional
Test-Status: FAILURE
http://dpdk.org/patch/93404
_Functional Testing issues_
Submitter: Thierry Herbelot <thierry.herbelot@6wind.com>
Date: Monday, May 24 2021 11:22:38
DPDK git baseline: Repo:dpdk
Branch: master
CommitID:66b3a54b9feab193a5cf8ad54606d745078587cc
93404 --> functional testing fail
Test environment and result as below:
Ubuntu 18.04 ARM
Kernel: 4.15.0-132-generic
Compiler: gcc 7.5
NIC: Arm Mellanox ConnectX-5 10000 Mbps
Target: x86_64-native-linuxapp-gcc
Fail/Total: 3/4
Failed Tests:
- mac_filter
- mtu_update
- stats_checks
Ubuntu 18.04
Kernel: 4.15.0-generic
Compiler: gcc 7.4
NIC: Mellanox ConnectX-4 Lx 40000 Mbps
Target: x86_64-native-linuxapp-gcc
Fail/Total: 0/4
To view detailed results, visit:
https://lab.dpdk.org/results/dashboard/patchsets/17195/
UNH-IOL DPDK Community Lab
To manage your email subscriptions, visit:
https://lab.dpdk.org/results/dashboard/preferences/subscriptions/
^ permalink raw reply [flat|nested] 4+ messages in thread
* [dpdk-test-report] |FAILURE| pw93404 [PATCH] net/sfc: fix typo
@ 2021-05-24 23:40 dpdklab
0 siblings, 0 replies; 4+ messages in thread
From: dpdklab @ 2021-05-24 23:40 UTC (permalink / raw)
To: Test Report; +Cc: dpdklab
[-- Attachment #1: Type: text/plain, Size: 5728 bytes --]
Test-Label: iol-testing
Test-Status: FAILURE
http://dpdk.org/patch/93404
_Testing issues_
Submitter: Thierry Herbelot <thierry.herbelot@6wind.com>
Date: Monday, May 24 2021 11:22:38
DPDK git baseline: Repo:dpdk
Branch: master
CommitID:66b3a54b9feab193a5cf8ad54606d745078587cc
93404 --> testing fail
Test environment and result as below:
+---------------------+----------------------+--------------------+-------------------+----------------+
| Environment | dpdk_mingw64_compile | dpdk_meson_compile | dpdk_compile_spdk | dpdk_unit_test |
+=====================+======================+====================+===================+================+
| Windows Server 2019 | PASS | PASS | SKIPPED | SKIPPED |
+---------------------+----------------------+--------------------+-------------------+----------------+
| Ubuntu 18.04 | SKIPPED | PASS | PASS | PASS |
+---------------------+----------------------+--------------------+-------------------+----------------+
| CentOS 8 | SKIPPED | PASS | SKIPPED | PASS |
+---------------------+----------------------+--------------------+-------------------+----------------+
| Fedora 31 | SKIPPED | PASS | SKIPPED | PASS |
+---------------------+----------------------+--------------------+-------------------+----------------+
| CentOS Stream 8 | SKIPPED | PASS | SKIPPED | PASS |
+---------------------+----------------------+--------------------+-------------------+----------------+
| Ubuntu 20.04 | SKIPPED | PASS | SKIPPED | SKIPPED |
+---------------------+----------------------+--------------------+-------------------+----------------+
| Fedora 32 | SKIPPED | PASS | SKIPPED | PASS |
+---------------------+----------------------+--------------------+-------------------+----------------+
| RHEL8 | SKIPPED | PASS | SKIPPED | PASS |
+---------------------+----------------------+--------------------+-------------------+----------------+
| RHEL 7 | SKIPPED | PASS | SKIPPED | PASS |
+---------------------+----------------------+--------------------+-------------------+----------------+
| Arch Linux | SKIPPED | PASS | SKIPPED | PASS |
+---------------------+----------------------+--------------------+-------------------+----------------+
| openSUSE Leap 15 | SKIPPED | PASS | SKIPPED | PASS |
+---------------------+----------------------+--------------------+-------------------+----------------+
| FreeBSD 11.2 | SKIPPED | PASS | SKIPPED | SKIPPED |
+---------------------+----------------------+--------------------+-------------------+----------------+
| Ubuntu 18.04 ARM | SKIPPED | PASS | SKIPPED | FAIL |
+---------------------+----------------------+--------------------+-------------------+----------------+
==== 20 line log output for Ubuntu 18.04 ARM (dpdk_unit_test): ====
Summary of Failures:
38/96 DPDK:fast-tests / malloc_autotest FAIL 399.34s (killed by signal 9 SIGKILL)
62/96 DPDK:fast-tests / stack_autotest FAIL 17.71s (killed by signal 9 SIGKILL)
68/96 DPDK:fast-tests / timer_autotest FAIL 11.79s (killed by signal 9 SIGKILL)
77/96 DPDK:fast-tests / ipsec_autotest SKIP 0.48s
78/96 DPDK:fast-tests / kni_autotest SKIP 0.52s
82/96 DPDK:fast-tests / power_cpufreq_autotest SKIP 3.55s
84/96 DPDK:fast-tests / power_kvm_vm_autotest SKIP 0.52s
96/96 DPDK:fast-tests / compressdev_autotest SKIP 1.05s
Ok: 88
Expected Fail: 0
Fail: 3
Unexpected Pass: 0
Skipped: 5
Timeout: 0
Full log written to /home-local/jenkins-local/jenkins-agent/workspace/Arm-gigabyte-Unit-Test-DPDK/dpdk/build/meson-logs/testlog.txt
==== End log output ====
Windows Server 2019
Kernel: 10.0
Compiler: clang 9.0 and gcc 8.1.0 (MinGW)
Ubuntu 18.04
Kernel: 4.18.0-240.10.1.el8_3.x86_64
Compiler: gcc 7.5.0-3ubuntu1~18.04
CentOS 8
Kernel: 4.18.0-240.10.1.el8_3.x86_64
Compiler: gcc 8.3.1 20191121 (Red Hat 8.3.1-5)
Fedora 31
Kernel: 4.18.0-240.10.1.el8_3.x86_64
Compiler: gcc 9.3.1
CentOS Stream 8
Kernel: 4.18.0-240.10.1.el8_3.x86_64
Compiler: gcc 8.4.1 20200928
Ubuntu 20.04
Kernel: 4.18.0-240.10.1.el8_3.x86_64
Compiler: gcc 9.3.0-17ubuntu1~20.04
Fedora 32
Kernel: 4.18.0-240.10.1.el8_3.x86_64
Compiler: gcc 10.2.1
RHEL8
Kernel: 4.18.0-240.10.1.el8_3.x86_64
Compiler: gcc 8.3.1 20191121 (Red Hat 8.3.1-5)
RHEL 7
Kernel: 4.18.0-240.10.1.el8_3.x86_64
Compiler: gcc 4.8.5 20150623 (Red Hat 4.8.5-44)
Arch Linux
Kernel: 4.18.0-240.10.1.el8_3.x86_64
Compiler: gcc 10.2.0
openSUSE Leap 15
Kernel: 4.18.0-240.10.1.el8_3.x86_64
Compiler: gcc 7.5.0
FreeBSD 11.2
Kernel: 11.2
Compiler: gcc 8.3
Ubuntu 18.04 ARM
Kernel: 5.4.0-53-generic
Compiler: gcc 9.3
To view detailed results, visit:
https://lab.dpdk.org/results/dashboard/patchsets/17195/
UNH-IOL DPDK Community Lab
To manage your email subscriptions, visit:
https://lab.dpdk.org/results/dashboard/preferences/subscriptions/
^ permalink raw reply [flat|nested] 4+ messages in thread
end of thread, other threads:[~2021-05-25 16:15 UTC | newest]
Thread overview: 4+ messages (download: mbox.gz / follow: Atom feed)
-- links below jump to the message on this page --
2021-05-24 22:43 [dpdk-test-report] |FAILURE| pw93404 [PATCH] net/sfc: fix typo dpdklab
2021-05-24 23:40 dpdklab
2021-05-25 14:59 dpdklab
2021-05-25 16:15 dpdklab
This is a public inbox, see mirroring instructions
for how to clone and mirror all data and code used for this inbox;
as well as URLs for NNTP newsgroup(s).