* [dpdk-test-report] |WARNING| pw93752 [PATCH] [v2] lib/vhost: enable IOMMU for async vhost
@ 2021-06-02 6:50 dpdklab
0 siblings, 0 replies; only message in thread
From: dpdklab @ 2021-06-02 6:50 UTC (permalink / raw)
To: Test Report; +Cc: dpdk-test-reports
[-- Attachment #1: Type: text/plain, Size: 3474 bytes --]
Test-Label: iol-abi-testing
Test-Status: WARNING
http://dpdk.org/patch/93752
_Testing issues_
Submitter: Xuan Ding <xuan.ding@intel.com>
Date: Wednesday, June 02 2021 14:26:17
DPDK git baseline: Repo:dpdk
Branch: master
CommitID:66b3a54b9feab193a5cf8ad54606d745078587cc
93752 --> testing fail
Test environment and result as below:
+------------------+----------+
| Environment | abi_test |
+==================+==========+
| Ubuntu 18.04 | FAIL |
+------------------+----------+
| Ubuntu 20.04 | FAIL |
+------------------+----------+
| Ubuntu 18.04 ARM | FAIL |
+------------------+----------+
| Arch Linux | FAIL |
+------------------+----------+
| RHEL 7 | FAIL |
+------------------+----------+
| Fedora 32 | FAIL |
+------------------+----------+
| Fedora 31 | FAIL |
+------------------+----------+
| CentOS Stream 8 | FAIL |
+------------------+----------+
| openSUSE Leap 15 | FAIL |
+------------------+----------+
| Ubuntu20.04 | FAIL |
+------------------+----------+
| RHEL8 | FAIL |
+------------------+----------+
| CentOS 8 | FAIL |
+------------------+----------+
==== 20 line log output for Ubuntu 18.04 (abi_test): ====
net/szedata2: missing dependency, "libsze2"
raw/ifpga: missing dependency, "libfdt"
crypto/aesni_gcm: missing dependency, "libIPSec_MB"
crypto/aesni_mb: missing dependency, "libIPSec_MB"
crypto/armv8: missing dependency, "libAArch64crypto"
crypto/kasumi: missing dependency, "libIPSec_MB"
crypto/mvsam: missing dependency, "libmusdk"
crypto/snow3g: missing dependency, "libIPSec_MB"
crypto/zuc: missing dependency, "libIPSec_MB"
compress/isal: missing dependency, "libisal"
Build targets in project: 1130
Option buildtype is: debugoptimized [default: release]
Found ninja-1.10.0.git.kitware.jobserver-1 at /usr/local/bin/ninja
ERROR: Clock skew detected. File /home-local/jenkins-local/jenkins-agent/workspace/Generic-DPDK-Compile-ABI/dpdk/build/../meson.build has a time stamp 29386.0199s in the future.
A full log can be found at /home-local/jenkins-local/jenkins-agent/workspace/Generic-DPDK-Compile-ABI/dpdk/build/meson-logs/meson-log.txt
==== End log output ====
Ubuntu 18.04
Kernel: 4.18.0-240.10.1.el8_3.x86_64
Compiler: gcc 7.5.0-3ubuntu1~18.04
Ubuntu 20.04
Kernel: 4.18.0-240.10.1.el8_3.x86_64
Compiler: gcc 9.3.0-17ubuntu1~20.04
Ubuntu 18.04 ARM
Kernel: 5.4.0-53-generic
Compiler: gcc 9.3
Arch Linux
Kernel: 4.18.0-240.10.1.el8_3.x86_64
Compiler: gcc 10.2.0
RHEL 7
Kernel: 4.18.0-240.10.1.el8_3.x86_64
Compiler: gcc 4.8.5 20150623 (Red Hat 4.8.5-44)
Fedora 32
Kernel: 4.18.0-240.10.1.el8_3.x86_64
Compiler: gcc 10.2.1
Fedora 31
Kernel: 4.18.0-240.10.1.el8_3.x86_64
Compiler: gcc 9.3.1
CentOS Stream 8
Kernel: 4.18.0-240.10.1.el8_3.x86_64
Compiler: gcc 8.4.1 20200928
openSUSE Leap 15
Kernel: 4.18.0-240.10.1.el8_3.x86_64
Compiler: gcc 7.5.0
Ubuntu20.04
Kernel: 5.4.0-72-generic
Compiler: aarch64-linux-gnu-gcc (Ubuntu 9.3.0-17ubuntu1~20.04) 9.3.0
RHEL8
Kernel: 4.18.0-240.10.1.el8_3.x86_64
Compiler: gcc 8.3.1 20191121 (Red Hat 8.3.1-5)
CentOS 8
Kernel: 4.18.0-240.10.1.el8_3.x86_64
Compiler: gcc 8.3.1 20191121 (Red Hat 8.3.1-5)
To view detailed results, visit:
https://lab.dpdk.org/results/dashboard/patchsets/17284/
UNH-IOL DPDK Community Lab
To manage your email subscriptions, visit:
https://lab.dpdk.org/results/dashboard/preferences/subscriptions/
^ permalink raw reply [flat|nested] only message in thread
only message in thread, other threads:[~2021-06-02 6:50 UTC | newest]
Thread overview: (only message) (download: mbox.gz / follow: Atom feed)
-- links below jump to the message on this page --
2021-06-02 6:50 [dpdk-test-report] |WARNING| pw93752 [PATCH] [v2] lib/vhost: enable IOMMU for async vhost dpdklab
This is a public inbox, see mirroring instructions
for how to clone and mirror all data and code used for this inbox;
as well as URLs for NNTP newsgroup(s).