* [dpdk-test-report] |FAILURE| pw94057-94058 [PATCH] [2/2] net/nfp: fix PF secondary process probing
@ 2021-06-09 15:16 dpdklab
  0 siblings, 0 replies; only message in thread
From: dpdklab @ 2021-06-09 15:16 UTC (permalink / raw)
  To: Test Report; +Cc: dpdk-test-reports
[-- Attachment #1: Type: text/plain, Size: 7020 bytes --]
Test-Label: iol-testing
Test-Status: FAILURE
http://dpdk.org/patch/94058
_Testing issues_
Submitter: Heinrich Kuhn <heinrich.kuhn@netronome.com>
Date: Wednesday, June 09 2021 12:15:32 
DPDK git baseline: Repo:dpdk
  Branch: master
  CommitID:469d5c02159ddf0746ddbb9822c034556422515f
94057-94058 --> testing fail
Test environment and result as below:
+---------------------+----------------------+--------------------+----------------+-------------------+
|     Environment     | dpdk_mingw64_compile | dpdk_meson_compile | dpdk_unit_test | dpdk_compile_spdk |
+=====================+======================+====================+================+===================+
| Windows Server 2019 | PASS                 | PASS               | SKIPPED        | SKIPPED           |
+---------------------+----------------------+--------------------+----------------+-------------------+
| FreeBSD 11.2        | SKIPPED              | PASS               | SKIPPED        | SKIPPED           |
+---------------------+----------------------+--------------------+----------------+-------------------+
| Ubuntu 18.04 ARM    | SKIPPED              | PASS               | PASS           | SKIPPED           |
+---------------------+----------------------+--------------------+----------------+-------------------+
| CentOS 8            | SKIPPED              | PASS               | PASS           | SKIPPED           |
+---------------------+----------------------+--------------------+----------------+-------------------+
| Fedora 31           | SKIPPED              | PASS               | PASS           | SKIPPED           |
+---------------------+----------------------+--------------------+----------------+-------------------+
| Ubuntu 18.04        | SKIPPED              | PASS               | FAIL           | PASS              |
+---------------------+----------------------+--------------------+----------------+-------------------+
| Fedora 32           | SKIPPED              | PASS               | PASS           | SKIPPED           |
+---------------------+----------------------+--------------------+----------------+-------------------+
| CentOS Stream 8     | SKIPPED              | PASS               | PASS           | SKIPPED           |
+---------------------+----------------------+--------------------+----------------+-------------------+
| RHEL8               | SKIPPED              | PASS               | PASS           | SKIPPED           |
+---------------------+----------------------+--------------------+----------------+-------------------+
| openSUSE Leap 15    | SKIPPED              | PASS               | PASS           | SKIPPED           |
+---------------------+----------------------+--------------------+----------------+-------------------+
| Ubuntu 20.04        | SKIPPED              | PASS               | PASS           | SKIPPED           |
+---------------------+----------------------+--------------------+----------------+-------------------+
| RHEL 7              | SKIPPED              | PASS               | PASS           | SKIPPED           |
+---------------------+----------------------+--------------------+----------------+-------------------+
| Arch Linux          | SKIPPED              | PASS               | PASS           | SKIPPED           |
+---------------------+----------------------+--------------------+----------------+-------------------+
| Fedora 33           | SKIPPED              | PASS               | PASS           | SKIPPED           |
+---------------------+----------------------+--------------------+----------------+-------------------+
| Fedora 34           | SKIPPED              | PASS               | PASS           | SKIPPED           |
+---------------------+----------------------+--------------------+----------------+-------------------+
| Fedora 34 clang     | SKIPPED              | PASS               | PASS           | SKIPPED           |
+---------------------+----------------------+--------------------+----------------+-------------------+
| Ubuntu20.04         | SKIPPED              | PASS               | SKIPPED        | SKIPPED           |
+---------------------+----------------------+--------------------+----------------+-------------------+
==== 20 line log output for Ubuntu 18.04 (dpdk_unit_test): ====
84/93 DPDK:fast-tests / thash_autotest                 OK                0.15s
85/93 DPDK:fast-tests / trace_autotest                 OK                0.16s
86/93 DPDK:fast-tests / telemetry_json_autotest        OK                0.15s
87/93 DPDK:fast-tests / telemetry_data_autotest        OK                0.15s
88/93 DPDK:fast-tests / ring_pmd_autotest              OK                0.15s
89/93 DPDK:fast-tests / event_eth_tx_adapter_autotest  OK                0.46s
90/93 DPDK:fast-tests / bitratestats_autotest          OK                0.16s
91/93 DPDK:fast-tests / latencystats_autotest          OK                0.15s
92/93 DPDK:fast-tests / pdump_autotest                 OK                5.20s
93/93 DPDK:fast-tests / compressdev_autotest           SKIP              0.14s   exit status 77
Ok:                 87
Expected Fail:      0
Fail:               1
Unexpected Pass:    0
Skipped:            5
Timeout:            0
Full log written to /home-local/jenkins-local/jenkins-agent/workspace/Generic-Unit-Test-DPDK/dpdk/build/meson-logs/testlog.txt
==== End log output ====
Windows Server 2019
	Kernel: 10.0
	Compiler: clang 9.0 and gcc 8.1.0 (MinGW)
FreeBSD 11.2
	Kernel: 11.2
	Compiler: gcc 8.3
Ubuntu 18.04 ARM
	Kernel: 5.4.0-53-generic
	Compiler: gcc 9.3
CentOS 8
	Kernel: 4.18.0-240.10.1.el8_3.x86_64
	Compiler: gcc 8.3.1 20191121 (Red Hat 8.3.1-5)
Fedora 31
	Kernel: 4.18.0-240.10.1.el8_3.x86_64
	Compiler: gcc 9.3.1
Ubuntu 18.04
	Kernel: 4.18.0-240.10.1.el8_3.x86_64
	Compiler: gcc 7.5.0-3ubuntu1~18.04
Fedora 32
	Kernel: 4.18.0-240.10.1.el8_3.x86_64
	Compiler: gcc 10.2.1
CentOS Stream 8
	Kernel: 4.18.0-240.10.1.el8_3.x86_64
	Compiler: gcc 8.4.1 20200928
RHEL8
	Kernel: 4.18.0-240.10.1.el8_3.x86_64
	Compiler: gcc 8.3.1 20191121 (Red Hat 8.3.1-5)
openSUSE Leap 15
	Kernel: 4.18.0-240.10.1.el8_3.x86_64
	Compiler: gcc 7.5.0
Ubuntu 20.04
	Kernel: 4.18.0-240.10.1.el8_3.x86_64
	Compiler: gcc 9.3.0-17ubuntu1~20.04
RHEL 7
	Kernel: 4.18.0-240.10.1.el8_3.x86_64
	Compiler: gcc 4.8.5 20150623 (Red Hat 4.8.5-44)
Arch Linux
	Kernel: 5.4.0-73-generic
	Compiler: gcc 11.1.0
Fedora 33
	Kernel: 5.4.0-72-generic
	Compiler: gcc 10.3.1 20210422 (Red Hat 10.3.1-1)
Fedora 34
	Kernel: 5.4.0-72-generic
	Compiler: gcc 11.1.1 20210428 (Red Hat 11.1.1-1)
Fedora 34 clang
	Kernel: 5.4.0-72-generic
	Compiler: clang 12.0.0 (Fedora 12.0.0-0.3.rc1.fc34)
Ubuntu20.04
	Kernel: 5.4.0-72-generic
	Compiler: aarch64-linux-gnu-gcc (Ubuntu 9.3.0-17ubuntu1~20.04) 9.3.0
To view detailed results, visit:
https://lab.dpdk.org/results/dashboard/patchsets/17339/
UNH-IOL DPDK Community Lab
To manage your email subscriptions, visit: 
https://lab.dpdk.org/results/dashboard/preferences/subscriptions/
^ permalink raw reply	[flat|nested] only message in thread
only message in thread, other threads:[~2021-06-09 15:16 UTC | newest]
Thread overview: (only message) (download: mbox.gz / follow: Atom feed)
-- links below jump to the message on this page --
2021-06-09 15:16 [dpdk-test-report] |FAILURE| pw94057-94058 [PATCH] [2/2] net/nfp: fix PF secondary process probing dpdklab
This is a public inbox, see mirroring instructions
for how to clone and mirror all data and code used for this inbox;
as well as URLs for NNTP newsgroup(s).