* [dpdk-test-report] |FAILURE| pw94866-94872 [PATCH] [v2, 7/7] l3fwd-power: support multiqueue in PMD pmgmt modes
@ 2021-06-25 17:57 dpdklab
0 siblings, 0 replies; only message in thread
From: dpdklab @ 2021-06-25 17:57 UTC (permalink / raw)
To: Test Report; +Cc: dpdk-test-reports
[-- Attachment #1: Type: text/plain, Size: 8249 bytes --]
Test-Label: iol-testing
Test-Status: FAILURE
http://dpdk.org/patch/94872
_Testing issues_
Submitter: Anatoly Burakov <anatoly.burakov@intel.com>
Date: Friday, June 25 2021 14:00:10
DPDK git baseline: Repo:dpdk
Branch: master
CommitID:80731e4b5b44036d05ae9b36432b6f2fd9f49d3b
94866-94872 --> testing fail
Test environment and result as below:
+------------------------------------+----------------------+----------------+--------------------+-------------------+
| Environment | dpdk_mingw64_compile | dpdk_unit_test | dpdk_meson_compile | dpdk_compile_spdk |
+====================================+======================+================+====================+===================+
| Windows Server 2019 | PASS | SKIPPED | PASS | SKIPPED |
+------------------------------------+----------------------+----------------+--------------------+-------------------+
| Ubuntu 18.04 | SKIPPED | PASS | PASS | PASS |
+------------------------------------+----------------------+----------------+--------------------+-------------------+
| Arch Linux | SKIPPED | PASS | PASS | SKIPPED |
+------------------------------------+----------------------+----------------+--------------------+-------------------+
| CentOS 8 | SKIPPED | PASS | PASS | SKIPPED |
+------------------------------------+----------------------+----------------+--------------------+-------------------+
| Fedora 31 | SKIPPED | PASS | PASS | SKIPPED |
+------------------------------------+----------------------+----------------+--------------------+-------------------+
| CentOS Stream 8 | SKIPPED | FAIL | PASS | SKIPPED |
+------------------------------------+----------------------+----------------+--------------------+-------------------+
| Fedora 32 | SKIPPED | PASS | PASS | SKIPPED |
+------------------------------------+----------------------+----------------+--------------------+-------------------+
| openSUSE Leap 15 | SKIPPED | PASS | PASS | SKIPPED |
+------------------------------------+----------------------+----------------+--------------------+-------------------+
| RHEL 7 | SKIPPED | PASS | PASS | SKIPPED |
+------------------------------------+----------------------+----------------+--------------------+-------------------+
| RHEL8 | SKIPPED | PASS | PASS | SKIPPED |
+------------------------------------+----------------------+----------------+--------------------+-------------------+
| Ubuntu 20.04 | SKIPPED | PASS | PASS | SKIPPED |
+------------------------------------+----------------------+----------------+--------------------+-------------------+
| Fedora 34 | SKIPPED | PASS | PASS | SKIPPED |
+------------------------------------+----------------------+----------------+--------------------+-------------------+
| Fedora 33 | SKIPPED | PASS | PASS | SKIPPED |
+------------------------------------+----------------------+----------------+--------------------+-------------------+
| Fedora 34 clang | SKIPPED | PASS | PASS | SKIPPED |
+------------------------------------+----------------------+----------------+--------------------+-------------------+
| Ubuntu 18.04 ARM | SKIPPED | SKIPPED | PASS | SKIPPED |
+------------------------------------+----------------------+----------------+--------------------+-------------------+
| FreeBSD 13 | SKIPPED | SKIPPED | PASS | SKIPPED |
+------------------------------------+----------------------+----------------+--------------------+-------------------+
| FreeBSD 11.2 | SKIPPED | SKIPPED | PASS | SKIPPED |
+------------------------------------+----------------------+----------------+--------------------+-------------------+
| Ubuntu 20.04 ARM cross-compilation | SKIPPED | SKIPPED | PASS | SKIPPED |
+------------------------------------+----------------------+----------------+--------------------+-------------------+
| Alpine | SKIPPED | SKIPPED | PASS | SKIPPED |
+------------------------------------+----------------------+----------------+--------------------+-------------------+
==== 20 line log output for CentOS Stream 8 (dpdk_unit_test): ====
83/93 DPDK:fast-tests / service_autotest OK 3.78s
84/93 DPDK:fast-tests / thash_autotest OK 0.17s
85/93 DPDK:fast-tests / trace_autotest OK 0.17s
86/93 DPDK:fast-tests / telemetry_json_autotest OK 0.17s
87/93 DPDK:fast-tests / telemetry_data_autotest OK 0.17s
88/93 DPDK:fast-tests / ring_pmd_autotest OK 0.17s
89/93 DPDK:fast-tests / event_eth_tx_adapter_autotest OK 0.47s
90/93 DPDK:fast-tests / bitratestats_autotest OK 0.17s
91/93 DPDK:fast-tests / latencystats_autotest OK 0.17s
92/93 DPDK:fast-tests / pdump_autotest OK 5.23s
93/93 DPDK:fast-tests / compressdev_autotest SKIP 0.17s
Ok: 87
Expected Fail: 0
Fail: 1
Unexpected Pass: 0
Skipped: 5
Timeout: 0
Full log written to /home-local/jenkins-local/jenkins-agent/workspace/Generic-Unit-Test-DPDK/dpdk/build/meson-logs/testlog.txt
==== End log output ====
Windows Server 2019
Kernel: 10.0
Compiler: clang 9.0 and gcc 8.1.0 (MinGW)
Ubuntu 18.04
Kernel: 4.18.0-240.10.1.el8_3.x86_64
Compiler: gcc 7.5.0-3ubuntu1~18.04
Arch Linux
Kernel: 5.4.0-73-generic
Compiler: gcc 11.1.0
CentOS 8
Kernel: 4.18.0-240.10.1.el8_3.x86_64
Compiler: gcc 8.3.1 20191121 (Red Hat 8.3.1-5)
Fedora 31
Kernel: 4.18.0-240.10.1.el8_3.x86_64
Compiler: gcc 9.3.1
CentOS Stream 8
Kernel: 4.18.0-240.10.1.el8_3.x86_64
Compiler: gcc 8.4.1 20200928
Fedora 32
Kernel: 4.18.0-240.10.1.el8_3.x86_64
Compiler: gcc 10.2.1
openSUSE Leap 15
Kernel: 4.18.0-240.10.1.el8_3.x86_64
Compiler: gcc 7.5.0
RHEL 7
Kernel: 4.18.0-240.10.1.el8_3.x86_64
Compiler: gcc 4.8.5 20150623 (Red Hat 4.8.5-44)
RHEL8
Kernel: 4.18.0-240.10.1.el8_3.x86_64
Compiler: gcc 8.3.1 20191121 (Red Hat 8.3.1-5)
Ubuntu 20.04
Kernel: 4.18.0-240.10.1.el8_3.x86_64
Compiler: gcc 9.3.0-17ubuntu1~20.04
Fedora 34
Kernel: 5.4.0-72-generic
Compiler: gcc 11.1.1 20210428 (Red Hat 11.1.1-1)
Fedora 33
Kernel: 5.4.0-72-generic
Compiler: gcc 10.3.1 20210422 (Red Hat 10.3.1-1)
Fedora 34 clang
Kernel: 5.4.0-72-generic
Compiler: clang 12.0.0 (Fedora 12.0.0-0.3.rc1.fc34)
Ubuntu 18.04 ARM
Kernel: 5.4.0-53-generic
Compiler: gcc 9.3
FreeBSD 13
Kernel: 13.0
Compiler: clang 11.0.1
FreeBSD 11.2
Kernel: 11.2
Compiler: gcc 8.3
Ubuntu 20.04 ARM cross-compilation
Kernel: 5.4.0-72-generic
Compiler: aarch64-linux-gnu-gcc (Ubuntu 9.3.0-17ubuntu1~20.04) 9.3.0
Alpine
Kernel: 5.4.0-73-generic
Compiler: gcc (Alpine 10.3.1_git20210424) 10.3.1 20210424
To view detailed results, visit:
https://lab.dpdk.org/results/dashboard/patchsets/17524/
UNH-IOL DPDK Community Lab
To manage your email subscriptions, visit:
https://lab.dpdk.org/results/dashboard/preferences/subscriptions/
^ permalink raw reply [flat|nested] only message in thread
only message in thread, other threads:[~2021-06-25 17:57 UTC | newest]
Thread overview: (only message) (download: mbox.gz / follow: Atom feed)
-- links below jump to the message on this page --
2021-06-25 17:57 [dpdk-test-report] |FAILURE| pw94866-94872 [PATCH] [v2, 7/7] l3fwd-power: support multiqueue in PMD pmgmt modes dpdklab
This is a public inbox, see mirroring instructions
for how to clone and mirror all data and code used for this inbox;
as well as URLs for NNTP newsgroup(s).