* [dpdk-test-report] |WARNING| pw96139-96145 [PATCH] [v3, 7/7] net/mlx5: add meter support for trTCM profiles
@ 2021-07-21 22:11 dpdklab
0 siblings, 0 replies; only message in thread
From: dpdklab @ 2021-07-21 22:11 UTC (permalink / raw)
To: Test Report; +Cc: dpdklab
[-- Attachment #1: Type: text/plain, Size: 14433 bytes --]
Test-Label: iol-abi-testing
Test-Status: WARNING
http://dpdk.org/patch/96145
_Testing issues_
Submitter: Bing Zhao <bingz@nvidia.com>
Date: Wednesday, July 21 2021 08:54:21
DPDK git baseline: Repo:dpdk
Branch: master
CommitID:cf1e803508009917f41dd5bb347e4140043afe03
96139-96145 --> testing fail
Test environment and result as below:
+------------------------------------+----------+
| Environment | abi_test |
+====================================+==========+
| Ubuntu 20.04 ARM | PASS |
+------------------------------------+----------+
| RHEL 7 | PASS |
+------------------------------------+----------+
| Ubuntu 18.04 | PASS |
+------------------------------------+----------+
| RHEL8 | PASS |
+------------------------------------+----------+
| Ubuntu 20.04 | PASS |
+------------------------------------+----------+
| CentOS 8 | PASS |
+------------------------------------+----------+
| Arch Linux | PASS |
+------------------------------------+----------+
| Fedora 32 | FAIL |
+------------------------------------+----------+
| Fedora 31 | PASS |
+------------------------------------+----------+
| CentOS Stream 8 | PASS |
+------------------------------------+----------+
| openSUSE Leap 15 | PASS |
+------------------------------------+----------+
| Fedora 34 clang | PASS |
+------------------------------------+----------+
| Fedora 34 | PASS |
+------------------------------------+----------+
| Fedora 33 | PASS |
+------------------------------------+----------+
| Ubuntu 20.04 ARM cross-compilation | PASS |
+------------------------------------+----------+
==== 20 line log output for Fedora 32 (abi_test): ====
FAILED: app/dpdk-test-regex
cc -o app/dpdk-test-regex app/dpdk-test-regex.p/test-regex_main.c.o -Wl,--as-needed -Wl,--no-undefined -Wl,--whole-archive -Wl,--start-group lib/librte_node.a lib/librte_graph.a lib/librte_bpf.a lib/librte_flow_classify.a lib/librte_pipeline.a lib/librte_table.a lib/librte_port.a lib/librte_fib.a lib/librte_ipsec.a lib/librte_vhost.a lib/librte_stack.a lib/librte_security.a lib/librte_sched.a lib/librte_reorder.a lib/librte_rib.a lib/librte_regexdev.a lib/librte_rawdev.a lib/librte_pdump.a lib/librte_power.a lib/librte_member.a lib/librte_lpm.a lib/librte_latencystats.a lib/librte_kni.a lib/librte_jobstats.a lib/librte_ip_frag.a lib/librte_gso.a lib/librte_gro.a lib/librte_eventdev.a lib/librte_efd.a lib/librte_distributor.a lib/librte_cryptodev.a lib/librte_compressdev.a lib/librte_cfgfile.a lib/librte_bitratestats.a lib/librte_bbdev.a lib/librte_acl.a lib/librte_timer.a lib/librte_hash.a lib/librte_metrics.a lib/librte_cmdline.a lib/librte_pci.a lib/librte_ethdev.a lib/librte_meter.a lib/librte_net.a lib/librte_mbuf.a lib/librte_mempool.a lib/librte_rcu.a lib/librte_ring.a lib/librte_eal.a lib/librte_telemetry.a lib/librte_kvargs.a drivers/librte_common_cpt.a drivers/librte_common_dpaax.a drivers/librte_common_iavf.a drivers/librte_common_octeontx.a drivers/librte_common_octeontx2.a drivers/librte_bus_auxiliary.a drivers/librte_bus_dpaa.a drivers/librte_bus_fslmc.a drivers/librte_bus_ifpga.a drivers/librte_bus_pci.a drivers/librte_bus_vdev.a drivers/librte_bus_vmbus.a drivers/librte_common_cnxk.a drivers/librte_common_mlx5.a drivers/librte_common_qat.a drivers/librte_common_sfc_efx.a drivers/librte_mempool_bucket.a drivers/librte_mempool_cnxk.a drivers/librte_mempool_dpaa.a drivers/librte_mempool_dpaa2.a drivers/librte_mempool_octeontx.a drivers/librte_mempool_octeontx2.a drivers/librte_mempool_ring.a drivers/librte_mempool_stack.a drivers/librte_net_af_packet.a drivers/librte_net_ark.a drivers/librte_net_atlantic.a drivers/librte_net_avp.a drivers/librte_net_axgbe.a drivers/librte_net_bnx2x.a drivers/librte_net_bnxt.a drivers/librte_net_bond.a drivers/librte_net_cnxk.a drivers/librte_net_cxgbe.a drivers/librte_net_dpaa.a drivers/librte_net_dpaa2.a drivers/librte_net_e1000.a drivers/librte_net_ena.a drivers/librte_net_enetc.a drivers/librte_net_enic.a drivers/librte_net_failsafe.a drivers/librte_net_fm10k.a drivers/librte_net_hinic.a drivers/librte_net_hns3.a drivers/librte_net_i40e.a drivers/librte_net_iavf.a drivers/librte_net_ice.a drivers/librte_net_igc.a drivers/librte_net_ionic.a drivers/librte_net_ixgbe.a drivers/librte_net_kni.a drivers/librte_net_liquidio.a drivers/librte_net_memif.a drivers/librte_net_mlx4.a drivers/librte_net_mlx5.a drivers/librte_net_netvsc.a drivers/librte_net_nfp.a drivers/librte_net_ngbe.a drivers/librte_net_null.a drivers/librte_net_octeontx.a drivers/librte_net_octeontx2.a drivers/librte_net_octeontx_ep.a drivers/librte_net_pcap.a drivers/librte_net_pfe.a drivers/librte_net_qede.a drivers/librte_net_ring.a drivers/librte_net_sfc.a drivers/librte_net_softnic.a drivers/librte_net_tap.a drivers/librte_net_thunderx.a drivers/librte_net_txgbe.a drivers/librte_net_vdev_netvsc.a drivers/librte_net_vhost.a drivers/librte_net_virtio.a drivers/librte_net_vmxnet3.a drivers/librte_raw_cnxk_bphy.a drivers/librte_raw_dpaa2_cmdif.a drivers/librte_raw_dpaa2_qdma.a drivers/librte_raw_ioat.a drivers/librte_raw_ntb.a drivers/librte_raw_octeontx2_dma.a drivers/librte_raw_octeontx2_ep.a drivers/librte_raw_skeleton.a drivers/librte_crypto_bcmfs.a drivers/librte_crypto_caam_jr.a drivers/librte_crypto_ccp.a drivers/librte_crypto_cnxk.a drivers/librte_crypto_dpaa_sec.a drivers/librte_crypto_dpaa2_sec.a drivers/librte_crypto_nitrox.a drivers/librte_crypto_null.a drivers/librte_crypto_octeontx.a drivers/librte_crypto_octeontx2.a drivers/librte_crypto_openssl.a drivers/librte_crypto_scheduler.a drivers/librte_crypto_virtio.a drivers/librte_compress_mlx5.a drivers/librte_compress_octeontx.a drivers/librte_compress_zlib.a drivers/librte_regex_mlx5.a drivers/librte_regex_octeontx2.a drivers/librte_vdpa_ifc.a drivers/librte_vdpa_mlx5.a drivers/librte_event_cnxk.a drivers/librte_event_dlb2.a drivers/librte_event_dpaa.a drivers/librte_event_dpaa2.a drivers/librte_event_dsw.a drivers/librte_event_octeontx2.a drivers/librte_event_opdl.a drivers/librte_event_skeleton.a drivers/librte_event_sw.a drivers/librte_event_octeontx.a drivers/librte_baseband_acc100.a drivers/librte_baseband_fpga_5gnr_fec.a drivers/librte_baseband_fpga_lte_fec.a drivers/librte_baseband_null.a drivers/librte_baseband_turbo_sw.a -Wl,--no-whole-archive -Wl,--no-as-needed -pthread -lm -ldl -lnuma -Wl,--export-dynamic /usr/lib64/libelf.so /usr/lib64/libpcap.so /usr/lib64/libjansson.so /usr/lib/gcc/x86_64-redhat-linux/10/../../../../lib64/libmlx5.so /usr/lib/gcc/x86_64-redhat-linux/10/../../../../lib64/libibverbs.so /usr/lib64/libcrypto.so /usr/lib64/libz.so /usr/lib/gcc/x86_64-redhat-linux/10/../../../../lib64/libmlx4.so -latomic -Wl,--end-group -Wl,-rpath,XXXXXXXXXXXXXXXXXXXXXXXXXXXXXXX
collect2: fatal error: ld terminated with signal 9 [Killed]
compilation terminated.
[3011/3069] Linking target app/dpdk-proc-info
FAILED: app/dpdk-proc-info
cc -o app/dpdk-proc-info app/dpdk-proc-info.p/proc-info_main.c.o -Wl,--as-needed -Wl,--no-undefined -Wl,--whole-archive -Wl,--start-group lib/librte_node.a lib/librte_graph.a lib/librte_bpf.a lib/librte_flow_classify.a lib/librte_pipeline.a lib/librte_table.a lib/librte_port.a lib/librte_fib.a lib/librte_ipsec.a lib/librte_vhost.a lib/librte_stack.a lib/librte_security.a lib/librte_sched.a lib/librte_reorder.a lib/librte_rib.a lib/librte_regexdev.a lib/librte_rawdev.a lib/librte_pdump.a lib/librte_power.a lib/librte_member.a lib/librte_lpm.a lib/librte_latencystats.a lib/librte_kni.a lib/librte_jobstats.a lib/librte_ip_frag.a lib/librte_gso.a lib/librte_gro.a lib/librte_eventdev.a lib/librte_efd.a lib/librte_distributor.a lib/librte_cryptodev.a lib/librte_compressdev.a lib/librte_cfgfile.a lib/librte_bitratestats.a lib/librte_bbdev.a lib/librte_acl.a lib/librte_timer.a lib/librte_hash.a lib/librte_metrics.a lib/librte_cmdline.a lib/librte_pci.a lib/librte_ethdev.a lib/librte_meter.a lib/librte_net.a lib/librte_mbuf.a lib/librte_mempool.a lib/librte_rcu.a lib/librte_ring.a lib/librte_eal.a lib/librte_telemetry.a lib/librte_kvargs.a drivers/librte_common_cpt.a drivers/librte_common_dpaax.a drivers/librte_common_iavf.a drivers/librte_common_octeontx.a drivers/librte_common_octeontx2.a drivers/librte_bus_auxiliary.a drivers/librte_bus_dpaa.a drivers/librte_bus_fslmc.a drivers/librte_bus_ifpga.a drivers/librte_bus_pci.a drivers/librte_bus_vdev.a drivers/librte_bus_vmbus.a drivers/librte_common_cnxk.a drivers/librte_common_mlx5.a drivers/librte_common_qat.a drivers/librte_common_sfc_efx.a drivers/librte_mempool_bucket.a drivers/librte_mempool_cnxk.a drivers/librte_mempool_dpaa.a drivers/librte_mempool_dpaa2.a drivers/librte_mempool_octeontx.a drivers/librte_mempool_octeontx2.a drivers/librte_mempool_ring.a drivers/librte_mempool_stack.a drivers/librte_net_af_packet.a drivers/librte_net_ark.a drivers/librte_net_atlantic.a drivers/librte_net_avp.a drivers/librte_net_axgbe.a drivers/librte_net_bnx2x.a drivers/librte_net_bnxt.a drivers/librte_net_bond.a drivers/librte_net_cnxk.a drivers/librte_net_cxgbe.a drivers/librte_net_dpaa.a drivers/librte_net_dpaa2.a drivers/librte_net_e1000.a drivers/librte_net_ena.a drivers/librte_net_enetc.a drivers/librte_net_enic.a drivers/librte_net_failsafe.a drivers/librte_net_fm10k.a drivers/librte_net_hinic.a drivers/librte_net_hns3.a drivers/librte_net_i40e.a drivers/librte_net_iavf.a drivers/librte_net_ice.a drivers/librte_net_igc.a drivers/librte_net_ionic.a drivers/librte_net_ixgbe.a drivers/librte_net_kni.a drivers/librte_net_liquidio.a drivers/librte_net_memif.a drivers/librte_net_mlx4.a drivers/librte_net_mlx5.a drivers/librte_net_netvsc.a drivers/librte_net_nfp.a drivers/librte_net_ngbe.a drivers/librte_net_null.a drivers/librte_net_octeontx.a drivers/librte_net_octeontx2.a drivers/librte_net_octeontx_ep.a drivers/librte_net_pcap.a drivers/librte_net_pfe.a drivers/librte_net_qede.a drivers/librte_net_ring.a drivers/librte_net_sfc.a drivers/librte_net_softnic.a drivers/librte_net_tap.a drivers/librte_net_thunderx.a drivers/librte_net_txgbe.a drivers/librte_net_vdev_netvsc.a drivers/librte_net_vhost.a drivers/librte_net_virtio.a drivers/librte_net_vmxnet3.a drivers/librte_raw_cnxk_bphy.a drivers/librte_raw_dpaa2_cmdif.a drivers/librte_raw_dpaa2_qdma.a drivers/librte_raw_ioat.a drivers/librte_raw_ntb.a drivers/librte_raw_octeontx2_dma.a drivers/librte_raw_octeontx2_ep.a drivers/librte_raw_skeleton.a drivers/librte_crypto_bcmfs.a drivers/librte_crypto_caam_jr.a drivers/librte_crypto_ccp.a drivers/librte_crypto_cnxk.a drivers/librte_crypto_dpaa_sec.a drivers/librte_crypto_dpaa2_sec.a drivers/librte_crypto_nitrox.a drivers/librte_crypto_null.a drivers/librte_crypto_octeontx.a drivers/librte_crypto_octeontx2.a drivers/librte_crypto_openssl.a drivers/librte_crypto_scheduler.a drivers/librte_crypto_virtio.a drivers/librte_compress_mlx5.a drivers/librte_compress_octeontx.a drivers/librte_compress_zlib.a drivers/librte_regex_mlx5.a drivers/librte_regex_octeontx2.a drivers/librte_vdpa_ifc.a drivers/librte_vdpa_mlx5.a drivers/librte_event_cnxk.a drivers/librte_event_dlb2.a drivers/librte_event_dpaa.a drivers/librte_event_dpaa2.a drivers/librte_event_dsw.a drivers/librte_event_octeontx2.a drivers/librte_event_opdl.a drivers/librte_event_skeleton.a drivers/librte_event_sw.a drivers/librte_event_octeontx.a drivers/librte_baseband_acc100.a drivers/librte_baseband_fpga_5gnr_fec.a drivers/librte_baseband_fpga_lte_fec.a drivers/librte_baseband_null.a drivers/librte_baseband_turbo_sw.a -Wl,--no-whole-archive -Wl,--no-as-needed -pthread -lm -ldl -lnuma -Wl,--export-dynamic /usr/lib64/libjansson.so /usr/lib64/libelf.so /usr/lib64/libpcap.so /usr/lib/gcc/x86_64-redhat-linux/10/../../../../lib64/libmlx5.so /usr/lib/gcc/x86_64-redhat-linux/10/../../../../lib64/libibverbs.so /usr/lib64/libcrypto.so /usr/lib64/libz.so /usr/lib/gcc/x86_64-redhat-linux/10/../../../../lib64/libmlx4.so -latomic -Wl,--end-group -Wl,-rpath,XXXXXXXXXXXXXXXXXXXXXXXXXXXXXXX
collect2: fatal error: ld terminated with signal 9 [Killed]
compilation terminated.
[3012/3069] Linking target app/dpdk-test-fib
[3013/3069] Linking target examples/dpdk-bond
[3014/3069] Linking target examples/dpdk-bbdev_app
[3015/3069] Linking target app/dpdk-test-acl
[3016/3069] Linking target app/dpdk-pdump
[3017/3069] Linking target examples/dpdk-ethtool
[3018/3069] Linking target app/dpdk-test-cmdline
[3019/3069] Linking target app/dpdk-test-crypto-perf
ninja: build stopped: subcommand failed.
==== Creating reference DPDK ABI
==== Checking ABI
==== End log output ====
Ubuntu 20.04 ARM
Kernel: 5.4.0-53-generic
Compiler: gcc 9.3
RHEL 7
Kernel: 4.18.0-240.10.1.el8_3.x86_64
Compiler: gcc 4.8.5 20150623 (Red Hat 4.8.5-44)
Ubuntu 18.04
Kernel: 4.18.0-240.10.1.el8_3.x86_64
Compiler: gcc 7.5.0-3ubuntu1~18.04
RHEL8
Kernel: 4.18.0-240.10.1.el8_3.x86_64
Compiler: gcc 8.3.1 20191121 (Red Hat 8.3.1-5)
Ubuntu 20.04
Kernel: 4.18.0-240.10.1.el8_3.x86_64
Compiler: gcc 9.3.0-17ubuntu1~20.04
CentOS 8
Kernel: 4.18.0-240.10.1.el8_3.x86_64
Compiler: gcc 8.3.1 20191121 (Red Hat 8.3.1-5)
Arch Linux
Kernel: 5.4.0-73-generic
Compiler: gcc 11.1.0
Fedora 32
Kernel: 4.18.0-240.10.1.el8_3.x86_64
Compiler: gcc 10.2.1
Fedora 31
Kernel: 4.18.0-240.10.1.el8_3.x86_64
Compiler: gcc 9.3.1
CentOS Stream 8
Kernel: 4.18.0-240.10.1.el8_3.x86_64
Compiler: gcc 8.4.1 20200928
openSUSE Leap 15
Kernel: 4.18.0-240.10.1.el8_3.x86_64
Compiler: gcc 7.5.0
Fedora 34 clang
Kernel: 5.4.0-72-generic
Compiler: clang 12.0.0 (Fedora 12.0.0-0.3.rc1.fc34)
Fedora 34
Kernel: 5.4.0-72-generic
Compiler: gcc 11.1.1 20210428 (Red Hat 11.1.1-1)
Fedora 33
Kernel: 5.4.0-72-generic
Compiler: gcc 10.3.1 20210422 (Red Hat 10.3.1-1)
Ubuntu 20.04 ARM cross-compilation
Kernel: 5.4.0-72-generic
Compiler: aarch64-linux-gnu-gcc (Ubuntu 9.3.0-17ubuntu1~20.04) 9.3.0
To view detailed results, visit:
https://lab.dpdk.org/results/dashboard/patchsets/17920/
UNH-IOL DPDK Community Lab
To manage your email subscriptions, visit:
https://lab.dpdk.org/results/dashboard/preferences/subscriptions/
^ permalink raw reply [flat|nested] only message in thread
only message in thread, other threads:[~2021-07-21 22:11 UTC | newest]
Thread overview: (only message) (download: mbox.gz / follow: Atom feed)
-- links below jump to the message on this page --
2021-07-21 22:11 [dpdk-test-report] |WARNING| pw96139-96145 [PATCH] [v3, 7/7] net/mlx5: add meter support for trTCM profiles dpdklab
This is a public inbox, see mirroring instructions
for how to clone and mirror all data and code used for this inbox;
as well as URLs for NNTP newsgroup(s).