* [dpdk-test-report] |WARNING| pw96678-96679 [PATCH] [2/2] fib: announce experimental tag removal of the fib API
@ 2021-08-05 12:55 dpdklab
0 siblings, 0 replies; 2+ messages in thread
From: dpdklab @ 2021-08-05 12:55 UTC (permalink / raw)
To: Test Report; +Cc: dpdklab
[-- Attachment #1: Type: text/plain, Size: 1073 bytes --]
Test-Label: iol-spell-check-testing
Test-Status: WARNING
http://dpdk.org/patch/96679
_Testing issues_
Submitter: Vladimir Medvedkin <vladimir.medvedkin@intel.com>
Date: Thursday, August 05 2021 11:26:24
DPDK git baseline: Repo:dpdk
Branch: master
CommitID:c97a84925266437d6fa4a22617c466335f1e3dd7
96678-96679 --> testing fail
Test environment and result as below:
+--------------+-------------+
| Environment | spell_check |
+==============+=============+
| Ubuntu 20.04 | FAIL |
+--------------+-------------+
==== 20 line log output for Ubuntu 20.04 (spell_check): ====
dpdk/doc/guides/sample_app_ug/ioat.rst:239 processfor
dpdk/doc/guides/sample_app_ug/vmdq_forwarding.rst:106 configruration
Errors found: 2
==== End log output ====
Ubuntu 20.04
Kernel: 4.18.0-240.10.1.el8_3.x86_64
Compiler: gcc 9.3.0-17ubuntu1~20.04
To view detailed results, visit:
https://lab.dpdk.org/results/dashboard/patchsets/18139/
UNH-IOL DPDK Community Lab
To manage your email subscriptions, visit:
https://lab.dpdk.org/results/dashboard/preferences/subscriptions/
^ permalink raw reply [flat|nested] 2+ messages in thread
* [dpdk-test-report] |WARNING| pw96678-96679 [PATCH] [2/2] fib: announce experimental tag removal of the fib API
@ 2021-08-05 12:57 dpdklab
0 siblings, 0 replies; 2+ messages in thread
From: dpdklab @ 2021-08-05 12:57 UTC (permalink / raw)
To: Test Report; +Cc: dpdklab
[-- Attachment #1: Type: text/plain, Size: 1073 bytes --]
Test-Label: iol-spell-check-testing
Test-Status: WARNING
http://dpdk.org/patch/96679
_Testing issues_
Submitter: Vladimir Medvedkin <vladimir.medvedkin@intel.com>
Date: Thursday, August 05 2021 11:26:24
DPDK git baseline: Repo:dpdk
Branch: master
CommitID:c97a84925266437d6fa4a22617c466335f1e3dd7
96678-96679 --> testing fail
Test environment and result as below:
+--------------+-------------+
| Environment | spell_check |
+==============+=============+
| Ubuntu 20.04 | FAIL |
+--------------+-------------+
==== 20 line log output for Ubuntu 20.04 (spell_check): ====
dpdk/doc/guides/sample_app_ug/ioat.rst:239 processfor
dpdk/doc/guides/sample_app_ug/vmdq_forwarding.rst:106 configruration
Errors found: 2
==== End log output ====
Ubuntu 20.04
Kernel: 4.18.0-240.10.1.el8_3.x86_64
Compiler: gcc 9.3.0-17ubuntu1~20.04
To view detailed results, visit:
https://lab.dpdk.org/results/dashboard/patchsets/18139/
UNH-IOL DPDK Community Lab
To manage your email subscriptions, visit:
https://lab.dpdk.org/results/dashboard/preferences/subscriptions/
^ permalink raw reply [flat|nested] 2+ messages in thread
end of thread, other threads:[~2021-08-05 12:57 UTC | newest]
Thread overview: 2+ messages (download: mbox.gz / follow: Atom feed)
-- links below jump to the message on this page --
2021-08-05 12:55 [dpdk-test-report] |WARNING| pw96678-96679 [PATCH] [2/2] fib: announce experimental tag removal of the fib API dpdklab
2021-08-05 12:57 dpdklab
This is a public inbox, see mirroring instructions
for how to clone and mirror all data and code used for this inbox;
as well as URLs for NNTP newsgroup(s).