* [dpdk-test-report] |WARNING| pw96847-96850 [PATCH] [v4, 4/4] doc: remove deprecation notice for security fast path change
@ 2021-08-12 14:19 dpdklab
0 siblings, 0 replies; 2+ messages in thread
From: dpdklab @ 2021-08-12 14:19 UTC (permalink / raw)
To: Test Report; +Cc: dpdklab
[-- Attachment #1: Type: text/plain, Size: 4579 bytes --]
Test-Label: iol-abi-testing
Test-Status: WARNING
http://dpdk.org/patch/96850
_Testing issues_
Submitter: Nithin Dabilpuram <ndabilpuram@marvell.com>
Date: Thursday, August 12 2021 12:32:57
DPDK git baseline: Repo:dpdk
Branch: master
CommitID:4ac3f3d76e9507a93bcf48d165ffd3a1faba08bb
96847-96850 --> testing fail
Test environment and result as below:
+------------------------------------+----------+
| Environment | abi_test |
+====================================+==========+
| FreeBSD 13 | PASS |
+------------------------------------+----------+
| Ubuntu 20.04 ARM | FAIL |
+------------------------------------+----------+
| RHEL 7 | FAIL |
+------------------------------------+----------+
| Ubuntu 18.04 | FAIL |
+------------------------------------+----------+
| CentOS 8 | FAIL |
+------------------------------------+----------+
| RHEL8 | FAIL |
+------------------------------------+----------+
| Arch Linux | FAIL |
+------------------------------------+----------+
| Fedora 32 | FAIL |
+------------------------------------+----------+
| Ubuntu 20.04 | FAIL |
+------------------------------------+----------+
| CentOS Stream 8 | FAIL |
+------------------------------------+----------+
| Fedora 33 | FAIL |
+------------------------------------+----------+
| Ubuntu 20.04 ARM cross-compilation | FAIL |
+------------------------------------+----------+
| openSUSE Leap 15 | FAIL |
+------------------------------------+----------+
| Fedora 31 | FAIL |
+------------------------------------+----------+
| Fedora 34 | FAIL |
+------------------------------------+----------+
| Fedora 34 clang | FAIL |
+------------------------------------+----------+
==== 20 line log output for Fedora 34 clang (abi_test): ====
Functions changes summary: 1 Removed (1 filtered out), 1 Changed (6 filtered out), 0 Added (2 filtered out) functions
Variables changes summary: 0 Removed, 0 Changed, 0 Added variable
1 Removed function:
[D] 'function int rte_security_set_pkt_metadata(rte_security_ctx*, rte_security_session*, rte_mbuf*, void*)' {rte_security_set_pkt_metadata@@DPDK_21}
1 function with some indirect sub-type change:
[C] 'function const rte_security_capability* rte_security_capabilities_get(rte_security_ctx*)' at rte_security.c:156:1 has some indirect sub-type changes:
parameter 1 of type 'rte_security_ctx*' has sub-type changes:
in pointed to type 'struct rte_security_ctx' at rte_security.h:67:1:
type size hasn't changed
1 data member insertion:
'uint32_t flags', at offset 160 (in bits) at rte_security.h:74:1
==== End log output ====
FreeBSD 13
Kernel: 13.0
Compiler: clang 11.0.1
Ubuntu 20.04 ARM
Kernel: 5.4.0-53-generic
Compiler: gcc 9.3
RHEL 7
Kernel: 4.18.0-240.10.1.el8_3.x86_64
Compiler: gcc 4.8.5 20150623 (Red Hat 4.8.5-44)
Ubuntu 18.04
Kernel: 4.18.0-240.10.1.el8_3.x86_64
Compiler: gcc 7.5.0-3ubuntu1~18.04
CentOS 8
Kernel: 4.18.0-240.10.1.el8_3.x86_64
Compiler: gcc 8.3.1 20191121 (Red Hat 8.3.1-5)
RHEL8
Kernel: 4.18.0-240.10.1.el8_3.x86_64
Compiler: gcc 8.3.1 20191121 (Red Hat 8.3.1-5)
Arch Linux
Kernel: 5.4.0-73-generic
Compiler: gcc 11.1.0
Fedora 32
Kernel: 4.18.0-240.10.1.el8_3.x86_64
Compiler: gcc 10.2.1
Ubuntu 20.04
Kernel: 4.18.0-240.10.1.el8_3.x86_64
Compiler: gcc 9.3.0-17ubuntu1~20.04
CentOS Stream 8
Kernel: 4.18.0-240.10.1.el8_3.x86_64
Compiler: gcc 8.4.1 20200928
Fedora 33
Kernel: 5.4.0-72-generic
Compiler: gcc 10.3.1 20210422 (Red Hat 10.3.1-1)
Ubuntu 20.04 ARM cross-compilation
Kernel: 5.4.0-72-generic
Compiler: aarch64-linux-gnu-gcc (Ubuntu 9.3.0-17ubuntu1~20.04) 9.3.0
openSUSE Leap 15
Kernel: 4.18.0-240.10.1.el8_3.x86_64
Compiler: gcc 7.5.0
Fedora 31
Kernel: 4.18.0-240.10.1.el8_3.x86_64
Compiler: gcc 9.3.1
Fedora 34
Kernel: 5.4.0-72-generic
Compiler: gcc 11.1.1 20210428 (Red Hat 11.1.1-1)
Fedora 34 clang
Kernel: 5.4.0-72-generic
Compiler: clang 12.0.0 (Fedora 12.0.0-0.3.rc1.fc34)
To view detailed results, visit:
https://lab.dpdk.org/results/dashboard/patchsets/18185/
UNH-IOL DPDK Community Lab
To manage your email subscriptions, visit:
https://lab.dpdk.org/results/dashboard/preferences/subscriptions/
^ permalink raw reply [flat|nested] 2+ messages in thread
* [dpdk-test-report] |WARNING| pw96847-96850 [PATCH] [v4, 4/4] doc: remove deprecation notice for security fast path change
@ 2021-08-12 12:55 dpdklab
0 siblings, 0 replies; 2+ messages in thread
From: dpdklab @ 2021-08-12 12:55 UTC (permalink / raw)
To: Test Report; +Cc: dpdklab
[-- Attachment #1: Type: text/plain, Size: 1067 bytes --]
Test-Label: iol-spell-check-testing
Test-Status: WARNING
http://dpdk.org/patch/96850
_Testing issues_
Submitter: Nithin Dabilpuram <ndabilpuram@marvell.com>
Date: Thursday, August 12 2021 12:32:57
DPDK git baseline: Repo:dpdk
Branch: master
CommitID:4ac3f3d76e9507a93bcf48d165ffd3a1faba08bb
96847-96850 --> testing fail
Test environment and result as below:
+--------------+-------------+
| Environment | spell_check |
+==============+=============+
| Ubuntu 20.04 | FAIL |
+--------------+-------------+
==== 20 line log output for Ubuntu 20.04 (spell_check): ====
dpdk/doc/guides/sample_app_ug/ioat.rst:239 processfor
dpdk/doc/guides/sample_app_ug/vmdq_forwarding.rst:106 configruration
Errors found: 2
==== End log output ====
Ubuntu 20.04
Kernel: 4.18.0-240.10.1.el8_3.x86_64
Compiler: gcc 9.3.0-17ubuntu1~20.04
To view detailed results, visit:
https://lab.dpdk.org/results/dashboard/patchsets/18185/
UNH-IOL DPDK Community Lab
To manage your email subscriptions, visit:
https://lab.dpdk.org/results/dashboard/preferences/subscriptions/
^ permalink raw reply [flat|nested] 2+ messages in thread
end of thread, other threads:[~2021-08-12 14:19 UTC | newest]
Thread overview: 2+ messages (download: mbox.gz / follow: Atom feed)
-- links below jump to the message on this page --
2021-08-12 14:19 [dpdk-test-report] |WARNING| pw96847-96850 [PATCH] [v4, 4/4] doc: remove deprecation notice for security fast path change dpdklab
-- strict thread matches above, loose matches on Subject: below --
2021-08-12 12:55 dpdklab
This is a public inbox, see mirroring instructions
for how to clone and mirror all data and code used for this inbox;
as well as URLs for NNTP newsgroup(s).