* [dpdk-test-report] |WARNING| pw96879 [PATCH] [v3, 1/2] drivers/raw: remove octeontx2-dma driver
@ 2021-08-13 9:46 dpdklab
0 siblings, 0 replies; 2+ messages in thread
From: dpdklab @ 2021-08-13 9:46 UTC (permalink / raw)
To: Test Report; +Cc: dpdklab, Radha Mohan Chintakuntla
[-- Attachment #1: Type: text/plain, Size: 2003 bytes --]
Test-Label: iol-spell-check-testing
Test-Status: WARNING
http://dpdk.org/patch/96879
_Testing issues_
Submitter: Radha Mohan Chintakuntla <radhac@marvell.com>
Date: Friday, August 13 2021 07:00:45
DPDK git baseline: Repo:dpdk
Branch: master
CommitID:4ac3f3d76e9507a93bcf48d165ffd3a1faba08bb
96879 --> testing fail
Test environment and result as below:
+--------------+-------------+
| Environment | spell_check |
+==============+=============+
| Ubuntu 20.04 | FAIL |
+--------------+-------------+
==== 20 line log output for Ubuntu 20.04 (spell_check): ====
dpdk/doc/guides/rel_notes/release_20_11.rst:417 wfd-acl
dpdk/doc/guides/rel_notes/release_20_11.rst:500 wmb
dpdk/doc/guides/rel_notes/release_20_11.rst:503 unioned
dpdk/doc/guides/rel_notes/release_20_11.rst:507 unioned
dpdk/doc/guides/rel_notes/release_20_11.rst:518 unioned
dpdk/doc/guides/rel_notes/release_20_11.rst:521 unioned
dpdk/doc/guides/rel_notes/release_20_11.rst:525 unioned
dpdk/doc/guides/rel_notes/release_20_11.rst:627 type-checking
dpdk/doc/guides/rel_notes/release_20_11.rst:647 xtype
dpdk/doc/guides/rel_notes/deprecation.rst:265 vectorization
dpdk/doc/guides/rel_notes/known_issues.rst:894 virtio-pmd
dpdk/doc/guides/rel_notes/known_issues.rst:898 virtio-pmd
dpdk/doc/guides/rel_notes/release_21_08.rst:67 uncompressing
dpdk/doc/guides/rel_notes/release_21_08.rst:162 vectorization
dpdk/doc/guides/rel_notes/release_21_05.rst:200 txgbe
dpdk/doc/guides/rel_notes/release_21_05.rst:202 txgbevf
dpdk/doc/guides/rel_notes/release_21_05.rst:262 vectorize
dpdk/doc/guides/index.rst:22 vdpadevs
dpdk/doc/guides/eventdevs/dlb2.rst:42 user-controlled
Errors found: 231
==== End log output ====
Ubuntu 20.04
Kernel: 4.18.0-240.10.1.el8_3.x86_64
Compiler: gcc 9.3.0-17ubuntu1~20.04
To view detailed results, visit:
https://lab.dpdk.org/results/dashboard/patchsets/18195/
UNH-IOL DPDK Community Lab
To manage your email subscriptions, visit:
https://lab.dpdk.org/results/dashboard/preferences/subscriptions/
^ permalink raw reply [flat|nested] 2+ messages in thread
* [dpdk-test-report] |WARNING| pw96879 [PATCH] [v3, 1/2] drivers/raw: remove octeontx2-dma driver
@ 2021-08-13 11:47 dpdklab
0 siblings, 0 replies; 2+ messages in thread
From: dpdklab @ 2021-08-13 11:47 UTC (permalink / raw)
To: Test Report; +Cc: dpdklab, Radha Mohan Chintakuntla
[-- Attachment #1: Type: text/plain, Size: 6717 bytes --]
Test-Label: iol-abi-testing
Test-Status: WARNING
http://dpdk.org/patch/96879
_Testing issues_
Submitter: Radha Mohan Chintakuntla <radhac@marvell.com>
Date: Friday, August 13 2021 07:00:45
DPDK git baseline: Repo:dpdk
Branch: master
CommitID:4ac3f3d76e9507a93bcf48d165ffd3a1faba08bb
96879 --> testing fail
Test environment and result as below:
+------------------------------------+----------+
| Environment | abi_test |
+====================================+==========+
| Ubuntu 20.04 ARM | FAIL |
+------------------------------------+----------+
| FreeBSD 13 | FAIL |
+------------------------------------+----------+
| Ubuntu 18.04 | FAIL |
+------------------------------------+----------+
| Fedora 33 | FAIL |
+------------------------------------+----------+
| RHEL 7 | FAIL |
+------------------------------------+----------+
| Ubuntu 20.04 | FAIL |
+------------------------------------+----------+
| RHEL8 | FAIL |
+------------------------------------+----------+
| CentOS 8 | FAIL |
+------------------------------------+----------+
| Ubuntu 20.04 ARM cross-compilation | FAIL |
+------------------------------------+----------+
| Fedora 31 | FAIL |
+------------------------------------+----------+
| Arch Linux | FAIL |
+------------------------------------+----------+
| Fedora 32 | FAIL |
+------------------------------------+----------+
| openSUSE Leap 15 | FAIL |
+------------------------------------+----------+
| Fedora 34 | FAIL |
+------------------------------------+----------+
| Fedora 34 clang | FAIL |
+------------------------------------+----------+
| CentOS Stream 8 | FAIL |
+------------------------------------+----------+
==== 20 line log output for CentOS Stream 8 (abi_test): ====
'./librte_vdpa_ifc.so.21.3' -> 'dpdk/pmds-21.3/librte_vdpa_ifc.so.21.3'
'./librte_vdpa_mlx5.so' -> 'dpdk/pmds-21.3/librte_vdpa_mlx5.so'
'./librte_vdpa_mlx5.so.21' -> 'dpdk/pmds-21.3/librte_vdpa_mlx5.so.21'
'./librte_vdpa_mlx5.so.21.3' -> 'dpdk/pmds-21.3/librte_vdpa_mlx5.so.21.3'
Installing /home-local/jenkins-local/jenkins-agent/workspace/Generic-DPDK-Compile-ABI@8/dpdk/drivers/event/dlb2/rte_pmd_dlb2.h to /home-local/jenkins-local/jenkins-agent/workspace/Generic-DPDK-Compile-ABI@8/build_install/usr/local/include/
Installing /home-local/jenkins-local/jenkins-agent/workspace/Generic-DPDK-Compile-ABI@8/dpdk/drivers/baseband/acc100/rte_acc100_cfg.h to /home-local/jenkins-local/jenkins-agent/workspace/Generic-DPDK-Compile-ABI@8/build_install/usr/local/include/
Installing /home-local/jenkins-local/jenkins-agent/workspace/Generic-DPDK-Compile-ABI@8/dpdk/drivers/baseband/fpga_5gnr_fec/rte_pmd_fpga_5gnr_fec.h to /home-local/jenkins-local/jenkins-agent/workspace/Generic-DPDK-Compile-ABI@8/build_install/usr/local/include/
Installing /home-local/jenkins-local/jenkins-agent/workspace/Generic-DPDK-Compile-ABI@8/dpdk/usertools/dpdk-devbind.py to /home-local/jenkins-local/jenkins-agent/workspace/Generic-DPDK-Compile-ABI@8/build_install/usr/local/bin
Installing /home-local/jenkins-local/jenkins-agent/workspace/Generic-DPDK-Compile-ABI@8/dpdk/usertools/dpdk-pmdinfo.py to /home-local/jenkins-local/jenkins-agent/workspace/Generic-DPDK-Compile-ABI@8/build_install/usr/local/bin
Installing /home-local/jenkins-local/jenkins-agent/workspace/Generic-DPDK-Compile-ABI@8/dpdk/usertools/dpdk-telemetry.py to /home-local/jenkins-local/jenkins-agent/workspace/Generic-DPDK-Compile-ABI@8/build_install/usr/local/bin
Installing /home-local/jenkins-local/jenkins-agent/workspace/Generic-DPDK-Compile-ABI@8/dpdk/usertools/dpdk-hugepages.py to /home-local/jenkins-local/jenkins-agent/workspace/Generic-DPDK-Compile-ABI@8/build_install/usr/local/bin
Installing /home-local/jenkins-local/jenkins-agent/workspace/Generic-DPDK-Compile-ABI@8/dpdk/build/rte_build_config.h to /home-local/jenkins-local/jenkins-agent/workspace/Generic-DPDK-Compile-ABI@8/build_install/usr/local/include
Installing /home-local/jenkins-local/jenkins-agent/workspace/Generic-DPDK-Compile-ABI@8/dpdk/build/meson-private/libdpdk-libs.pc to /home-local/jenkins-local/jenkins-agent/workspace/Generic-DPDK-Compile-ABI@8/build_install/usr/local/lib64/pkgconfig
Installing /home-local/jenkins-local/jenkins-agent/workspace/Generic-DPDK-Compile-ABI@8/dpdk/build/meson-private/libdpdk.pc to /home-local/jenkins-local/jenkins-agent/workspace/Generic-DPDK-Compile-ABI@8/build_install/usr/local/lib64/pkgconfig
Running custom install script '/bin/sh /home-local/jenkins-local/jenkins-agent/workspace/Generic-DPDK-Compile-ABI@8/dpdk/config/../buildtools/symlink-drivers-solibs.sh lib64 dpdk/pmds-21.3'
==== Compiled DPDK with debugoptimized
==== Creating reference DPDK ABI
==== Finished
==== Checking ABI
==== End log output ====
Ubuntu 20.04 ARM
Kernel: 5.4.0-53-generic
Compiler: gcc 9.3
FreeBSD 13
Kernel: 13.0
Compiler: clang 11.0.1
Ubuntu 18.04
Kernel: 4.18.0-240.10.1.el8_3.x86_64
Compiler: gcc 7.5.0-3ubuntu1~18.04
Fedora 33
Kernel: 5.4.0-72-generic
Compiler: gcc 10.3.1 20210422 (Red Hat 10.3.1-1)
RHEL 7
Kernel: 4.18.0-240.10.1.el8_3.x86_64
Compiler: gcc 4.8.5 20150623 (Red Hat 4.8.5-44)
Ubuntu 20.04
Kernel: 4.18.0-240.10.1.el8_3.x86_64
Compiler: gcc 9.3.0-17ubuntu1~20.04
RHEL8
Kernel: 4.18.0-240.10.1.el8_3.x86_64
Compiler: gcc 8.3.1 20191121 (Red Hat 8.3.1-5)
CentOS 8
Kernel: 4.18.0-240.10.1.el8_3.x86_64
Compiler: gcc 8.3.1 20191121 (Red Hat 8.3.1-5)
Ubuntu 20.04 ARM cross-compilation
Kernel: 5.4.0-72-generic
Compiler: aarch64-linux-gnu-gcc (Ubuntu 9.3.0-17ubuntu1~20.04) 9.3.0
Fedora 31
Kernel: 4.18.0-240.10.1.el8_3.x86_64
Compiler: gcc 9.3.1
Arch Linux
Kernel: 5.4.0-73-generic
Compiler: gcc 11.1.0
Fedora 32
Kernel: 4.18.0-240.10.1.el8_3.x86_64
Compiler: gcc 10.2.1
openSUSE Leap 15
Kernel: 4.18.0-240.10.1.el8_3.x86_64
Compiler: gcc 7.5.0
Fedora 34
Kernel: 5.4.0-72-generic
Compiler: gcc 11.1.1 20210428 (Red Hat 11.1.1-1)
Fedora 34 clang
Kernel: 5.4.0-72-generic
Compiler: clang 12.0.0 (Fedora 12.0.0-0.3.rc1.fc34)
CentOS Stream 8
Kernel: 4.18.0-240.10.1.el8_3.x86_64
Compiler: gcc 8.4.1 20200928
To view detailed results, visit:
https://lab.dpdk.org/results/dashboard/patchsets/18195/
UNH-IOL DPDK Community Lab
To manage your email subscriptions, visit:
https://lab.dpdk.org/results/dashboard/preferences/subscriptions/
^ permalink raw reply [flat|nested] 2+ messages in thread
end of thread, other threads:[~2021-08-13 11:47 UTC | newest]
Thread overview: 2+ messages (download: mbox.gz / follow: Atom feed)
-- links below jump to the message on this page --
2021-08-13 9:46 [dpdk-test-report] |WARNING| pw96879 [PATCH] [v3, 1/2] drivers/raw: remove octeontx2-dma driver dpdklab
2021-08-13 11:47 dpdklab
This is a public inbox, see mirroring instructions
for how to clone and mirror all data and code used for this inbox;
as well as URLs for NNTP newsgroup(s).