* [dpdk-test-report] |WARNING| pw96911-96916 [PATCH] [v1, 6/6] bbdev: reduce warning level for one scenario
@ 2021-08-13 17:24 dpdklab
0 siblings, 0 replies; 2+ messages in thread
From: dpdklab @ 2021-08-13 17:24 UTC (permalink / raw)
To: Test Report; +Cc: dpdklab, Nicolas Chautru
[-- Attachment #1: Type: text/plain, Size: 1147 bytes --]
Test-Label: iol-spell-check-testing
Test-Status: WARNING
http://dpdk.org/patch/96916
_Testing issues_
Submitter: Nicolas Chautru <nicolas.chautru@intel.com>
Date: Friday, August 13 2021 16:51:25
DPDK git baseline: Repo:dpdk-next-crypto
Branch: master
CommitID:a841afe93695cf38f7d2224761e32b13de478b8c
96911-96916 --> testing fail
Test environment and result as below:
+--------------+-------------+
| Environment | spell_check |
+==============+=============+
| Ubuntu 20.04 | FAIL |
+--------------+-------------+
==== 20 line log output for Ubuntu 20.04 (spell_check): ====
dpdk/doc/guides/prog_guide/bbdev.rst:1063 typicallly
dpdk/doc/guides/prog_guide/bbdev.rst:1063 UE
dpdk/doc/guides/prog_guide/bbdev.rst:1071 rvIndex
dpdk/doc/guides/prog_guide/bbdev.rst:1075 UE
Errors found: 4
==== End log output ====
Ubuntu 20.04
Kernel: 4.18.0-240.10.1.el8_3.x86_64
Compiler: gcc 9.3.0-17ubuntu1~20.04
To view detailed results, visit:
https://lab.dpdk.org/results/dashboard/patchsets/18204/
UNH-IOL DPDK Community Lab
To manage your email subscriptions, visit:
https://lab.dpdk.org/results/dashboard/preferences/subscriptions/
^ permalink raw reply [flat|nested] 2+ messages in thread
* [dpdk-test-report] |WARNING| pw96911-96916 [PATCH] [v1, 6/6] bbdev: reduce warning level for one scenario
@ 2021-08-17 13:27 dpdklab
0 siblings, 0 replies; 2+ messages in thread
From: dpdklab @ 2021-08-17 13:27 UTC (permalink / raw)
To: Test Report; +Cc: dpdklab, Nicolas Chautru
[-- Attachment #1: Type: text/plain, Size: 1007 bytes --]
Test-Label: iol-spell-check-testing
Test-Status: WARNING
http://dpdk.org/patch/96916
_Testing issues_
Submitter: Nicolas Chautru <nicolas.chautru@intel.com>
Date: Friday, August 13 2021 16:51:25
DPDK git baseline: Repo:dpdk-next-crypto
Branch: master
CommitID:a841afe93695cf38f7d2224761e32b13de478b8c
96911-96916 --> testing fail
Test environment and result as below:
+--------------+-------------+
| Environment | spell_check |
+==============+=============+
| Ubuntu 20.04 | FAIL |
+--------------+-------------+
==== 20 line log output for Ubuntu 20.04 (spell_check): ====
dpdk/doc/guides/prog_guide/bbdev.rst:1063 typicallly
Errors found: 1
==== End log output ====
Ubuntu 20.04
Kernel: 4.18.0-240.10.1.el8_3.x86_64
Compiler: gcc 9.3.0-17ubuntu1~20.04
To view detailed results, visit:
https://lab.dpdk.org/results/dashboard/patchsets/18204/
UNH-IOL DPDK Community Lab
To manage your email subscriptions, visit:
https://lab.dpdk.org/results/dashboard/preferences/subscriptions/
^ permalink raw reply [flat|nested] 2+ messages in thread
end of thread, other threads:[~2021-08-17 13:27 UTC | newest]
Thread overview: 2+ messages (download: mbox.gz / follow: Atom feed)
-- links below jump to the message on this page --
2021-08-13 17:24 [dpdk-test-report] |WARNING| pw96911-96916 [PATCH] [v1, 6/6] bbdev: reduce warning level for one scenario dpdklab
2021-08-17 13:27 dpdklab
This is a public inbox, see mirroring instructions
for how to clone and mirror all data and code used for this inbox;
as well as URLs for NNTP newsgroup(s).