* [dpdk-test-report] |FAILURE| [GIT MASTER] 79b3d8cff9d9fae3b176cae3489537ed929e9f03
@ 2021-08-18 19:03 dpdklab
0 siblings, 0 replies; 4+ messages in thread
From: dpdklab @ 2021-08-18 19:03 UTC (permalink / raw)
To: Test Report; +Cc: dpdk-test-reports
[-- Attachment #1: Type: text/plain, Size: 1789 bytes --]
_Testing issues_
Branch: dpdk-next-net
79b3d8cff9d9fae3b176cae3489537ed929e9f03 --> testing fail
Test environment and result as below:
+------------------+----------------+
| Environment | dpdk_unit_test |
+==================+================+
| Ubuntu 20.04 ARM | FAIL |
+------------------+----------------+
==== 20 line log output for Ubuntu 20.04 ARM (dpdk_unit_test): ====
85/94 DPDK:fast-tests / thash_autotest OK 0.32s
86/94 DPDK:fast-tests / trace_autotest OK 0.42s
87/94 DPDK:fast-tests / telemetry_json_autotest OK 0.46s
88/94 DPDK:fast-tests / telemetry_data_autotest OK 0.44s
89/94 DPDK:fast-tests / ring_pmd_autotest OK 0.33s
90/94 DPDK:fast-tests / event_eth_tx_adapter_autotest OK 1.38s
91/94 DPDK:fast-tests / bitratestats_autotest OK 0.31s
92/94 DPDK:fast-tests / latencystats_autotest OK 0.33s
93/94 DPDK:fast-tests / pdump_autotest OK 5.45s
94/94 DPDK:fast-tests / compressdev_autotest SKIP 0.42s exit status 77
Ok: 89
Expected Fail: 0
Fail: 1
Unexpected Pass: 0
Skipped: 4
Timeout: 0
Full log written to /home-local/jenkins-local/jenkins-agent/workspace/Arm-gigabyte-Unit-Test-DPDK/dpdk/build/meson-logs/testlog.txt
==== End log output ====
Ubuntu 20.04 ARM
Kernel: 5.4.0-53-generic
Compiler: gcc 9.3
To view detailed results, visit:
https://lab.dpdk.org/results/dashboard/tarballs/16306/
UNH-IOL DPDK Community Lab
To manage your email subscriptions, visit:
https://lab.dpdk.org/results/dashboard/preferences/subscriptions/
^ permalink raw reply [flat|nested] 4+ messages in thread
* [dpdk-test-report] |FAILURE| [GIT MASTER] 79b3d8cff9d9fae3b176cae3489537ed929e9f03
@ 2021-08-18 18:53 dpdklab
0 siblings, 0 replies; 4+ messages in thread
From: dpdklab @ 2021-08-18 18:53 UTC (permalink / raw)
To: Ferruh Yigit, Test Report, Georgii Tkachuk, Qian Xu, Lijuan Tu
Cc: dpdk-test-reports
[-- Attachment #1: Type: text/plain, Size: 3639 bytes --]
_Performance Testing issues_
Branch: dpdk-next-net
79b3d8cff9d9fae3b176cae3489537ed929e9f03 --> performance testing fail
Test environment and result as below:
Ubuntu 20.04 ARM
Kernel: 4.15.0-132-generic
Compiler: gcc 7.5
NIC: Arm Intel Corporation Ethernet Converged Network Adapter XL710-QDA2 40000 Mbps
Target: x86_64-native-linuxapp-gcc
Fail/Total: 1/2
Detail performance results:
+------------+---------+----------+-------------+------------------------------+
| frame_size | txd/rxd | num_cpus | num_threads | throughput difference from |
| | | | | expected |
+============+=========+==========+=============+==============================+
| 64 | 512 | 1 | 1 | -2.4% |
+------------+---------+----------+-------------+------------------------------+
| 64 | 2048 | 1 | 1 | -48.8% |
+------------+---------+----------+-------------+------------------------------+
Ubuntu 20.04
Kernel: 4.15.0-generic
Compiler: gcc 7.4
NIC: Intel Corporation Ethernet Converged Network Adapter XL710-QDA2 40000 Mbps
Target: x86_64-native-linuxapp-gcc
Fail/Total: 0/4
Detail performance results:
+------------+---------+----------+-------------+------------------------------+
| frame_size | txd/rxd | num_cpus | num_threads | throughput difference from |
| | | | | expected |
+============+=========+==========+=============+==============================+
| 64 | 512 | 1 | 1 | -0.1% |
+------------+---------+----------+-------------+------------------------------+
| 64 | 2048 | 1 | 1 | -0.5% |
+------------+---------+----------+-------------+------------------------------+
| 64 | 512 | 1 | 2 | 2.0% |
+------------+---------+----------+-------------+------------------------------+
| 64 | 2048 | 1 | 2 | 3.2% |
+------------+---------+----------+-------------+------------------------------+
Ubuntu 20.04
Kernel: 4.15.0-generic
Compiler: gcc 7.4
NIC: Intel Corporation Ethernet Converged Network Adapter 82599ES 10000 Mbps
Target: x86_64-native-linuxapp-gcc
Fail/Total: 0/4
Detail performance results:
+------------+---------+----------+-------------+------------------------------+
| frame_size | txd/rxd | num_cpus | num_threads | throughput difference from |
| | | | | expected |
+============+=========+==========+=============+==============================+
| 64 | 512 | 1 | 1 | -0.1% |
+------------+---------+----------+-------------+------------------------------+
| 64 | 2048 | 1 | 1 | 0.1% |
+------------+---------+----------+-------------+------------------------------+
| 64 | 512 | 1 | 2 | -0.0% |
+------------+---------+----------+-------------+------------------------------+
| 64 | 2048 | 1 | 2 | -0.0% |
+------------+---------+----------+-------------+------------------------------+
To view detailed results, visit:
https://lab.dpdk.org/results/dashboard/tarballs/16306/
UNH-IOL DPDK Community Lab
To manage your email subscriptions, visit:
https://lab.dpdk.org/results/dashboard/preferences/subscriptions/
^ permalink raw reply [flat|nested] 4+ messages in thread
* [dpdk-test-report] |FAILURE| [GIT MASTER] 79b3d8cff9d9fae3b176cae3489537ed929e9f03
@ 2021-08-18 18:50 dpdklab
0 siblings, 0 replies; 4+ messages in thread
From: dpdklab @ 2021-08-18 18:50 UTC (permalink / raw)
To: Ferruh Yigit, Test Report, Georgii Tkachuk, Qian Xu, Lijuan Tu
Cc: dpdk-test-reports
[-- Attachment #1: Type: text/plain, Size: 2454 bytes --]
_Performance Testing issues_
Branch: dpdk-next-net
79b3d8cff9d9fae3b176cae3489537ed929e9f03 --> performance testing fail
Test environment and result as below:
Ubuntu 20.04 ARM
Kernel: 4.15.0-132-generic
Compiler: gcc 7.5
NIC: Arm Intel Corporation Ethernet Converged Network Adapter XL710-QDA2 40000 Mbps
Target: x86_64-native-linuxapp-gcc
Fail/Total: 1/2
Detail performance results:
+------------+---------+----------+-------------+------------------------------+
| frame_size | txd/rxd | num_cpus | num_threads | throughput difference from |
| | | | | expected |
+============+=========+==========+=============+==============================+
| 64 | 512 | 1 | 1 | -2.4% |
+------------+---------+----------+-------------+------------------------------+
| 64 | 2048 | 1 | 1 | -48.8% |
+------------+---------+----------+-------------+------------------------------+
Ubuntu 20.04
Kernel: 4.15.0-generic
Compiler: gcc 7.4
NIC: Intel Corporation Ethernet Converged Network Adapter XL710-QDA2 40000 Mbps
Target: x86_64-native-linuxapp-gcc
Fail/Total: 0/4
Detail performance results:
+------------+---------+----------+-------------+------------------------------+
| frame_size | txd/rxd | num_cpus | num_threads | throughput difference from |
| | | | | expected |
+============+=========+==========+=============+==============================+
| 64 | 512 | 1 | 1 | -0.1% |
+------------+---------+----------+-------------+------------------------------+
| 64 | 2048 | 1 | 1 | -0.5% |
+------------+---------+----------+-------------+------------------------------+
| 64 | 512 | 1 | 2 | 2.0% |
+------------+---------+----------+-------------+------------------------------+
| 64 | 2048 | 1 | 2 | 3.2% |
+------------+---------+----------+-------------+------------------------------+
To view detailed results, visit:
https://lab.dpdk.org/results/dashboard/tarballs/16306/
UNH-IOL DPDK Community Lab
To manage your email subscriptions, visit:
https://lab.dpdk.org/results/dashboard/preferences/subscriptions/
^ permalink raw reply [flat|nested] 4+ messages in thread
* [dpdk-test-report] |FAILURE| [GIT MASTER] 79b3d8cff9d9fae3b176cae3489537ed929e9f03
@ 2021-08-18 18:44 dpdklab
0 siblings, 0 replies; 4+ messages in thread
From: dpdklab @ 2021-08-18 18:44 UTC (permalink / raw)
To: Ferruh Yigit, Test Report; +Cc: dpdk-test-reports
[-- Attachment #1: Type: text/plain, Size: 1266 bytes --]
_Performance Testing issues_
Branch: dpdk-next-net
79b3d8cff9d9fae3b176cae3489537ed929e9f03 --> performance testing fail
Test environment and result as below:
Ubuntu 20.04 ARM
Kernel: 4.15.0-132-generic
Compiler: gcc 7.5
NIC: Arm Intel Corporation Ethernet Converged Network Adapter XL710-QDA2 40000 Mbps
Target: x86_64-native-linuxapp-gcc
Fail/Total: 1/2
Detail performance results:
+------------+---------+----------+-------------+------------------------------+
| frame_size | txd/rxd | num_cpus | num_threads | throughput difference from |
| | | | | expected |
+============+=========+==========+=============+==============================+
| 64 | 512 | 1 | 1 | -2.4% |
+------------+---------+----------+-------------+------------------------------+
| 64 | 2048 | 1 | 1 | -48.8% |
+------------+---------+----------+-------------+------------------------------+
To view detailed results, visit:
https://lab.dpdk.org/results/dashboard/tarballs/16306/
UNH-IOL DPDK Community Lab
To manage your email subscriptions, visit:
https://lab.dpdk.org/results/dashboard/preferences/subscriptions/
^ permalink raw reply [flat|nested] 4+ messages in thread
end of thread, other threads:[~2021-08-18 19:03 UTC | newest]
Thread overview: 4+ messages (download: mbox.gz / follow: Atom feed)
-- links below jump to the message on this page --
2021-08-18 19:03 [dpdk-test-report] |FAILURE| [GIT MASTER] 79b3d8cff9d9fae3b176cae3489537ed929e9f03 dpdklab
-- strict thread matches above, loose matches on Subject: below --
2021-08-18 18:53 dpdklab
2021-08-18 18:50 dpdklab
2021-08-18 18:44 dpdklab
This is a public inbox, see mirroring instructions
for how to clone and mirror all data and code used for this inbox;
as well as URLs for NNTP newsgroup(s).