* [dpdk-test-report] |WARNING| pw97182-97191 [PATCH] [v16, 9/9] maintainers: add for dmadev
@ 2021-08-24 16:57 dpdklab
0 siblings, 0 replies; 2+ messages in thread
From: dpdklab @ 2021-08-24 16:57 UTC (permalink / raw)
To: Test Report; +Cc: dpdklab, fengchengwen
[-- Attachment #1: Type: text/plain, Size: 993 bytes --]
Test-Label: iol-spell-check-testing
Test-Status: WARNING
http://dpdk.org/patch/97191
_Testing issues_
Submitter: fengchengwen <fengchengwen@huawei.com>
Date: Monday, August 23 2021 03:31:34
DPDK git baseline: Repo:dpdk
Branch: master
CommitID:fdab8f2e17493192d555cd88cf28b06269174326
97182-97191 --> testing fail
Test environment and result as below:
+--------------+-------------+
| Environment | spell_check |
+==============+=============+
| Ubuntu 20.04 | FAIL |
+--------------+-------------+
==== 20 line log output for Ubuntu 20.04 (spell_check): ====
dpdk/doc/guides/prog_guide/dmadev.rst:111 per-operation
Errors found: 1
==== End log output ====
Ubuntu 20.04
Kernel: 4.18.0-240.10.1.el8_3.x86_64
Compiler: gcc 9.3.0-17ubuntu1~20.04
To view detailed results, visit:
https://lab.dpdk.org/results/dashboard/patchsets/18296/
UNH-IOL DPDK Community Lab
To manage your email subscriptions, visit:
https://lab.dpdk.org/results/dashboard/preferences/subscriptions/
^ permalink raw reply [flat|nested] 2+ messages in thread
* [dpdk-test-report] |WARNING| pw97182-97191 [PATCH] [v16, 9/9] maintainers: add for dmadev
@ 2021-08-23 23:54 dpdklab
0 siblings, 0 replies; 2+ messages in thread
From: dpdklab @ 2021-08-23 23:54 UTC (permalink / raw)
To: Test Report; +Cc: dpdklab, fengchengwen
[-- Attachment #1: Type: text/plain, Size: 1277 bytes --]
Test-Label: iol-spell-check-testing
Test-Status: WARNING
http://dpdk.org/patch/97191
_Testing issues_
Submitter: fengchengwen <fengchengwen@huawei.com>
Date: Monday, August 23 2021 03:31:34
DPDK git baseline: Repo:dpdk
Branch: master
CommitID:fdab8f2e17493192d555cd88cf28b06269174326
97182-97191 --> testing fail
Test environment and result as below:
+--------------+-------------+
| Environment | spell_check |
+==============+=============+
| Ubuntu 20.04 | FAIL |
+--------------+-------------+
==== 20 line log output for Ubuntu 20.04 (spell_check): ====
dpdk/doc/guides/prog_guide/dmadev.rst:48 dmadevs
dpdk/doc/guides/prog_guide/dmadev.rst:83 vchan
dpdk/doc/guides/prog_guide/dmadev.rst:87 vchan
dpdk/doc/guides/prog_guide/dmadev.rst:87 vchan
dpdk/doc/guides/prog_guide/dmadev.rst:88 vchan
dpdk/doc/guides/prog_guide/dmadev.rst:90 vchan
dpdk/doc/guides/prog_guide/dmadev.rst:111 per-operation
Errors found: 7
==== End log output ====
Ubuntu 20.04
Kernel: 4.18.0-240.10.1.el8_3.x86_64
Compiler: gcc 9.3.0-17ubuntu1~20.04
To view detailed results, visit:
https://lab.dpdk.org/results/dashboard/patchsets/18296/
UNH-IOL DPDK Community Lab
To manage your email subscriptions, visit:
https://lab.dpdk.org/results/dashboard/preferences/subscriptions/
^ permalink raw reply [flat|nested] 2+ messages in thread
end of thread, other threads:[~2021-08-24 16:57 UTC | newest]
Thread overview: 2+ messages (download: mbox.gz / follow: Atom feed)
-- links below jump to the message on this page --
2021-08-24 16:57 [dpdk-test-report] |WARNING| pw97182-97191 [PATCH] [v16, 9/9] maintainers: add for dmadev dpdklab
-- strict thread matches above, loose matches on Subject: below --
2021-08-23 23:54 dpdklab
This is a public inbox, see mirroring instructions
for how to clone and mirror all data and code used for this inbox;
as well as URLs for NNTP newsgroup(s).