* [dpdk-test-report] |SUCCESS| pw97332 [PATCH] doc: announce change in dma mapping/unmapping
[not found] <20210825112700.83810-1-xuan.ding@intel.com>
@ 2021-08-25 11:37 ` checkpatch
2021-08-25 13:17 ` [dpdk-test-report] |FAILURE| pw97332 [dpdk-dev] " 0-day Robot
1 sibling, 0 replies; 40+ messages in thread
From: checkpatch @ 2021-08-25 11:37 UTC (permalink / raw)
To: test-report
Test-Label: checkpatch
Test-Status: SUCCESS
http://dpdk.org/patch/97332
_coding style OK_
^ permalink raw reply [flat|nested] 40+ messages in thread
* [dpdk-test-report] |FAILURE| pw97332 [dpdk-dev] [PATCH] doc: announce change in dma mapping/unmapping
[not found] <20210825112700.83810-1-xuan.ding@intel.com>
2021-08-25 11:37 ` [dpdk-test-report] |SUCCESS| pw97332 [PATCH] doc: announce change in dma mapping/unmapping checkpatch
@ 2021-08-25 13:17 ` 0-day Robot
1 sibling, 0 replies; 40+ messages in thread
From: 0-day Robot @ 2021-08-25 13:17 UTC (permalink / raw)
To: test-report; +Cc: xuan.ding, robot
From: robot@bytheb.org
Test-Label: github-robot: build
Test-Status: FAILURE
http://patchwork.dpdk.org/patch/97332/
_github build: failed_
Build URL: https://github.com/ovsrobot/dpdk/actions/runs/1166380899
Build Logs:
-----------------------Summary of failed steps-----------------------
"ubuntu-18.04-gcc-shared-doc+tests" failed at step Build and test
"ubuntu-18.04-clang-shared-doc+tests" failed at step Build and test
----------------------End summary of failed steps--------------------
-------------------------------BEGIN LOGS----------------------------
####################################################################################
#### [Begin job log] "ubuntu-18.04-gcc-shared-doc+tests" at step Build and test
####################################################################################
[2903/3466] Compiling C object 'examples/c590b3c@@dpdk-ipsec-secgw@exe/ipsec-secgw_ipsec_worker.c.o'.
[2904/3466] Compiling C object 'examples/c590b3c@@dpdk-ipsec-secgw@exe/ipsec-secgw_parser.c.o'.
[2905/3466] Compiling C object 'examples/c590b3c@@dpdk-ipsec-secgw@exe/ipsec-secgw_ipsec-secgw.c.o'.
[2906/3466] Compiling C object 'examples/c590b3c@@dpdk-ipsec-secgw@exe/ipsec-secgw_rt.c.o'.
[2907/3466] Compiling C object 'examples/c590b3c@@dpdk-ipsec-secgw@exe/ipsec-secgw_sad.c.o'.
[2908/3466] Compiling C object 'examples/c590b3c@@dpdk-ipsec-secgw@exe/ipsec-secgw_sa.c.o'.
[2909/3466] Compiling C object 'examples/c590b3c@@dpdk-ipsec-secgw@exe/ipsec-secgw_sp4.c.o'.
[2910/3466] Compiling C object 'examples/c590b3c@@dpdk-l2fwd@exe/l2fwd_main.c.o'.
[2911/3466] Compiling C object 'examples/c590b3c@@dpdk-ipsec-secgw@exe/ipsec-secgw_sp6.c.o'.
[2912/3466] Linking target examples/dpdk-ipsec-secgw.
[2913/3466] Linking target examples/dpdk-l2fwd.
[2914/3466] Compiling C object 'examples/c590b3c@@dpdk-kni@exe/kni_main.c.o'.
[2915/3466] Linking target examples/dpdk-kni.
[2916/3466] Compiling C object 'examples/c590b3c@@dpdk-l2fwd-event@exe/l2fwd-event_main.c.o'.
[2917/3466] Compiling C object 'examples/c590b3c@@dpdk-l2fwd-event@exe/l2fwd-event_l2fwd_event.c.o'.
[2918/3466] Generating html_guides with a custom command.
FAILED: doc/guides/html
/usr/bin/python3 ../buildtools/call-sphinx-build.py /usr/bin/sphinx-build 21.11.0-rc0 /home/runner/work/dpdk/dpdk/doc/guides /home/runner/work/dpdk/dpdk/build/doc/guides -W
Warning, treated as error:
/home/runner/work/dpdk/dpdk/doc/guides/rel_notes/deprecation.rst:292:Bullet list ends without a blank line; unexpected unindent.
[2919/3466] Compiling C object 'examples/c590b3c@@dpdk-l2fwd-event@exe/l2fwd-event_l2fwd_common.c.o'.
[2920/3466] Compiling C object 'examples/c590b3c@@dpdk-l2fwd-crypto@exe/l2fwd-crypto_main.c.o'.
ninja: build stopped: subcommand failed.
##[error]Process completed with exit code 1.
####################################################################################
#### [End job log] "ubuntu-18.04-gcc-shared-doc+tests" at step Build and test
####################################################################################
####################################################################################
#### [Begin job log] "ubuntu-18.04-clang-shared-doc+tests" at step Build and test
####################################################################################
[2917/3468] Linking target examples/dpdk-l2fwd.
[2918/3468] Compiling C object 'examples/c590b3c@@dpdk-l2fwd-event@exe/l2fwd-event_l2fwd_event.c.o'.
[2919/3468] Compiling C object 'examples/c590b3c@@dpdk-l2fwd-event@exe/l2fwd-event_main.c.o'.
[2920/3468] Compiling C object 'examples/c590b3c@@dpdk-l2fwd-event@exe/l2fwd-event_l2fwd_common.c.o'.
[2921/3468] Compiling C object 'examples/c590b3c@@dpdk-l2fwd-keepalive@exe/l2fwd-keepalive_shm.c.o'.
[2922/3468] Compiling C object 'examples/c590b3c@@dpdk-l3fwd@exe/l3fwd_l3fwd_em.c.o'.
[2923/3468] Compiling C object 'examples/c590b3c@@dpdk-l2fwd-jobstats@exe/l2fwd-jobstats_main.c.o'.
[2924/3468] Compiling C object 'examples/c590b3c@@dpdk-l2fwd-crypto@exe/l2fwd-crypto_main.c.o'.
[2925/3468] Compiling C object 'examples/c590b3c@@dpdk-l2fwd-event@exe/l2fwd-event_l2fwd_event_generic.c.o'.
[2926/3468] Linking target examples/dpdk-l2fwd-crypto.
[2927/3468] Compiling C object 'examples/c590b3c@@dpdk-l2fwd-event@exe/l2fwd-event_l2fwd_event_internal_port.c.o'.
[2928/3468] Compiling C object 'examples/c590b3c@@dpdk-l2fwd-event@exe/l2fwd-event_l2fwd_poll.c.o'.
[2929/3468] Linking target examples/dpdk-l2fwd-jobstats.
[2930/3468] Linking target examples/dpdk-l2fwd-event.
[2931/3468] Compiling C object 'examples/c590b3c@@dpdk-l3fwd@exe/l3fwd_l3fwd_event.c.o'.
[2932/3468] Generating html_guides with a custom command.
FAILED: doc/guides/html
/usr/bin/python3 ../buildtools/call-sphinx-build.py /usr/bin/sphinx-build 21.11.0-rc0 /home/runner/work/dpdk/dpdk/doc/guides /home/runner/work/dpdk/dpdk/build/doc/guides -W
Warning, treated as error:
/home/runner/work/dpdk/dpdk/doc/guides/rel_notes/deprecation.rst:292:Bullet list ends without a blank line; unexpected unindent.
[2933/3468] Compiling C object 'examples/c590b3c@@dpdk-l3fwd@exe/l3fwd_l3fwd_event_internal_port.c.o'.
[2934/3468] Compiling C object 'examples/c590b3c@@dpdk-l2fwd-keepalive@exe/l2fwd-keepalive_main.c.o'.
ninja: build stopped: subcommand failed.
##[error]Process completed with exit code 1.
####################################################################################
#### [End job log] "ubuntu-18.04-clang-shared-doc+tests" at step Build and test
####################################################################################
--------------------------------END LOGS-----------------------------
^ permalink raw reply [flat|nested] 40+ messages in thread
* [dpdk-test-report] |SUCCESS| pw97332 [PATCH] doc: announce change in dma mapping/unmapping
@ 2021-08-26 1:24 dpdklab
0 siblings, 0 replies; 40+ messages in thread
From: dpdklab @ 2021-08-26 1:24 UTC (permalink / raw)
To: Test Report; +Cc: dpdklab
[-- Attachment #1: Type: text/plain, Size: 2775 bytes --]
Test-Label: iol-x86_64-unit-testing
Test-Status: SUCCESS
http://dpdk.org/patch/97332
_Testing PASS_
Submitter: Xuan Ding <xuan.ding@intel.com>
Date: Wednesday, August 25 2021 11:27:00
DPDK git baseline: Repo:dpdk
Branch: master
CommitID:fdab8f2e17493192d555cd88cf28b06269174326
97332 --> testing pass
Test environment and result as below:
+------------------+----------------+
| Environment | dpdk_unit_test |
+==================+================+
| Arch Linux | PASS |
+------------------+----------------+
| Ubuntu 18.04 | PASS |
+------------------+----------------+
| CentOS 8 | PASS |
+------------------+----------------+
| CentOS Stream 8 | PASS |
+------------------+----------------+
| Fedora 31 | PASS |
+------------------+----------------+
| Fedora 32 | PASS |
+------------------+----------------+
| openSUSE Leap 15 | PASS |
+------------------+----------------+
| RHEL 7 | PASS |
+------------------+----------------+
| RHEL8 | PASS |
+------------------+----------------+
| Ubuntu 20.04 | PASS |
+------------------+----------------+
| Fedora 34 | PASS |
+------------------+----------------+
| Fedora 33 | PASS |
+------------------+----------------+
| Fedora 34 clang | PASS |
+------------------+----------------+
Arch Linux
Kernel: 5.4.0-73-generic
Compiler: gcc 11.1.0
Ubuntu 18.04
Kernel: 4.18.0-240.10.1.el8_3.x86_64
Compiler: gcc 7.5.0-3ubuntu1~18.04
CentOS 8
Kernel: 4.18.0-240.10.1.el8_3.x86_64
Compiler: gcc 8.3.1 20191121 (Red Hat 8.3.1-5)
CentOS Stream 8
Kernel: 4.18.0-240.10.1.el8_3.x86_64
Compiler: gcc 8.4.1 20200928
Fedora 31
Kernel: 4.18.0-240.10.1.el8_3.x86_64
Compiler: gcc 9.3.1
Fedora 32
Kernel: 4.18.0-240.10.1.el8_3.x86_64
Compiler: gcc 10.2.1
openSUSE Leap 15
Kernel: 4.18.0-240.10.1.el8_3.x86_64
Compiler: gcc 7.5.0
RHEL 7
Kernel: 4.18.0-240.10.1.el8_3.x86_64
Compiler: gcc 4.8.5 20150623 (Red Hat 4.8.5-44)
RHEL8
Kernel: 4.18.0-240.10.1.el8_3.x86_64
Compiler: gcc 8.3.1 20191121 (Red Hat 8.3.1-5)
Ubuntu 20.04
Kernel: 4.18.0-240.10.1.el8_3.x86_64
Compiler: gcc 9.3.0-17ubuntu1~20.04
Fedora 34
Kernel: 5.4.0-72-generic
Compiler: gcc 11.1.1 20210428 (Red Hat 11.1.1-1)
Fedora 33
Kernel: 5.4.0-72-generic
Compiler: gcc 10.3.1 20210422 (Red Hat 10.3.1-1)
Fedora 34 clang
Kernel: 5.4.0-72-generic
Compiler: clang 12.0.0 (Fedora 12.0.0-0.3.rc1.fc34)
To view detailed results, visit:
https://lab.dpdk.org/results/dashboard/patchsets/18346/
UNH-IOL DPDK Community Lab
To manage your email subscriptions, visit:
https://lab.dpdk.org/results/dashboard/preferences/subscriptions/
^ permalink raw reply [flat|nested] 40+ messages in thread
* [dpdk-test-report] |SUCCESS| pw97332 [PATCH] doc: announce change in dma mapping/unmapping
@ 2021-08-26 0:51 dpdklab
0 siblings, 0 replies; 40+ messages in thread
From: dpdklab @ 2021-08-26 0:51 UTC (permalink / raw)
To: Test Report; +Cc: dpdklab
[-- Attachment #1: Type: text/plain, Size: 2775 bytes --]
Test-Label: iol-x86_64-unit-testing
Test-Status: SUCCESS
http://dpdk.org/patch/97332
_Testing PASS_
Submitter: Xuan Ding <xuan.ding@intel.com>
Date: Wednesday, August 25 2021 11:27:00
DPDK git baseline: Repo:dpdk
Branch: master
CommitID:fdab8f2e17493192d555cd88cf28b06269174326
97332 --> testing pass
Test environment and result as below:
+------------------+----------------+
| Environment | dpdk_unit_test |
+==================+================+
| Arch Linux | PASS |
+------------------+----------------+
| Ubuntu 18.04 | PASS |
+------------------+----------------+
| CentOS Stream 8 | PASS |
+------------------+----------------+
| CentOS 8 | PASS |
+------------------+----------------+
| Fedora 32 | PASS |
+------------------+----------------+
| Fedora 31 | PASS |
+------------------+----------------+
| openSUSE Leap 15 | PASS |
+------------------+----------------+
| RHEL 7 | PASS |
+------------------+----------------+
| RHEL8 | PASS |
+------------------+----------------+
| Fedora 34 | PASS |
+------------------+----------------+
| Ubuntu 20.04 | PASS |
+------------------+----------------+
| Fedora 33 | PASS |
+------------------+----------------+
| Fedora 34 clang | PASS |
+------------------+----------------+
Arch Linux
Kernel: 5.4.0-73-generic
Compiler: gcc 11.1.0
Ubuntu 18.04
Kernel: 4.18.0-240.10.1.el8_3.x86_64
Compiler: gcc 7.5.0-3ubuntu1~18.04
CentOS Stream 8
Kernel: 4.18.0-240.10.1.el8_3.x86_64
Compiler: gcc 8.4.1 20200928
CentOS 8
Kernel: 4.18.0-240.10.1.el8_3.x86_64
Compiler: gcc 8.3.1 20191121 (Red Hat 8.3.1-5)
Fedora 32
Kernel: 4.18.0-240.10.1.el8_3.x86_64
Compiler: gcc 10.2.1
Fedora 31
Kernel: 4.18.0-240.10.1.el8_3.x86_64
Compiler: gcc 9.3.1
openSUSE Leap 15
Kernel: 4.18.0-240.10.1.el8_3.x86_64
Compiler: gcc 7.5.0
RHEL 7
Kernel: 4.18.0-240.10.1.el8_3.x86_64
Compiler: gcc 4.8.5 20150623 (Red Hat 4.8.5-44)
RHEL8
Kernel: 4.18.0-240.10.1.el8_3.x86_64
Compiler: gcc 8.3.1 20191121 (Red Hat 8.3.1-5)
Fedora 34
Kernel: 5.4.0-72-generic
Compiler: gcc 11.1.1 20210428 (Red Hat 11.1.1-1)
Ubuntu 20.04
Kernel: 4.18.0-240.10.1.el8_3.x86_64
Compiler: gcc 9.3.0-17ubuntu1~20.04
Fedora 33
Kernel: 5.4.0-72-generic
Compiler: gcc 10.3.1 20210422 (Red Hat 10.3.1-1)
Fedora 34 clang
Kernel: 5.4.0-72-generic
Compiler: clang 12.0.0 (Fedora 12.0.0-0.3.rc1.fc34)
To view detailed results, visit:
https://lab.dpdk.org/results/dashboard/patchsets/18346/
UNH-IOL DPDK Community Lab
To manage your email subscriptions, visit:
https://lab.dpdk.org/results/dashboard/preferences/subscriptions/
^ permalink raw reply [flat|nested] 40+ messages in thread
* [dpdk-test-report] |SUCCESS| pw97332 [PATCH] doc: announce change in dma mapping/unmapping
@ 2021-08-26 0:26 dpdklab
0 siblings, 0 replies; 40+ messages in thread
From: dpdklab @ 2021-08-26 0:26 UTC (permalink / raw)
To: Test Report; +Cc: dpdk-test-reports
[-- Attachment #1: Type: text/plain, Size: 4977 bytes --]
Test-Label: iol-x86_64-compile-testing
Test-Status: SUCCESS
http://dpdk.org/patch/97332
_Testing PASS_
Submitter: Xuan Ding <xuan.ding@intel.com>
Date: Wednesday, August 25 2021 11:27:00
DPDK git baseline: Repo:dpdk
Branch: master
CommitID:fdab8f2e17493192d555cd88cf28b06269174326
97332 --> testing pass
Test environment and result as below:
+---------------------+--------------------+----------------------+-------------------+
| Environment | dpdk_meson_compile | dpdk_mingw64_compile | dpdk_compile_spdk |
+=====================+====================+======================+===================+
| Windows Server 2019 | PASS | PASS | SKIPPED |
+---------------------+--------------------+----------------------+-------------------+
| Fedora 31 | PASS | SKIPPED | SKIPPED |
+---------------------+--------------------+----------------------+-------------------+
| FreeBSD 13 | PASS | SKIPPED | SKIPPED |
+---------------------+--------------------+----------------------+-------------------+
| CentOS 8 | PASS | SKIPPED | SKIPPED |
+---------------------+--------------------+----------------------+-------------------+
| Ubuntu 18.04 | PASS | SKIPPED | PASS |
+---------------------+--------------------+----------------------+-------------------+
| CentOS Stream 8 | PASS | SKIPPED | SKIPPED |
+---------------------+--------------------+----------------------+-------------------+
| openSUSE Leap 15 | PASS | SKIPPED | SKIPPED |
+---------------------+--------------------+----------------------+-------------------+
| Fedora 32 | PASS | SKIPPED | SKIPPED |
+---------------------+--------------------+----------------------+-------------------+
| Ubuntu 20.04 | PASS | SKIPPED | SKIPPED |
+---------------------+--------------------+----------------------+-------------------+
| RHEL8 | PASS | SKIPPED | SKIPPED |
+---------------------+--------------------+----------------------+-------------------+
| RHEL 7 | PASS | SKIPPED | SKIPPED |
+---------------------+--------------------+----------------------+-------------------+
| Arch Linux | PASS | SKIPPED | SKIPPED |
+---------------------+--------------------+----------------------+-------------------+
| Fedora 34 | PASS | SKIPPED | SKIPPED |
+---------------------+--------------------+----------------------+-------------------+
| Alpine | PASS | SKIPPED | SKIPPED |
+---------------------+--------------------+----------------------+-------------------+
| Fedora 33 | PASS | SKIPPED | SKIPPED |
+---------------------+--------------------+----------------------+-------------------+
| Fedora 34 clang | PASS | SKIPPED | SKIPPED |
+---------------------+--------------------+----------------------+-------------------+
Windows Server 2019
Kernel: 10.0
Compiler: clang 9.0 and gcc 8.1.0 (MinGW)
Fedora 31
Kernel: 4.18.0-240.10.1.el8_3.x86_64
Compiler: gcc 9.3.1
FreeBSD 13
Kernel: 13.0
Compiler: clang 11.0.1
CentOS 8
Kernel: 4.18.0-240.10.1.el8_3.x86_64
Compiler: gcc 8.3.1 20191121 (Red Hat 8.3.1-5)
Ubuntu 18.04
Kernel: 4.18.0-240.10.1.el8_3.x86_64
Compiler: gcc 7.5.0-3ubuntu1~18.04
CentOS Stream 8
Kernel: 4.18.0-240.10.1.el8_3.x86_64
Compiler: gcc 8.4.1 20200928
openSUSE Leap 15
Kernel: 4.18.0-240.10.1.el8_3.x86_64
Compiler: gcc 7.5.0
Fedora 32
Kernel: 4.18.0-240.10.1.el8_3.x86_64
Compiler: gcc 10.2.1
Ubuntu 20.04
Kernel: 4.18.0-240.10.1.el8_3.x86_64
Compiler: gcc 9.3.0-17ubuntu1~20.04
RHEL8
Kernel: 4.18.0-240.10.1.el8_3.x86_64
Compiler: gcc 8.3.1 20191121 (Red Hat 8.3.1-5)
RHEL 7
Kernel: 4.18.0-240.10.1.el8_3.x86_64
Compiler: gcc 4.8.5 20150623 (Red Hat 4.8.5-44)
Arch Linux
Kernel: 5.4.0-73-generic
Compiler: gcc 11.1.0
Fedora 34
Kernel: 5.4.0-72-generic
Compiler: gcc 11.1.1 20210428 (Red Hat 11.1.1-1)
Alpine
Kernel: 5.4.0-73-generic
Compiler: gcc (Alpine 10.3.1_git20210424) 10.3.1 20210424
Fedora 33
Kernel: 5.4.0-72-generic
Compiler: gcc 10.3.1 20210422 (Red Hat 10.3.1-1)
Fedora 34 clang
Kernel: 5.4.0-72-generic
Compiler: clang 12.0.0 (Fedora 12.0.0-0.3.rc1.fc34)
To view detailed results, visit:
https://lab.dpdk.org/results/dashboard/patchsets/18346/
UNH-IOL DPDK Community Lab
To manage your email subscriptions, visit:
https://lab.dpdk.org/results/dashboard/preferences/subscriptions/
^ permalink raw reply [flat|nested] 40+ messages in thread
* [dpdk-test-report] |SUCCESS| pw97332 [PATCH] doc: announce change in dma mapping/unmapping
@ 2021-08-25 23:45 dpdklab
0 siblings, 0 replies; 40+ messages in thread
From: dpdklab @ 2021-08-25 23:45 UTC (permalink / raw)
To: Test Report; +Cc: dpdk-test-reports
[-- Attachment #1: Type: text/plain, Size: 4977 bytes --]
Test-Label: iol-x86_64-compile-testing
Test-Status: SUCCESS
http://dpdk.org/patch/97332
_Testing PASS_
Submitter: Xuan Ding <xuan.ding@intel.com>
Date: Wednesday, August 25 2021 11:27:00
DPDK git baseline: Repo:dpdk
Branch: master
CommitID:fdab8f2e17493192d555cd88cf28b06269174326
97332 --> testing pass
Test environment and result as below:
+---------------------+--------------------+----------------------+-------------------+
| Environment | dpdk_meson_compile | dpdk_mingw64_compile | dpdk_compile_spdk |
+=====================+====================+======================+===================+
| Windows Server 2019 | PASS | PASS | SKIPPED |
+---------------------+--------------------+----------------------+-------------------+
| Fedora 31 | PASS | SKIPPED | SKIPPED |
+---------------------+--------------------+----------------------+-------------------+
| FreeBSD 13 | PASS | SKIPPED | SKIPPED |
+---------------------+--------------------+----------------------+-------------------+
| Ubuntu 18.04 | PASS | SKIPPED | PASS |
+---------------------+--------------------+----------------------+-------------------+
| CentOS 8 | PASS | SKIPPED | SKIPPED |
+---------------------+--------------------+----------------------+-------------------+
| openSUSE Leap 15 | PASS | SKIPPED | SKIPPED |
+---------------------+--------------------+----------------------+-------------------+
| CentOS Stream 8 | PASS | SKIPPED | SKIPPED |
+---------------------+--------------------+----------------------+-------------------+
| Ubuntu 20.04 | PASS | SKIPPED | SKIPPED |
+---------------------+--------------------+----------------------+-------------------+
| Fedora 32 | PASS | SKIPPED | SKIPPED |
+---------------------+--------------------+----------------------+-------------------+
| RHEL8 | PASS | SKIPPED | SKIPPED |
+---------------------+--------------------+----------------------+-------------------+
| RHEL 7 | PASS | SKIPPED | SKIPPED |
+---------------------+--------------------+----------------------+-------------------+
| Arch Linux | PASS | SKIPPED | SKIPPED |
+---------------------+--------------------+----------------------+-------------------+
| Fedora 34 | PASS | SKIPPED | SKIPPED |
+---------------------+--------------------+----------------------+-------------------+
| Alpine | PASS | SKIPPED | SKIPPED |
+---------------------+--------------------+----------------------+-------------------+
| Fedora 33 | PASS | SKIPPED | SKIPPED |
+---------------------+--------------------+----------------------+-------------------+
| Fedora 34 clang | PASS | SKIPPED | SKIPPED |
+---------------------+--------------------+----------------------+-------------------+
Windows Server 2019
Kernel: 10.0
Compiler: clang 9.0 and gcc 8.1.0 (MinGW)
Fedora 31
Kernel: 4.18.0-240.10.1.el8_3.x86_64
Compiler: gcc 9.3.1
FreeBSD 13
Kernel: 13.0
Compiler: clang 11.0.1
Ubuntu 18.04
Kernel: 4.18.0-240.10.1.el8_3.x86_64
Compiler: gcc 7.5.0-3ubuntu1~18.04
CentOS 8
Kernel: 4.18.0-240.10.1.el8_3.x86_64
Compiler: gcc 8.3.1 20191121 (Red Hat 8.3.1-5)
openSUSE Leap 15
Kernel: 4.18.0-240.10.1.el8_3.x86_64
Compiler: gcc 7.5.0
CentOS Stream 8
Kernel: 4.18.0-240.10.1.el8_3.x86_64
Compiler: gcc 8.4.1 20200928
Ubuntu 20.04
Kernel: 4.18.0-240.10.1.el8_3.x86_64
Compiler: gcc 9.3.0-17ubuntu1~20.04
Fedora 32
Kernel: 4.18.0-240.10.1.el8_3.x86_64
Compiler: gcc 10.2.1
RHEL8
Kernel: 4.18.0-240.10.1.el8_3.x86_64
Compiler: gcc 8.3.1 20191121 (Red Hat 8.3.1-5)
RHEL 7
Kernel: 4.18.0-240.10.1.el8_3.x86_64
Compiler: gcc 4.8.5 20150623 (Red Hat 4.8.5-44)
Arch Linux
Kernel: 5.4.0-73-generic
Compiler: gcc 11.1.0
Fedora 34
Kernel: 5.4.0-72-generic
Compiler: gcc 11.1.1 20210428 (Red Hat 11.1.1-1)
Alpine
Kernel: 5.4.0-73-generic
Compiler: gcc (Alpine 10.3.1_git20210424) 10.3.1 20210424
Fedora 33
Kernel: 5.4.0-72-generic
Compiler: gcc 10.3.1 20210422 (Red Hat 10.3.1-1)
Fedora 34 clang
Kernel: 5.4.0-72-generic
Compiler: clang 12.0.0 (Fedora 12.0.0-0.3.rc1.fc34)
To view detailed results, visit:
https://lab.dpdk.org/results/dashboard/patchsets/18346/
UNH-IOL DPDK Community Lab
To manage your email subscriptions, visit:
https://lab.dpdk.org/results/dashboard/preferences/subscriptions/
^ permalink raw reply [flat|nested] 40+ messages in thread
* [dpdk-test-report] |SUCCESS| pw97332 [PATCH] doc: announce change in dma mapping/unmapping
@ 2021-08-25 18:37 dpdklab
0 siblings, 0 replies; 40+ messages in thread
From: dpdklab @ 2021-08-25 18:37 UTC (permalink / raw)
To: Test Report; +Cc: dpdklab
[-- Attachment #1: Type: text/plain, Size: 1198 bytes --]
Test-Label: iol-aarch64-compile-testing
Test-Status: SUCCESS
http://dpdk.org/patch/97332
_Testing PASS_
Submitter: Xuan Ding <xuan.ding@intel.com>
Date: Wednesday, August 25 2021 11:27:00
DPDK git baseline: Repo:dpdk
Branch: master
CommitID:fdab8f2e17493192d555cd88cf28b06269174326
97332 --> testing pass
Test environment and result as below:
+------------------------------------+--------------------+
| Environment | dpdk_meson_compile |
+====================================+====================+
| Ubuntu 20.04 ARM | PASS |
+------------------------------------+--------------------+
| Ubuntu 20.04 ARM cross-compilation | PASS |
+------------------------------------+--------------------+
Ubuntu 20.04 ARM
Kernel: 5.4.0-53-generic
Compiler: gcc 9.3
Ubuntu 20.04 ARM cross-compilation
Kernel: 5.4.0-72-generic
Compiler: aarch64-linux-gnu-gcc (Ubuntu 9.3.0-17ubuntu1~20.04) 9.3.0
To view detailed results, visit:
https://lab.dpdk.org/results/dashboard/patchsets/18346/
UNH-IOL DPDK Community Lab
To manage your email subscriptions, visit:
https://lab.dpdk.org/results/dashboard/preferences/subscriptions/
^ permalink raw reply [flat|nested] 40+ messages in thread
* [dpdk-test-report] |SUCCESS| pw97332 [PATCH] doc: announce change in dma mapping/unmapping
@ 2021-08-25 17:08 dpdklab
0 siblings, 0 replies; 40+ messages in thread
From: dpdklab @ 2021-08-25 17:08 UTC (permalink / raw)
To: Ali Alnubani, Test Report; +Cc: dpdk-test-reports
[-- Attachment #1: Type: text/plain, Size: 4527 bytes --]
Test-Label: iol-mellanox-Performance
Test-Status: SUCCESS
http://dpdk.org/patch/97332
_Performance Testing PASS_
Submitter: Xuan Ding <xuan.ding@intel.com>
Date: Wednesday, August 25 2021 11:27:00
DPDK git baseline: Repo:dpdk
Branch: master
CommitID:fdab8f2e17493192d555cd88cf28b06269174326
97332 --> performance testing pass
Test environment and result as below:
Ubuntu 20.04
Kernel: 4.15.0-generic
Compiler: gcc 7.4
NIC: Mellanox ConnectX-4 Lx 40000 Mbps
Target: x86_64-native-linuxapp-gcc
Fail/Total: 0/5
Detail performance results:
+------------+---------+----------+-------------+------------------------------+
| frame_size | txd/rxd | num_cpus | num_threads | throughput difference from |
| | | | | expected |
+============+=========+==========+=============+==============================+
| 64 | 256 | 1 | 1 | 0.5% |
+------------+---------+----------+-------------+------------------------------+
| 128 | 256 | 1 | 1 | -0.1% |
+------------+---------+----------+-------------+------------------------------+
| 256 | 256 | 1 | 1 | 0.1% |
+------------+---------+----------+-------------+------------------------------+
| 1518 | 256 | 1 | 1 | -0.2% |
+------------+---------+----------+-------------+------------------------------+
| 1024 | 256 | 1 | 1 | 0.1% |
+------------+---------+----------+-------------+------------------------------+
Ubuntu 20.04
Kernel: 4.15.0-generic
Compiler: gcc 7.4
NIC: Mellanox ConnectX-4 Lx 25000 Mbps
Target: x86_64-native-linuxapp-gcc
Fail/Total: 0/5
Detail performance results:
+------------+---------+----------+-------------+------------------------------+
| frame_size | txd/rxd | num_cpus | num_threads | throughput difference from |
| | | | | expected |
+============+=========+==========+=============+==============================+
| 64 | 256 | 1 | 1 | 0.5% |
+------------+---------+----------+-------------+------------------------------+
| 128 | 256 | 1 | 1 | -0.1% |
+------------+---------+----------+-------------+------------------------------+
| 256 | 256 | 1 | 1 | -0.3% |
+------------+---------+----------+-------------+------------------------------+
| 1518 | 256 | 1 | 1 | 0.2% |
+------------+---------+----------+-------------+------------------------------+
| 1024 | 256 | 1 | 1 | -0.1% |
+------------+---------+----------+-------------+------------------------------+
Ubuntu 20.04
Kernel: 4.15.0-generic
Compiler: gcc 7.4
NIC: Mellanox ConnectX-5 100000 Mbps
Target: x86_64-native-linuxapp-gcc
Fail/Total: 0/5
Detail performance results:
+------------+---------+----------+-------------+------------------------------+
| frame_size | txd/rxd | num_cpus | num_threads | throughput difference from |
| | | | | expected |
+============+=========+==========+=============+==============================+
| 64 | 256 | 1 | 1 | -0.0% |
+------------+---------+----------+-------------+------------------------------+
| 128 | 256 | 1 | 1 | -0.1% |
+------------+---------+----------+-------------+------------------------------+
| 256 | 256 | 1 | 1 | -0.1% |
+------------+---------+----------+-------------+------------------------------+
| 1518 | 256 | 1 | 1 | 0.1% |
+------------+---------+----------+-------------+------------------------------+
| 1024 | 256 | 1 | 1 | -0.3% |
+------------+---------+----------+-------------+------------------------------+
To view detailed results, visit:
https://lab.dpdk.org/results/dashboard/patchsets/18346/
UNH-IOL DPDK Community Lab
To manage your email subscriptions, visit:
https://lab.dpdk.org/results/dashboard/preferences/subscriptions/
^ permalink raw reply [flat|nested] 40+ messages in thread
* [dpdk-test-report] |SUCCESS| pw97332 [PATCH] doc: announce change in dma mapping/unmapping
@ 2021-08-25 16:47 dpdklab
0 siblings, 0 replies; 40+ messages in thread
From: dpdklab @ 2021-08-25 16:47 UTC (permalink / raw)
To: Ali Alnubani, Test Report; +Cc: dpdk-test-reports
[-- Attachment #1: Type: text/plain, Size: 3220 bytes --]
Test-Label: iol-mellanox-Performance
Test-Status: SUCCESS
http://dpdk.org/patch/97332
_Performance Testing PASS_
Submitter: Xuan Ding <xuan.ding@intel.com>
Date: Wednesday, August 25 2021 11:27:00
DPDK git baseline: Repo:dpdk
Branch: master
CommitID:fdab8f2e17493192d555cd88cf28b06269174326
97332 --> performance testing pass
Test environment and result as below:
Ubuntu 20.04
Kernel: 4.15.0-generic
Compiler: gcc 7.4
NIC: Mellanox ConnectX-4 Lx 40000 Mbps
Target: x86_64-native-linuxapp-gcc
Fail/Total: 0/5
Detail performance results:
+------------+---------+----------+-------------+------------------------------+
| frame_size | txd/rxd | num_cpus | num_threads | throughput difference from |
| | | | | expected |
+============+=========+==========+=============+==============================+
| 64 | 256 | 1 | 1 | 0.5% |
+------------+---------+----------+-------------+------------------------------+
| 128 | 256 | 1 | 1 | -0.1% |
+------------+---------+----------+-------------+------------------------------+
| 256 | 256 | 1 | 1 | 0.1% |
+------------+---------+----------+-------------+------------------------------+
| 1518 | 256 | 1 | 1 | -0.2% |
+------------+---------+----------+-------------+------------------------------+
| 1024 | 256 | 1 | 1 | 0.1% |
+------------+---------+----------+-------------+------------------------------+
Ubuntu 20.04
Kernel: 4.15.0-generic
Compiler: gcc 7.4
NIC: Mellanox ConnectX-4 Lx 25000 Mbps
Target: x86_64-native-linuxapp-gcc
Fail/Total: 0/5
Detail performance results:
+------------+---------+----------+-------------+------------------------------+
| frame_size | txd/rxd | num_cpus | num_threads | throughput difference from |
| | | | | expected |
+============+=========+==========+=============+==============================+
| 64 | 256 | 1 | 1 | 0.5% |
+------------+---------+----------+-------------+------------------------------+
| 128 | 256 | 1 | 1 | -0.1% |
+------------+---------+----------+-------------+------------------------------+
| 256 | 256 | 1 | 1 | -0.3% |
+------------+---------+----------+-------------+------------------------------+
| 1518 | 256 | 1 | 1 | 0.2% |
+------------+---------+----------+-------------+------------------------------+
| 1024 | 256 | 1 | 1 | -0.1% |
+------------+---------+----------+-------------+------------------------------+
To view detailed results, visit:
https://lab.dpdk.org/results/dashboard/patchsets/18346/
UNH-IOL DPDK Community Lab
To manage your email subscriptions, visit:
https://lab.dpdk.org/results/dashboard/preferences/subscriptions/
^ permalink raw reply [flat|nested] 40+ messages in thread
* [dpdk-test-report] |SUCCESS| pw97332 [PATCH] doc: announce change in dma mapping/unmapping
@ 2021-08-25 16:33 dpdklab
0 siblings, 0 replies; 40+ messages in thread
From: dpdklab @ 2021-08-25 16:33 UTC (permalink / raw)
To: Ali Alnubani, Test Report; +Cc: dpdk-test-reports
[-- Attachment #1: Type: text/plain, Size: 1911 bytes --]
Test-Label: iol-mellanox-Performance
Test-Status: SUCCESS
http://dpdk.org/patch/97332
_Performance Testing PASS_
Submitter: Xuan Ding <xuan.ding@intel.com>
Date: Wednesday, August 25 2021 11:27:00
DPDK git baseline: Repo:dpdk
Branch: master
CommitID:fdab8f2e17493192d555cd88cf28b06269174326
97332 --> performance testing pass
Test environment and result as below:
Ubuntu 20.04
Kernel: 4.15.0-generic
Compiler: gcc 7.4
NIC: Mellanox ConnectX-4 Lx 40000 Mbps
Target: x86_64-native-linuxapp-gcc
Fail/Total: 0/5
Detail performance results:
+------------+---------+----------+-------------+------------------------------+
| frame_size | txd/rxd | num_cpus | num_threads | throughput difference from |
| | | | | expected |
+============+=========+==========+=============+==============================+
| 64 | 256 | 1 | 1 | 0.5% |
+------------+---------+----------+-------------+------------------------------+
| 128 | 256 | 1 | 1 | -0.1% |
+------------+---------+----------+-------------+------------------------------+
| 256 | 256 | 1 | 1 | 0.1% |
+------------+---------+----------+-------------+------------------------------+
| 1518 | 256 | 1 | 1 | -0.2% |
+------------+---------+----------+-------------+------------------------------+
| 1024 | 256 | 1 | 1 | 0.1% |
+------------+---------+----------+-------------+------------------------------+
To view detailed results, visit:
https://lab.dpdk.org/results/dashboard/patchsets/18346/
UNH-IOL DPDK Community Lab
To manage your email subscriptions, visit:
https://lab.dpdk.org/results/dashboard/preferences/subscriptions/
^ permalink raw reply [flat|nested] 40+ messages in thread
* [dpdk-test-report] |SUCCESS| pw97332 [PATCH] doc: announce change in dma mapping/unmapping
@ 2021-08-25 16:17 dpdklab
0 siblings, 0 replies; 40+ messages in thread
From: dpdklab @ 2021-08-25 16:17 UTC (permalink / raw)
To: Ali Alnubani, Test Report; +Cc: dpdk-test-reports
[-- Attachment #1: Type: text/plain, Size: 4527 bytes --]
Test-Label: iol-mellanox-Performance
Test-Status: SUCCESS
http://dpdk.org/patch/97332
_Performance Testing PASS_
Submitter: Xuan Ding <xuan.ding@intel.com>
Date: Wednesday, August 25 2021 11:27:00
DPDK git baseline: Repo:dpdk
Branch: master
CommitID:fdab8f2e17493192d555cd88cf28b06269174326
97332 --> performance testing pass
Test environment and result as below:
Ubuntu 20.04
Kernel: 4.15.0-generic
Compiler: gcc 7.4
NIC: Mellanox ConnectX-4 Lx 40000 Mbps
Target: x86_64-native-linuxapp-gcc
Fail/Total: 0/5
Detail performance results:
+------------+---------+----------+-------------+------------------------------+
| frame_size | txd/rxd | num_cpus | num_threads | throughput difference from |
| | | | | expected |
+============+=========+==========+=============+==============================+
| 64 | 256 | 1 | 1 | 0.5% |
+------------+---------+----------+-------------+------------------------------+
| 128 | 256 | 1 | 1 | 0.9% |
+------------+---------+----------+-------------+------------------------------+
| 256 | 256 | 1 | 1 | -0.1% |
+------------+---------+----------+-------------+------------------------------+
| 1518 | 256 | 1 | 1 | -0.0% |
+------------+---------+----------+-------------+------------------------------+
| 1024 | 256 | 1 | 1 | -0.0% |
+------------+---------+----------+-------------+------------------------------+
Ubuntu 20.04
Kernel: 4.15.0-generic
Compiler: gcc 7.4
NIC: Mellanox ConnectX-4 Lx 25000 Mbps
Target: x86_64-native-linuxapp-gcc
Fail/Total: 0/5
Detail performance results:
+------------+---------+----------+-------------+------------------------------+
| frame_size | txd/rxd | num_cpus | num_threads | throughput difference from |
| | | | | expected |
+============+=========+==========+=============+==============================+
| 64 | 256 | 1 | 1 | 0.6% |
+------------+---------+----------+-------------+------------------------------+
| 128 | 256 | 1 | 1 | 0.1% |
+------------+---------+----------+-------------+------------------------------+
| 256 | 256 | 1 | 1 | -0.0% |
+------------+---------+----------+-------------+------------------------------+
| 1518 | 256 | 1 | 1 | 0.2% |
+------------+---------+----------+-------------+------------------------------+
| 1024 | 256 | 1 | 1 | 0.2% |
+------------+---------+----------+-------------+------------------------------+
Ubuntu 20.04
Kernel: 4.15.0-generic
Compiler: gcc 7.4
NIC: Mellanox ConnectX-5 100000 Mbps
Target: x86_64-native-linuxapp-gcc
Fail/Total: 0/5
Detail performance results:
+------------+---------+----------+-------------+------------------------------+
| frame_size | txd/rxd | num_cpus | num_threads | throughput difference from |
| | | | | expected |
+============+=========+==========+=============+==============================+
| 64 | 256 | 1 | 1 | -0.1% |
+------------+---------+----------+-------------+------------------------------+
| 128 | 256 | 1 | 1 | -0.0% |
+------------+---------+----------+-------------+------------------------------+
| 256 | 256 | 1 | 1 | 0.0% |
+------------+---------+----------+-------------+------------------------------+
| 1518 | 256 | 1 | 1 | -0.1% |
+------------+---------+----------+-------------+------------------------------+
| 1024 | 256 | 1 | 1 | -0.1% |
+------------+---------+----------+-------------+------------------------------+
To view detailed results, visit:
https://lab.dpdk.org/results/dashboard/patchsets/18346/
UNH-IOL DPDK Community Lab
To manage your email subscriptions, visit:
https://lab.dpdk.org/results/dashboard/preferences/subscriptions/
^ permalink raw reply [flat|nested] 40+ messages in thread
* [dpdk-test-report] |SUCCESS| pw97332 [PATCH] doc: announce change in dma mapping/unmapping
@ 2021-08-25 16:01 dpdklab
0 siblings, 0 replies; 40+ messages in thread
From: dpdklab @ 2021-08-25 16:01 UTC (permalink / raw)
To: Ali Alnubani, Test Report; +Cc: dpdk-test-reports
[-- Attachment #1: Type: text/plain, Size: 4527 bytes --]
Test-Label: iol-mellanox-Performance
Test-Status: SUCCESS
http://dpdk.org/patch/97332
_Performance Testing PASS_
Submitter: Xuan Ding <xuan.ding@intel.com>
Date: Wednesday, August 25 2021 11:27:00
DPDK git baseline: Repo:dpdk
Branch: master
CommitID:fdab8f2e17493192d555cd88cf28b06269174326
97332 --> performance testing pass
Test environment and result as below:
Ubuntu 20.04
Kernel: 4.15.0-generic
Compiler: gcc 7.4
NIC: Mellanox ConnectX-4 Lx 40000 Mbps
Target: x86_64-native-linuxapp-gcc
Fail/Total: 0/5
Detail performance results:
+------------+---------+----------+-------------+------------------------------+
| frame_size | txd/rxd | num_cpus | num_threads | throughput difference from |
| | | | | expected |
+============+=========+==========+=============+==============================+
| 64 | 256 | 1 | 1 | 0.5% |
+------------+---------+----------+-------------+------------------------------+
| 128 | 256 | 1 | 1 | 0.9% |
+------------+---------+----------+-------------+------------------------------+
| 256 | 256 | 1 | 1 | -0.1% |
+------------+---------+----------+-------------+------------------------------+
| 1518 | 256 | 1 | 1 | -0.0% |
+------------+---------+----------+-------------+------------------------------+
| 1024 | 256 | 1 | 1 | -0.0% |
+------------+---------+----------+-------------+------------------------------+
Ubuntu 20.04
Kernel: 4.15.0-generic
Compiler: gcc 7.4
NIC: Mellanox ConnectX-4 Lx 25000 Mbps
Target: x86_64-native-linuxapp-gcc
Fail/Total: 0/5
Detail performance results:
+------------+---------+----------+-------------+------------------------------+
| frame_size | txd/rxd | num_cpus | num_threads | throughput difference from |
| | | | | expected |
+============+=========+==========+=============+==============================+
| 64 | 256 | 1 | 1 | 0.6% |
+------------+---------+----------+-------------+------------------------------+
| 128 | 256 | 1 | 1 | 0.1% |
+------------+---------+----------+-------------+------------------------------+
| 256 | 256 | 1 | 1 | -0.0% |
+------------+---------+----------+-------------+------------------------------+
| 1518 | 256 | 1 | 1 | 0.2% |
+------------+---------+----------+-------------+------------------------------+
| 1024 | 256 | 1 | 1 | 0.2% |
+------------+---------+----------+-------------+------------------------------+
Ubuntu 20.04
Kernel: 4.15.0-generic
Compiler: gcc 7.4
NIC: Mellanox ConnectX-5 100000 Mbps
Target: x86_64-native-linuxapp-gcc
Fail/Total: 0/5
Detail performance results:
+------------+---------+----------+-------------+------------------------------+
| frame_size | txd/rxd | num_cpus | num_threads | throughput difference from |
| | | | | expected |
+============+=========+==========+=============+==============================+
| 64 | 256 | 1 | 1 | -0.2% |
+------------+---------+----------+-------------+------------------------------+
| 128 | 256 | 1 | 1 | -0.2% |
+------------+---------+----------+-------------+------------------------------+
| 256 | 256 | 1 | 1 | -0.2% |
+------------+---------+----------+-------------+------------------------------+
| 1518 | 256 | 1 | 1 | 0.1% |
+------------+---------+----------+-------------+------------------------------+
| 1024 | 256 | 1 | 1 | -0.2% |
+------------+---------+----------+-------------+------------------------------+
To view detailed results, visit:
https://lab.dpdk.org/results/dashboard/patchsets/18346/
UNH-IOL DPDK Community Lab
To manage your email subscriptions, visit:
https://lab.dpdk.org/results/dashboard/preferences/subscriptions/
^ permalink raw reply [flat|nested] 40+ messages in thread
* [dpdk-test-report] |SUCCESS| pw97332 [PATCH] doc: announce change in dma mapping/unmapping
@ 2021-08-25 15:44 dpdklab
0 siblings, 0 replies; 40+ messages in thread
From: dpdklab @ 2021-08-25 15:44 UTC (permalink / raw)
To: Ali Alnubani, Test Report; +Cc: dpdk-test-reports
[-- Attachment #1: Type: text/plain, Size: 4527 bytes --]
Test-Label: iol-mellanox-Performance
Test-Status: SUCCESS
http://dpdk.org/patch/97332
_Performance Testing PASS_
Submitter: Xuan Ding <xuan.ding@intel.com>
Date: Wednesday, August 25 2021 11:27:00
DPDK git baseline: Repo:dpdk
Branch: master
CommitID:fdab8f2e17493192d555cd88cf28b06269174326
97332 --> performance testing pass
Test environment and result as below:
Ubuntu 20.04
Kernel: 4.15.0-generic
Compiler: gcc 7.4
NIC: Mellanox ConnectX-4 Lx 40000 Mbps
Target: x86_64-native-linuxapp-gcc
Fail/Total: 0/5
Detail performance results:
+------------+---------+----------+-------------+------------------------------+
| frame_size | txd/rxd | num_cpus | num_threads | throughput difference from |
| | | | | expected |
+============+=========+==========+=============+==============================+
| 64 | 256 | 1 | 1 | 0.4% |
+------------+---------+----------+-------------+------------------------------+
| 128 | 256 | 1 | 1 | -0.1% |
+------------+---------+----------+-------------+------------------------------+
| 256 | 256 | 1 | 1 | 0.2% |
+------------+---------+----------+-------------+------------------------------+
| 1518 | 256 | 1 | 1 | -0.3% |
+------------+---------+----------+-------------+------------------------------+
| 1024 | 256 | 1 | 1 | 0.1% |
+------------+---------+----------+-------------+------------------------------+
Ubuntu 20.04
Kernel: 4.15.0-generic
Compiler: gcc 7.4
NIC: Mellanox ConnectX-4 Lx 25000 Mbps
Target: x86_64-native-linuxapp-gcc
Fail/Total: 0/5
Detail performance results:
+------------+---------+----------+-------------+------------------------------+
| frame_size | txd/rxd | num_cpus | num_threads | throughput difference from |
| | | | | expected |
+============+=========+==========+=============+==============================+
| 64 | 256 | 1 | 1 | 0.6% |
+------------+---------+----------+-------------+------------------------------+
| 128 | 256 | 1 | 1 | 0.1% |
+------------+---------+----------+-------------+------------------------------+
| 256 | 256 | 1 | 1 | -0.0% |
+------------+---------+----------+-------------+------------------------------+
| 1518 | 256 | 1 | 1 | 0.2% |
+------------+---------+----------+-------------+------------------------------+
| 1024 | 256 | 1 | 1 | 0.2% |
+------------+---------+----------+-------------+------------------------------+
Ubuntu 20.04
Kernel: 4.15.0-generic
Compiler: gcc 7.4
NIC: Mellanox ConnectX-5 100000 Mbps
Target: x86_64-native-linuxapp-gcc
Fail/Total: 0/5
Detail performance results:
+------------+---------+----------+-------------+------------------------------+
| frame_size | txd/rxd | num_cpus | num_threads | throughput difference from |
| | | | | expected |
+============+=========+==========+=============+==============================+
| 64 | 256 | 1 | 1 | -0.2% |
+------------+---------+----------+-------------+------------------------------+
| 128 | 256 | 1 | 1 | -0.2% |
+------------+---------+----------+-------------+------------------------------+
| 256 | 256 | 1 | 1 | -0.2% |
+------------+---------+----------+-------------+------------------------------+
| 1518 | 256 | 1 | 1 | 0.1% |
+------------+---------+----------+-------------+------------------------------+
| 1024 | 256 | 1 | 1 | -0.2% |
+------------+---------+----------+-------------+------------------------------+
To view detailed results, visit:
https://lab.dpdk.org/results/dashboard/patchsets/18346/
UNH-IOL DPDK Community Lab
To manage your email subscriptions, visit:
https://lab.dpdk.org/results/dashboard/preferences/subscriptions/
^ permalink raw reply [flat|nested] 40+ messages in thread
* [dpdk-test-report] |SUCCESS| pw97332 [PATCH] doc: announce change in dma mapping/unmapping
@ 2021-08-25 15:29 dpdklab
0 siblings, 0 replies; 40+ messages in thread
From: dpdklab @ 2021-08-25 15:29 UTC (permalink / raw)
To: Ali Alnubani, Test Report; +Cc: dpdk-test-reports
[-- Attachment #1: Type: text/plain, Size: 4527 bytes --]
Test-Label: iol-mellanox-Performance
Test-Status: SUCCESS
http://dpdk.org/patch/97332
_Performance Testing PASS_
Submitter: Xuan Ding <xuan.ding@intel.com>
Date: Wednesday, August 25 2021 11:27:00
DPDK git baseline: Repo:dpdk
Branch: master
CommitID:fdab8f2e17493192d555cd88cf28b06269174326
97332 --> performance testing pass
Test environment and result as below:
Ubuntu 20.04
Kernel: 4.15.0-generic
Compiler: gcc 7.4
NIC: Mellanox ConnectX-4 Lx 40000 Mbps
Target: x86_64-native-linuxapp-gcc
Fail/Total: 0/5
Detail performance results:
+------------+---------+----------+-------------+------------------------------+
| frame_size | txd/rxd | num_cpus | num_threads | throughput difference from |
| | | | | expected |
+============+=========+==========+=============+==============================+
| 64 | 256 | 1 | 1 | 0.4% |
+------------+---------+----------+-------------+------------------------------+
| 128 | 256 | 1 | 1 | -0.1% |
+------------+---------+----------+-------------+------------------------------+
| 256 | 256 | 1 | 1 | 0.2% |
+------------+---------+----------+-------------+------------------------------+
| 1518 | 256 | 1 | 1 | -0.3% |
+------------+---------+----------+-------------+------------------------------+
| 1024 | 256 | 1 | 1 | 0.1% |
+------------+---------+----------+-------------+------------------------------+
Ubuntu 20.04
Kernel: 4.15.0-generic
Compiler: gcc 7.4
NIC: Mellanox ConnectX-4 Lx 25000 Mbps
Target: x86_64-native-linuxapp-gcc
Fail/Total: 0/5
Detail performance results:
+------------+---------+----------+-------------+------------------------------+
| frame_size | txd/rxd | num_cpus | num_threads | throughput difference from |
| | | | | expected |
+============+=========+==========+=============+==============================+
| 64 | 256 | 1 | 1 | 0.0% |
+------------+---------+----------+-------------+------------------------------+
| 128 | 256 | 1 | 1 | 0.0% |
+------------+---------+----------+-------------+------------------------------+
| 256 | 256 | 1 | 1 | 0.0% |
+------------+---------+----------+-------------+------------------------------+
| 1518 | 256 | 1 | 1 | 0.0% |
+------------+---------+----------+-------------+------------------------------+
| 1024 | 256 | 1 | 1 | 0.1% |
+------------+---------+----------+-------------+------------------------------+
Ubuntu 20.04
Kernel: 4.15.0-generic
Compiler: gcc 7.4
NIC: Mellanox ConnectX-5 100000 Mbps
Target: x86_64-native-linuxapp-gcc
Fail/Total: 0/5
Detail performance results:
+------------+---------+----------+-------------+------------------------------+
| frame_size | txd/rxd | num_cpus | num_threads | throughput difference from |
| | | | | expected |
+============+=========+==========+=============+==============================+
| 64 | 256 | 1 | 1 | -0.2% |
+------------+---------+----------+-------------+------------------------------+
| 128 | 256 | 1 | 1 | -0.2% |
+------------+---------+----------+-------------+------------------------------+
| 256 | 256 | 1 | 1 | -0.2% |
+------------+---------+----------+-------------+------------------------------+
| 1518 | 256 | 1 | 1 | 0.1% |
+------------+---------+----------+-------------+------------------------------+
| 1024 | 256 | 1 | 1 | -0.2% |
+------------+---------+----------+-------------+------------------------------+
To view detailed results, visit:
https://lab.dpdk.org/results/dashboard/patchsets/18346/
UNH-IOL DPDK Community Lab
To manage your email subscriptions, visit:
https://lab.dpdk.org/results/dashboard/preferences/subscriptions/
^ permalink raw reply [flat|nested] 40+ messages in thread
* [dpdk-test-report] |SUCCESS| pw97332 [PATCH] doc: announce change in dma mapping/unmapping
@ 2021-08-25 15:14 dpdklab
0 siblings, 0 replies; 40+ messages in thread
From: dpdklab @ 2021-08-25 15:14 UTC (permalink / raw)
To: Ali Alnubani, Test Report; +Cc: dpdk-test-reports
[-- Attachment #1: Type: text/plain, Size: 3220 bytes --]
Test-Label: iol-mellanox-Performance
Test-Status: SUCCESS
http://dpdk.org/patch/97332
_Performance Testing PASS_
Submitter: Xuan Ding <xuan.ding@intel.com>
Date: Wednesday, August 25 2021 11:27:00
DPDK git baseline: Repo:dpdk
Branch: master
CommitID:fdab8f2e17493192d555cd88cf28b06269174326
97332 --> performance testing pass
Test environment and result as below:
Ubuntu 20.04
Kernel: 4.15.0-generic
Compiler: gcc 7.4
NIC: Mellanox ConnectX-4 Lx 40000 Mbps
Target: x86_64-native-linuxapp-gcc
Fail/Total: 0/5
Detail performance results:
+------------+---------+----------+-------------+------------------------------+
| frame_size | txd/rxd | num_cpus | num_threads | throughput difference from |
| | | | | expected |
+============+=========+==========+=============+==============================+
| 64 | 256 | 1 | 1 | 0.4% |
+------------+---------+----------+-------------+------------------------------+
| 128 | 256 | 1 | 1 | -0.1% |
+------------+---------+----------+-------------+------------------------------+
| 256 | 256 | 1 | 1 | 0.2% |
+------------+---------+----------+-------------+------------------------------+
| 1518 | 256 | 1 | 1 | -0.3% |
+------------+---------+----------+-------------+------------------------------+
| 1024 | 256 | 1 | 1 | 0.1% |
+------------+---------+----------+-------------+------------------------------+
Ubuntu 20.04
Kernel: 4.15.0-generic
Compiler: gcc 7.4
NIC: Mellanox ConnectX-4 Lx 25000 Mbps
Target: x86_64-native-linuxapp-gcc
Fail/Total: 0/5
Detail performance results:
+------------+---------+----------+-------------+------------------------------+
| frame_size | txd/rxd | num_cpus | num_threads | throughput difference from |
| | | | | expected |
+============+=========+==========+=============+==============================+
| 64 | 256 | 1 | 1 | 0.0% |
+------------+---------+----------+-------------+------------------------------+
| 128 | 256 | 1 | 1 | 0.0% |
+------------+---------+----------+-------------+------------------------------+
| 256 | 256 | 1 | 1 | 0.0% |
+------------+---------+----------+-------------+------------------------------+
| 1518 | 256 | 1 | 1 | 0.0% |
+------------+---------+----------+-------------+------------------------------+
| 1024 | 256 | 1 | 1 | 0.1% |
+------------+---------+----------+-------------+------------------------------+
To view detailed results, visit:
https://lab.dpdk.org/results/dashboard/patchsets/18346/
UNH-IOL DPDK Community Lab
To manage your email subscriptions, visit:
https://lab.dpdk.org/results/dashboard/preferences/subscriptions/
^ permalink raw reply [flat|nested] 40+ messages in thread
* [dpdk-test-report] |SUCCESS| pw97332 [PATCH] doc: announce change in dma mapping/unmapping
@ 2021-08-25 14:59 dpdklab
0 siblings, 0 replies; 40+ messages in thread
From: dpdklab @ 2021-08-25 14:59 UTC (permalink / raw)
To: Ali Alnubani, Test Report; +Cc: dpdk-test-reports
[-- Attachment #1: Type: text/plain, Size: 1911 bytes --]
Test-Label: iol-mellanox-Performance
Test-Status: SUCCESS
http://dpdk.org/patch/97332
_Performance Testing PASS_
Submitter: Xuan Ding <xuan.ding@intel.com>
Date: Wednesday, August 25 2021 11:27:00
DPDK git baseline: Repo:dpdk
Branch: master
CommitID:fdab8f2e17493192d555cd88cf28b06269174326
97332 --> performance testing pass
Test environment and result as below:
Ubuntu 20.04
Kernel: 4.15.0-generic
Compiler: gcc 7.4
NIC: Mellanox ConnectX-4 Lx 40000 Mbps
Target: x86_64-native-linuxapp-gcc
Fail/Total: 0/5
Detail performance results:
+------------+---------+----------+-------------+------------------------------+
| frame_size | txd/rxd | num_cpus | num_threads | throughput difference from |
| | | | | expected |
+============+=========+==========+=============+==============================+
| 64 | 256 | 1 | 1 | 0.4% |
+------------+---------+----------+-------------+------------------------------+
| 128 | 256 | 1 | 1 | -0.1% |
+------------+---------+----------+-------------+------------------------------+
| 256 | 256 | 1 | 1 | 0.2% |
+------------+---------+----------+-------------+------------------------------+
| 1518 | 256 | 1 | 1 | -0.3% |
+------------+---------+----------+-------------+------------------------------+
| 1024 | 256 | 1 | 1 | 0.1% |
+------------+---------+----------+-------------+------------------------------+
To view detailed results, visit:
https://lab.dpdk.org/results/dashboard/patchsets/18346/
UNH-IOL DPDK Community Lab
To manage your email subscriptions, visit:
https://lab.dpdk.org/results/dashboard/preferences/subscriptions/
^ permalink raw reply [flat|nested] 40+ messages in thread
* [dpdk-test-report] |SUCCESS| pw97332 [PATCH] doc: announce change in dma mapping/unmapping
@ 2021-08-25 14:49 dpdklab
0 siblings, 0 replies; 40+ messages in thread
From: dpdklab @ 2021-08-25 14:49 UTC (permalink / raw)
To: Test Report; +Cc: dpdklab
[-- Attachment #1: Type: text/plain, Size: 1198 bytes --]
Test-Label: iol-aarch64-compile-testing
Test-Status: SUCCESS
http://dpdk.org/patch/97332
_Testing PASS_
Submitter: Xuan Ding <xuan.ding@intel.com>
Date: Wednesday, August 25 2021 11:27:00
DPDK git baseline: Repo:dpdk
Branch: master
CommitID:fdab8f2e17493192d555cd88cf28b06269174326
97332 --> testing pass
Test environment and result as below:
+------------------------------------+--------------------+
| Environment | dpdk_meson_compile |
+====================================+====================+
| Ubuntu 20.04 ARM | PASS |
+------------------------------------+--------------------+
| Ubuntu 20.04 ARM cross-compilation | PASS |
+------------------------------------+--------------------+
Ubuntu 20.04 ARM
Kernel: 5.4.0-53-generic
Compiler: gcc 9.3
Ubuntu 20.04 ARM cross-compilation
Kernel: 5.4.0-72-generic
Compiler: aarch64-linux-gnu-gcc (Ubuntu 9.3.0-17ubuntu1~20.04) 9.3.0
To view detailed results, visit:
https://lab.dpdk.org/results/dashboard/patchsets/18346/
UNH-IOL DPDK Community Lab
To manage your email subscriptions, visit:
https://lab.dpdk.org/results/dashboard/preferences/subscriptions/
^ permalink raw reply [flat|nested] 40+ messages in thread
* [dpdk-test-report] |SUCCESS| pw97332 [PATCH] doc: announce change in dma mapping/unmapping
@ 2021-08-25 14:43 dpdklab
0 siblings, 0 replies; 40+ messages in thread
From: dpdklab @ 2021-08-25 14:43 UTC (permalink / raw)
To: Test Report; +Cc: dpdk-test-reports
[-- Attachment #1: Type: text/plain, Size: 3848 bytes --]
Test-Label: iol-intel-Performance
Test-Status: SUCCESS
http://dpdk.org/patch/97332
_Performance Testing PASS_
Submitter: Xuan Ding <xuan.ding@intel.com>
Date: Wednesday, August 25 2021 11:27:00
DPDK git baseline: Repo:dpdk
Branch: master
CommitID:fdab8f2e17493192d555cd88cf28b06269174326
97332 --> performance testing pass
Test environment and result as below:
Ubuntu 20.04 ARM
Kernel: 4.15.0-132-generic
Compiler: gcc 7.5
NIC: Arm Intel Corporation Ethernet Converged Network Adapter XL710-QDA2 40000 Mbps
Target: x86_64-native-linuxapp-gcc
Fail/Total: 0/2
Detail performance results:
+------------+---------+----------+-------------+------------------------------+
| frame_size | txd/rxd | num_cpus | num_threads | throughput difference from |
| | | | | expected |
+============+=========+==========+=============+==============================+
| 64 | 512 | 1 | 1 | 894.0% |
+------------+---------+----------+-------------+------------------------------+
| 64 | 2048 | 1 | 1 | 837.8% |
+------------+---------+----------+-------------+------------------------------+
Ubuntu 20.04
Kernel: 4.15.0-generic
Compiler: gcc 7.4
NIC: Intel Corporation Ethernet Converged Network Adapter XL710-QDA2 40000 Mbps
Target: x86_64-native-linuxapp-gcc
Fail/Total: 0/4
Detail performance results:
+------------+---------+----------+-------------+------------------------------+
| frame_size | txd/rxd | num_cpus | num_threads | throughput difference from |
| | | | | expected |
+============+=========+==========+=============+==============================+
| 64 | 512 | 1 | 1 | 0.3% |
+------------+---------+----------+-------------+------------------------------+
| 64 | 2048 | 1 | 1 | 2.0% |
+------------+---------+----------+-------------+------------------------------+
| 64 | 512 | 1 | 2 | -0.6% |
+------------+---------+----------+-------------+------------------------------+
| 64 | 2048 | 1 | 2 | 0.6% |
+------------+---------+----------+-------------+------------------------------+
Ubuntu 20.04
Kernel: 4.15.0-generic
Compiler: gcc 7.4
NIC: Intel Corporation Ethernet Converged Network Adapter 82599ES 10000 Mbps
Target: x86_64-native-linuxapp-gcc
Fail/Total: 0/4
Detail performance results:
+------------+---------+----------+-------------+------------------------------+
| frame_size | txd/rxd | num_cpus | num_threads | throughput difference from |
| | | | | expected |
+============+=========+==========+=============+==============================+
| 64 | 512 | 1 | 1 | 0.1% |
+------------+---------+----------+-------------+------------------------------+
| 64 | 2048 | 1 | 1 | 0.1% |
+------------+---------+----------+-------------+------------------------------+
| 64 | 512 | 1 | 2 | 0.1% |
+------------+---------+----------+-------------+------------------------------+
| 64 | 2048 | 1 | 2 | 0.0% |
+------------+---------+----------+-------------+------------------------------+
To view detailed results, visit:
https://lab.dpdk.org/results/dashboard/patchsets/18346/
UNH-IOL DPDK Community Lab
To manage your email subscriptions, visit:
https://lab.dpdk.org/results/dashboard/preferences/subscriptions/
^ permalink raw reply [flat|nested] 40+ messages in thread
* [dpdk-test-report] |SUCCESS| pw97332 [PATCH] doc: announce change in dma mapping/unmapping
@ 2021-08-25 14:30 dpdklab
0 siblings, 0 replies; 40+ messages in thread
From: dpdklab @ 2021-08-25 14:30 UTC (permalink / raw)
To: Test Report; +Cc: dpdk-test-reports
[-- Attachment #1: Type: text/plain, Size: 967 bytes --]
Test-Label: iol-intel-Functional
Test-Status: SUCCESS
http://dpdk.org/patch/97332
_Functional Testing PASS_
Submitter: Xuan Ding <xuan.ding@intel.com>
Date: Wednesday, August 25 2021 11:27:00
DPDK git baseline: Repo:dpdk
Branch: master
CommitID:fdab8f2e17493192d555cd88cf28b06269174326
97332 --> functional testing pass
Test environment and result as below:
Ubuntu 20.04
Kernel: 4.15.0-generic
Compiler: gcc 7.4
NIC: Intel Corporation Ethernet Converged Network Adapter 82599ES 10000 Mbps
Target: x86_64-native-linuxapp-gcc
Fail/Total: 0/2
Ubuntu 20.04
Kernel: 4.15.0-generic
Compiler: gcc 7.4
NIC: Intel Corporation Ethernet Converged Network Adapter XL710-QDA2 40000 Mbps
Target: x86_64-native-linuxapp-gcc
Fail/Total: 0/2
To view detailed results, visit:
https://lab.dpdk.org/results/dashboard/patchsets/18346/
UNH-IOL DPDK Community Lab
To manage your email subscriptions, visit:
https://lab.dpdk.org/results/dashboard/preferences/subscriptions/
^ permalink raw reply [flat|nested] 40+ messages in thread
* [dpdk-test-report] |SUCCESS| pw97332 [PATCH] doc: announce change in dma mapping/unmapping
@ 2021-08-25 14:20 dpdklab
0 siblings, 0 replies; 40+ messages in thread
From: dpdklab @ 2021-08-25 14:20 UTC (permalink / raw)
To: Test Report; +Cc: dpdk-test-reports
[-- Attachment #1: Type: text/plain, Size: 780 bytes --]
Test-Label: iol-intel-Functional
Test-Status: SUCCESS
http://dpdk.org/patch/97332
_Functional Testing PASS_
Submitter: Xuan Ding <xuan.ding@intel.com>
Date: Wednesday, August 25 2021 11:27:00
DPDK git baseline: Repo:dpdk
Branch: master
CommitID:fdab8f2e17493192d555cd88cf28b06269174326
97332 --> functional testing pass
Test environment and result as below:
Ubuntu 20.04
Kernel: 4.15.0-generic
Compiler: gcc 7.4
NIC: Intel Corporation Ethernet Converged Network Adapter 82599ES 10000 Mbps
Target: x86_64-native-linuxapp-gcc
Fail/Total: 0/2
To view detailed results, visit:
https://lab.dpdk.org/results/dashboard/patchsets/18346/
UNH-IOL DPDK Community Lab
To manage your email subscriptions, visit:
https://lab.dpdk.org/results/dashboard/preferences/subscriptions/
^ permalink raw reply [flat|nested] 40+ messages in thread
* [dpdk-test-report] |SUCCESS| pw97332 [PATCH] doc: announce change in dma mapping/unmapping
@ 2021-08-25 14:19 dpdklab
0 siblings, 0 replies; 40+ messages in thread
From: dpdklab @ 2021-08-25 14:19 UTC (permalink / raw)
To: Ajit Khaparde, Test Report; +Cc: dpdk-test-reports
[-- Attachment #1: Type: text/plain, Size: 788 bytes --]
Test-Label: iol-broadcom-Functional
Test-Status: SUCCESS
http://dpdk.org/patch/97332
_Functional Testing PASS_
Submitter: Xuan Ding <xuan.ding@intel.com>
Date: Wednesday, August 25 2021 11:27:00
DPDK git baseline: Repo:dpdk
Branch: master
CommitID:fdab8f2e17493192d555cd88cf28b06269174326
97332 --> functional testing pass
Test environment and result as below:
Ubuntu 20.04
Kernel: 4.15.0-65-generic
Compiler: gcc gcc (Ubuntu 7.4.0-1ubuntu1~18.04.1) 7.4.0
NIC: Broadcom Inc. brcm_57414 25000 Mbps
Target: x86_64-native-linuxapp-gcc
Fail/Total: 0/3
To view detailed results, visit:
https://lab.dpdk.org/results/dashboard/patchsets/18346/
UNH-IOL DPDK Community Lab
To manage your email subscriptions, visit:
https://lab.dpdk.org/results/dashboard/preferences/subscriptions/
^ permalink raw reply [flat|nested] 40+ messages in thread
* [dpdk-test-report] |SUCCESS| pw97332 [PATCH] doc: announce change in dma mapping/unmapping
@ 2021-08-25 14:19 dpdklab
0 siblings, 0 replies; 40+ messages in thread
From: dpdklab @ 2021-08-25 14:19 UTC (permalink / raw)
To: Test Report; +Cc: dpdk-test-reports
[-- Attachment #1: Type: text/plain, Size: 2663 bytes --]
Test-Label: iol-intel-Performance
Test-Status: SUCCESS
http://dpdk.org/patch/97332
_Performance Testing PASS_
Submitter: Xuan Ding <xuan.ding@intel.com>
Date: Wednesday, August 25 2021 11:27:00
DPDK git baseline: Repo:dpdk
Branch: master
CommitID:fdab8f2e17493192d555cd88cf28b06269174326
97332 --> performance testing pass
Test environment and result as below:
Ubuntu 20.04 ARM
Kernel: 4.15.0-132-generic
Compiler: gcc 7.5
NIC: Arm Intel Corporation Ethernet Converged Network Adapter XL710-QDA2 40000 Mbps
Target: x86_64-native-linuxapp-gcc
Fail/Total: 0/2
Detail performance results:
+------------+---------+----------+-------------+------------------------------+
| frame_size | txd/rxd | num_cpus | num_threads | throughput difference from |
| | | | | expected |
+============+=========+==========+=============+==============================+
| 64 | 512 | 1 | 1 | 894.0% |
+------------+---------+----------+-------------+------------------------------+
| 64 | 2048 | 1 | 1 | 837.8% |
+------------+---------+----------+-------------+------------------------------+
Ubuntu 20.04
Kernel: 4.15.0-generic
Compiler: gcc 7.4
NIC: Intel Corporation Ethernet Converged Network Adapter XL710-QDA2 40000 Mbps
Target: x86_64-native-linuxapp-gcc
Fail/Total: 0/4
Detail performance results:
+------------+---------+----------+-------------+------------------------------+
| frame_size | txd/rxd | num_cpus | num_threads | throughput difference from |
| | | | | expected |
+============+=========+==========+=============+==============================+
| 64 | 512 | 1 | 1 | 0.3% |
+------------+---------+----------+-------------+------------------------------+
| 64 | 2048 | 1 | 1 | 2.0% |
+------------+---------+----------+-------------+------------------------------+
| 64 | 512 | 1 | 2 | -0.6% |
+------------+---------+----------+-------------+------------------------------+
| 64 | 2048 | 1 | 2 | 0.6% |
+------------+---------+----------+-------------+------------------------------+
To view detailed results, visit:
https://lab.dpdk.org/results/dashboard/patchsets/18346/
UNH-IOL DPDK Community Lab
To manage your email subscriptions, visit:
https://lab.dpdk.org/results/dashboard/preferences/subscriptions/
^ permalink raw reply [flat|nested] 40+ messages in thread
* [dpdk-test-report] |SUCCESS| pw97332 [PATCH] doc: announce change in dma mapping/unmapping
@ 2021-08-25 14:08 dpdklab
0 siblings, 0 replies; 40+ messages in thread
From: dpdklab @ 2021-08-25 14:08 UTC (permalink / raw)
To: Test Report; +Cc: dpdk-test-reports
[-- Attachment #1: Type: text/plain, Size: 3848 bytes --]
Test-Label: iol-intel-Performance
Test-Status: SUCCESS
http://dpdk.org/patch/97332
_Performance Testing PASS_
Submitter: Xuan Ding <xuan.ding@intel.com>
Date: Wednesday, August 25 2021 11:27:00
DPDK git baseline: Repo:dpdk
Branch: master
CommitID:fdab8f2e17493192d555cd88cf28b06269174326
97332 --> performance testing pass
Test environment and result as below:
Ubuntu 20.04 ARM
Kernel: 4.15.0-132-generic
Compiler: gcc 7.5
NIC: Arm Intel Corporation Ethernet Converged Network Adapter XL710-QDA2 40000 Mbps
Target: x86_64-native-linuxapp-gcc
Fail/Total: 0/2
Detail performance results:
+------------+---------+----------+-------------+------------------------------+
| frame_size | txd/rxd | num_cpus | num_threads | throughput difference from |
| | | | | expected |
+============+=========+==========+=============+==============================+
| 64 | 512 | 1 | 1 | 891.6% |
+------------+---------+----------+-------------+------------------------------+
| 64 | 2048 | 1 | 1 | 837.0% |
+------------+---------+----------+-------------+------------------------------+
Ubuntu 20.04
Kernel: 4.15.0-generic
Compiler: gcc 7.4
NIC: Intel Corporation Ethernet Converged Network Adapter XL710-QDA2 40000 Mbps
Target: x86_64-native-linuxapp-gcc
Fail/Total: 0/4
Detail performance results:
+------------+---------+----------+-------------+------------------------------+
| frame_size | txd/rxd | num_cpus | num_threads | throughput difference from |
| | | | | expected |
+============+=========+==========+=============+==============================+
| 64 | 512 | 1 | 1 | -0.2% |
+------------+---------+----------+-------------+------------------------------+
| 64 | 2048 | 1 | 1 | 1.3% |
+------------+---------+----------+-------------+------------------------------+
| 64 | 512 | 1 | 2 | 0.1% |
+------------+---------+----------+-------------+------------------------------+
| 64 | 2048 | 1 | 2 | 2.8% |
+------------+---------+----------+-------------+------------------------------+
Ubuntu 20.04
Kernel: 4.15.0-generic
Compiler: gcc 7.4
NIC: Intel Corporation Ethernet Converged Network Adapter 82599ES 10000 Mbps
Target: x86_64-native-linuxapp-gcc
Fail/Total: 0/4
Detail performance results:
+------------+---------+----------+-------------+------------------------------+
| frame_size | txd/rxd | num_cpus | num_threads | throughput difference from |
| | | | | expected |
+============+=========+==========+=============+==============================+
| 64 | 512 | 1 | 1 | 0.1% |
+------------+---------+----------+-------------+------------------------------+
| 64 | 2048 | 1 | 1 | 0.1% |
+------------+---------+----------+-------------+------------------------------+
| 64 | 512 | 1 | 2 | -0.0% |
+------------+---------+----------+-------------+------------------------------+
| 64 | 2048 | 1 | 2 | 0.1% |
+------------+---------+----------+-------------+------------------------------+
To view detailed results, visit:
https://lab.dpdk.org/results/dashboard/patchsets/18346/
UNH-IOL DPDK Community Lab
To manage your email subscriptions, visit:
https://lab.dpdk.org/results/dashboard/preferences/subscriptions/
^ permalink raw reply [flat|nested] 40+ messages in thread
* [dpdk-test-report] |SUCCESS| pw97332 [PATCH] doc: announce change in dma mapping/unmapping
@ 2021-08-25 14:05 dpdklab
0 siblings, 0 replies; 40+ messages in thread
From: dpdklab @ 2021-08-25 14:05 UTC (permalink / raw)
To: Ajit Khaparde, Test Report; +Cc: dpdk-test-reports
[-- Attachment #1: Type: text/plain, Size: 1792 bytes --]
Test-Label: iol-broadcom-Performance
Test-Status: SUCCESS
http://dpdk.org/patch/97332
_Performance Testing PASS_
Submitter: Xuan Ding <xuan.ding@intel.com>
Date: Wednesday, August 25 2021 11:27:00
DPDK git baseline: Repo:dpdk
Branch: master
CommitID:fdab8f2e17493192d555cd88cf28b06269174326
97332 --> performance testing pass
Test environment and result as below:
Ubuntu 20.04
Kernel: 4.15.0-65-generic
Compiler: gcc gcc (Ubuntu 7.4.0-1ubuntu1~18.04.1) 7.4.0
NIC: Broadcom Inc. brcm_57414 25000 Mbps
Target: x86_64-native-linuxapp-gcc
Fail/Total: 0/4
Detail performance results:
+------------+---------+----------+-------------+------------------------------+
| frame_size | txd/rxd | num_cpus | num_threads | throughput difference from |
| | | | | expected |
+============+=========+==========+=============+==============================+
| 64 | 512 | 1 | 1 | 0.0% |
+------------+---------+----------+-------------+------------------------------+
| 64 | 2048 | 1 | 1 | 0.1% |
+------------+---------+----------+-------------+------------------------------+
| 64 | 512 | 1 | 2 | 0.0% |
+------------+---------+----------+-------------+------------------------------+
| 64 | 2048 | 1 | 2 | -0.2% |
+------------+---------+----------+-------------+------------------------------+
To view detailed results, visit:
https://lab.dpdk.org/results/dashboard/patchsets/18346/
UNH-IOL DPDK Community Lab
To manage your email subscriptions, visit:
https://lab.dpdk.org/results/dashboard/preferences/subscriptions/
^ permalink raw reply [flat|nested] 40+ messages in thread
* [dpdk-test-report] |SUCCESS| pw97332 [PATCH] doc: announce change in dma mapping/unmapping
@ 2021-08-25 13:56 dpdklab
0 siblings, 0 replies; 40+ messages in thread
From: dpdklab @ 2021-08-25 13:56 UTC (permalink / raw)
To: Test Report; +Cc: dpdk-test-reports
[-- Attachment #1: Type: text/plain, Size: 967 bytes --]
Test-Label: iol-intel-Functional
Test-Status: SUCCESS
http://dpdk.org/patch/97332
_Functional Testing PASS_
Submitter: Xuan Ding <xuan.ding@intel.com>
Date: Wednesday, August 25 2021 11:27:00
DPDK git baseline: Repo:dpdk
Branch: master
CommitID:fdab8f2e17493192d555cd88cf28b06269174326
97332 --> functional testing pass
Test environment and result as below:
Ubuntu 20.04
Kernel: 4.15.0-generic
Compiler: gcc 7.4
NIC: Intel Corporation Ethernet Converged Network Adapter XL710-QDA2 40000 Mbps
Target: x86_64-native-linuxapp-gcc
Fail/Total: 0/2
Ubuntu 20.04
Kernel: 4.15.0-generic
Compiler: gcc 7.4
NIC: Intel Corporation Ethernet Converged Network Adapter 82599ES 10000 Mbps
Target: x86_64-native-linuxapp-gcc
Fail/Total: 0/2
To view detailed results, visit:
https://lab.dpdk.org/results/dashboard/patchsets/18346/
UNH-IOL DPDK Community Lab
To manage your email subscriptions, visit:
https://lab.dpdk.org/results/dashboard/preferences/subscriptions/
^ permalink raw reply [flat|nested] 40+ messages in thread
* [dpdk-test-report] |SUCCESS| pw97332 [PATCH] doc: announce change in dma mapping/unmapping
@ 2021-08-25 13:52 dpdklab
0 siblings, 0 replies; 40+ messages in thread
From: dpdklab @ 2021-08-25 13:52 UTC (permalink / raw)
To: Ajit Khaparde, Test Report; +Cc: dpdk-test-reports
[-- Attachment #1: Type: text/plain, Size: 788 bytes --]
Test-Label: iol-broadcom-Functional
Test-Status: SUCCESS
http://dpdk.org/patch/97332
_Functional Testing PASS_
Submitter: Xuan Ding <xuan.ding@intel.com>
Date: Wednesday, August 25 2021 11:27:00
DPDK git baseline: Repo:dpdk
Branch: master
CommitID:fdab8f2e17493192d555cd88cf28b06269174326
97332 --> functional testing pass
Test environment and result as below:
Ubuntu 20.04
Kernel: 4.15.0-65-generic
Compiler: gcc gcc (Ubuntu 7.4.0-1ubuntu1~18.04.1) 7.4.0
NIC: Broadcom Inc. brcm_57414 25000 Mbps
Target: x86_64-native-linuxapp-gcc
Fail/Total: 0/3
To view detailed results, visit:
https://lab.dpdk.org/results/dashboard/patchsets/18346/
UNH-IOL DPDK Community Lab
To manage your email subscriptions, visit:
https://lab.dpdk.org/results/dashboard/preferences/subscriptions/
^ permalink raw reply [flat|nested] 40+ messages in thread
* [dpdk-test-report] |SUCCESS| pw97332 [PATCH] doc: announce change in dma mapping/unmapping
@ 2021-08-25 13:51 dpdklab
0 siblings, 0 replies; 40+ messages in thread
From: dpdklab @ 2021-08-25 13:51 UTC (permalink / raw)
To: Test Report; +Cc: dpdk-test-reports
[-- Attachment #1: Type: text/plain, Size: 1475 bytes --]
Test-Label: iol-intel-Performance
Test-Status: SUCCESS
http://dpdk.org/patch/97332
_Performance Testing PASS_
Submitter: Xuan Ding <xuan.ding@intel.com>
Date: Wednesday, August 25 2021 11:27:00
DPDK git baseline: Repo:dpdk
Branch: master
CommitID:fdab8f2e17493192d555cd88cf28b06269174326
97332 --> performance testing pass
Test environment and result as below:
Ubuntu 20.04 ARM
Kernel: 4.15.0-132-generic
Compiler: gcc 7.5
NIC: Arm Intel Corporation Ethernet Converged Network Adapter XL710-QDA2 40000 Mbps
Target: x86_64-native-linuxapp-gcc
Fail/Total: 0/2
Detail performance results:
+------------+---------+----------+-------------+------------------------------+
| frame_size | txd/rxd | num_cpus | num_threads | throughput difference from |
| | | | | expected |
+============+=========+==========+=============+==============================+
| 64 | 512 | 1 | 1 | 894.0% |
+------------+---------+----------+-------------+------------------------------+
| 64 | 2048 | 1 | 1 | 837.8% |
+------------+---------+----------+-------------+------------------------------+
To view detailed results, visit:
https://lab.dpdk.org/results/dashboard/patchsets/18346/
UNH-IOL DPDK Community Lab
To manage your email subscriptions, visit:
https://lab.dpdk.org/results/dashboard/preferences/subscriptions/
^ permalink raw reply [flat|nested] 40+ messages in thread
* [dpdk-test-report] |SUCCESS| pw97332 [PATCH] doc: announce change in dma mapping/unmapping
@ 2021-08-25 13:49 dpdklab
0 siblings, 0 replies; 40+ messages in thread
From: dpdklab @ 2021-08-25 13:49 UTC (permalink / raw)
To: Test Report; +Cc: dpdk-test-reports
[-- Attachment #1: Type: text/plain, Size: 967 bytes --]
Test-Label: iol-intel-Functional
Test-Status: SUCCESS
http://dpdk.org/patch/97332
_Functional Testing PASS_
Submitter: Xuan Ding <xuan.ding@intel.com>
Date: Wednesday, August 25 2021 11:27:00
DPDK git baseline: Repo:dpdk
Branch: master
CommitID:fdab8f2e17493192d555cd88cf28b06269174326
97332 --> functional testing pass
Test environment and result as below:
Ubuntu 20.04
Kernel: 4.15.0-generic
Compiler: gcc 7.4
NIC: Intel Corporation Ethernet Converged Network Adapter XL710-QDA2 40000 Mbps
Target: x86_64-native-linuxapp-gcc
Fail/Total: 0/2
Ubuntu 20.04
Kernel: 4.15.0-generic
Compiler: gcc 7.4
NIC: Intel Corporation Ethernet Converged Network Adapter 82599ES 10000 Mbps
Target: x86_64-native-linuxapp-gcc
Fail/Total: 0/2
To view detailed results, visit:
https://lab.dpdk.org/results/dashboard/patchsets/18346/
UNH-IOL DPDK Community Lab
To manage your email subscriptions, visit:
https://lab.dpdk.org/results/dashboard/preferences/subscriptions/
^ permalink raw reply [flat|nested] 40+ messages in thread
* [dpdk-test-report] |SUCCESS| pw97332 [PATCH] doc: announce change in dma mapping/unmapping
@ 2021-08-25 13:47 dpdklab
0 siblings, 0 replies; 40+ messages in thread
From: dpdklab @ 2021-08-25 13:47 UTC (permalink / raw)
To: Test Report; +Cc: dpdk-test-reports
[-- Attachment #1: Type: text/plain, Size: 3848 bytes --]
Test-Label: iol-intel-Performance
Test-Status: SUCCESS
http://dpdk.org/patch/97332
_Performance Testing PASS_
Submitter: Xuan Ding <xuan.ding@intel.com>
Date: Wednesday, August 25 2021 11:27:00
DPDK git baseline: Repo:dpdk
Branch: master
CommitID:fdab8f2e17493192d555cd88cf28b06269174326
97332 --> performance testing pass
Test environment and result as below:
Ubuntu 20.04 ARM
Kernel: 4.15.0-132-generic
Compiler: gcc 7.5
NIC: Arm Intel Corporation Ethernet Converged Network Adapter XL710-QDA2 40000 Mbps
Target: x86_64-native-linuxapp-gcc
Fail/Total: 0/2
Detail performance results:
+------------+---------+----------+-------------+------------------------------+
| frame_size | txd/rxd | num_cpus | num_threads | throughput difference from |
| | | | | expected |
+============+=========+==========+=============+==============================+
| 64 | 512 | 1 | 1 | 891.6% |
+------------+---------+----------+-------------+------------------------------+
| 64 | 2048 | 1 | 1 | 837.0% |
+------------+---------+----------+-------------+------------------------------+
Ubuntu 20.04
Kernel: 4.15.0-generic
Compiler: gcc 7.4
NIC: Intel Corporation Ethernet Converged Network Adapter XL710-QDA2 40000 Mbps
Target: x86_64-native-linuxapp-gcc
Fail/Total: 0/4
Detail performance results:
+------------+---------+----------+-------------+------------------------------+
| frame_size | txd/rxd | num_cpus | num_threads | throughput difference from |
| | | | | expected |
+============+=========+==========+=============+==============================+
| 64 | 512 | 1 | 1 | -0.2% |
+------------+---------+----------+-------------+------------------------------+
| 64 | 2048 | 1 | 1 | 1.3% |
+------------+---------+----------+-------------+------------------------------+
| 64 | 512 | 1 | 2 | 0.1% |
+------------+---------+----------+-------------+------------------------------+
| 64 | 2048 | 1 | 2 | 2.8% |
+------------+---------+----------+-------------+------------------------------+
Ubuntu 20.04
Kernel: 4.15.0-generic
Compiler: gcc 7.4
NIC: Intel Corporation Ethernet Converged Network Adapter 82599ES 10000 Mbps
Target: x86_64-native-linuxapp-gcc
Fail/Total: 0/4
Detail performance results:
+------------+---------+----------+-------------+------------------------------+
| frame_size | txd/rxd | num_cpus | num_threads | throughput difference from |
| | | | | expected |
+============+=========+==========+=============+==============================+
| 64 | 512 | 1 | 1 | 0.4% |
+------------+---------+----------+-------------+------------------------------+
| 64 | 2048 | 1 | 1 | -0.2% |
+------------+---------+----------+-------------+------------------------------+
| 64 | 512 | 1 | 2 | 0.1% |
+------------+---------+----------+-------------+------------------------------+
| 64 | 2048 | 1 | 2 | -0.1% |
+------------+---------+----------+-------------+------------------------------+
To view detailed results, visit:
https://lab.dpdk.org/results/dashboard/patchsets/18346/
UNH-IOL DPDK Community Lab
To manage your email subscriptions, visit:
https://lab.dpdk.org/results/dashboard/preferences/subscriptions/
^ permalink raw reply [flat|nested] 40+ messages in thread
* [dpdk-test-report] |SUCCESS| pw97332 [PATCH] doc: announce change in dma mapping/unmapping
@ 2021-08-25 13:34 dpdklab
0 siblings, 0 replies; 40+ messages in thread
From: dpdklab @ 2021-08-25 13:34 UTC (permalink / raw)
To: Ajit Khaparde, Test Report; +Cc: dpdk-test-reports
[-- Attachment #1: Type: text/plain, Size: 1792 bytes --]
Test-Label: iol-broadcom-Performance
Test-Status: SUCCESS
http://dpdk.org/patch/97332
_Performance Testing PASS_
Submitter: Xuan Ding <xuan.ding@intel.com>
Date: Wednesday, August 25 2021 11:27:00
DPDK git baseline: Repo:dpdk
Branch: master
CommitID:fdab8f2e17493192d555cd88cf28b06269174326
97332 --> performance testing pass
Test environment and result as below:
Ubuntu 20.04
Kernel: 4.15.0-65-generic
Compiler: gcc gcc (Ubuntu 7.4.0-1ubuntu1~18.04.1) 7.4.0
NIC: Broadcom Inc. brcm_57414 25000 Mbps
Target: x86_64-native-linuxapp-gcc
Fail/Total: 0/4
Detail performance results:
+------------+---------+----------+-------------+------------------------------+
| frame_size | txd/rxd | num_cpus | num_threads | throughput difference from |
| | | | | expected |
+============+=========+==========+=============+==============================+
| 64 | 512 | 1 | 1 | -0.1% |
+------------+---------+----------+-------------+------------------------------+
| 64 | 2048 | 1 | 1 | 0.0% |
+------------+---------+----------+-------------+------------------------------+
| 64 | 512 | 1 | 2 | -0.1% |
+------------+---------+----------+-------------+------------------------------+
| 64 | 2048 | 1 | 2 | -0.0% |
+------------+---------+----------+-------------+------------------------------+
To view detailed results, visit:
https://lab.dpdk.org/results/dashboard/patchsets/18346/
UNH-IOL DPDK Community Lab
To manage your email subscriptions, visit:
https://lab.dpdk.org/results/dashboard/preferences/subscriptions/
^ permalink raw reply [flat|nested] 40+ messages in thread
* [dpdk-test-report] |SUCCESS| pw97332 [PATCH] doc: announce change in dma mapping/unmapping
@ 2021-08-25 13:33 dpdklab
0 siblings, 0 replies; 40+ messages in thread
From: dpdklab @ 2021-08-25 13:33 UTC (permalink / raw)
To: Test Report; +Cc: dpdk-test-reports
[-- Attachment #1: Type: text/plain, Size: 3848 bytes --]
Test-Label: iol-intel-Performance
Test-Status: SUCCESS
http://dpdk.org/patch/97332
_Performance Testing PASS_
Submitter: Xuan Ding <xuan.ding@intel.com>
Date: Wednesday, August 25 2021 11:27:00
DPDK git baseline: Repo:dpdk
Branch: master
CommitID:fdab8f2e17493192d555cd88cf28b06269174326
97332 --> performance testing pass
Test environment and result as below:
Ubuntu 20.04 ARM
Kernel: 4.15.0-132-generic
Compiler: gcc 7.5
NIC: Arm Intel Corporation Ethernet Converged Network Adapter XL710-QDA2 40000 Mbps
Target: x86_64-native-linuxapp-gcc
Fail/Total: 0/2
Detail performance results:
+------------+---------+----------+-------------+------------------------------+
| frame_size | txd/rxd | num_cpus | num_threads | throughput difference from |
| | | | | expected |
+============+=========+==========+=============+==============================+
| 64 | 512 | 1 | 1 | 891.6% |
+------------+---------+----------+-------------+------------------------------+
| 64 | 2048 | 1 | 1 | 837.0% |
+------------+---------+----------+-------------+------------------------------+
Ubuntu 20.04
Kernel: 4.15.0-generic
Compiler: gcc 7.4
NIC: Intel Corporation Ethernet Converged Network Adapter XL710-QDA2 40000 Mbps
Target: x86_64-native-linuxapp-gcc
Fail/Total: 0/4
Detail performance results:
+------------+---------+----------+-------------+------------------------------+
| frame_size | txd/rxd | num_cpus | num_threads | throughput difference from |
| | | | | expected |
+============+=========+==========+=============+==============================+
| 64 | 512 | 1 | 1 | -0.1% |
+------------+---------+----------+-------------+------------------------------+
| 64 | 2048 | 1 | 1 | 1.7% |
+------------+---------+----------+-------------+------------------------------+
| 64 | 512 | 1 | 2 | 1.9% |
+------------+---------+----------+-------------+------------------------------+
| 64 | 2048 | 1 | 2 | 1.1% |
+------------+---------+----------+-------------+------------------------------+
Ubuntu 20.04
Kernel: 4.15.0-generic
Compiler: gcc 7.4
NIC: Intel Corporation Ethernet Converged Network Adapter 82599ES 10000 Mbps
Target: x86_64-native-linuxapp-gcc
Fail/Total: 0/4
Detail performance results:
+------------+---------+----------+-------------+------------------------------+
| frame_size | txd/rxd | num_cpus | num_threads | throughput difference from |
| | | | | expected |
+============+=========+==========+=============+==============================+
| 64 | 512 | 1 | 1 | 0.4% |
+------------+---------+----------+-------------+------------------------------+
| 64 | 2048 | 1 | 1 | -0.2% |
+------------+---------+----------+-------------+------------------------------+
| 64 | 512 | 1 | 2 | 0.1% |
+------------+---------+----------+-------------+------------------------------+
| 64 | 2048 | 1 | 2 | -0.1% |
+------------+---------+----------+-------------+------------------------------+
To view detailed results, visit:
https://lab.dpdk.org/results/dashboard/patchsets/18346/
UNH-IOL DPDK Community Lab
To manage your email subscriptions, visit:
https://lab.dpdk.org/results/dashboard/preferences/subscriptions/
^ permalink raw reply [flat|nested] 40+ messages in thread
* [dpdk-test-report] |SUCCESS| pw97332 [PATCH] doc: announce change in dma mapping/unmapping
@ 2021-08-25 13:28 dpdklab
0 siblings, 0 replies; 40+ messages in thread
From: dpdklab @ 2021-08-25 13:28 UTC (permalink / raw)
To: Test Report; +Cc: dpdk-test-reports
[-- Attachment #1: Type: text/plain, Size: 2663 bytes --]
Test-Label: iol-intel-Performance
Test-Status: SUCCESS
http://dpdk.org/patch/97332
_Performance Testing PASS_
Submitter: Xuan Ding <xuan.ding@intel.com>
Date: Wednesday, August 25 2021 11:27:00
DPDK git baseline: Repo:dpdk
Branch: master
CommitID:fdab8f2e17493192d555cd88cf28b06269174326
97332 --> performance testing pass
Test environment and result as below:
Ubuntu 20.04 ARM
Kernel: 4.15.0-132-generic
Compiler: gcc 7.5
NIC: Arm Intel Corporation Ethernet Converged Network Adapter XL710-QDA2 40000 Mbps
Target: x86_64-native-linuxapp-gcc
Fail/Total: 0/2
Detail performance results:
+------------+---------+----------+-------------+------------------------------+
| frame_size | txd/rxd | num_cpus | num_threads | throughput difference from |
| | | | | expected |
+============+=========+==========+=============+==============================+
| 64 | 512 | 1 | 1 | 891.6% |
+------------+---------+----------+-------------+------------------------------+
| 64 | 2048 | 1 | 1 | 837.0% |
+------------+---------+----------+-------------+------------------------------+
Ubuntu 20.04
Kernel: 4.15.0-generic
Compiler: gcc 7.4
NIC: Intel Corporation Ethernet Converged Network Adapter XL710-QDA2 40000 Mbps
Target: x86_64-native-linuxapp-gcc
Fail/Total: 0/4
Detail performance results:
+------------+---------+----------+-------------+------------------------------+
| frame_size | txd/rxd | num_cpus | num_threads | throughput difference from |
| | | | | expected |
+============+=========+==========+=============+==============================+
| 64 | 512 | 1 | 1 | -0.1% |
+------------+---------+----------+-------------+------------------------------+
| 64 | 2048 | 1 | 1 | 1.7% |
+------------+---------+----------+-------------+------------------------------+
| 64 | 512 | 1 | 2 | 1.9% |
+------------+---------+----------+-------------+------------------------------+
| 64 | 2048 | 1 | 2 | 1.1% |
+------------+---------+----------+-------------+------------------------------+
To view detailed results, visit:
https://lab.dpdk.org/results/dashboard/patchsets/18346/
UNH-IOL DPDK Community Lab
To manage your email subscriptions, visit:
https://lab.dpdk.org/results/dashboard/preferences/subscriptions/
^ permalink raw reply [flat|nested] 40+ messages in thread
* [dpdk-test-report] |SUCCESS| pw97332 [PATCH] doc: announce change in dma mapping/unmapping
@ 2021-08-25 13:21 dpdklab
0 siblings, 0 replies; 40+ messages in thread
From: dpdklab @ 2021-08-25 13:21 UTC (permalink / raw)
To: Test Report; +Cc: dpdk-test-reports
[-- Attachment #1: Type: text/plain, Size: 2663 bytes --]
Test-Label: iol-intel-Performance
Test-Status: SUCCESS
http://dpdk.org/patch/97332
_Performance Testing PASS_
Submitter: Xuan Ding <xuan.ding@intel.com>
Date: Wednesday, August 25 2021 11:27:00
DPDK git baseline: Repo:dpdk
Branch: master
CommitID:fdab8f2e17493192d555cd88cf28b06269174326
97332 --> performance testing pass
Test environment and result as below:
Ubuntu 20.04 ARM
Kernel: 4.15.0-132-generic
Compiler: gcc 7.5
NIC: Arm Intel Corporation Ethernet Converged Network Adapter XL710-QDA2 40000 Mbps
Target: x86_64-native-linuxapp-gcc
Fail/Total: 0/2
Detail performance results:
+------------+---------+----------+-------------+------------------------------+
| frame_size | txd/rxd | num_cpus | num_threads | throughput difference from |
| | | | | expected |
+============+=========+==========+=============+==============================+
| 64 | 512 | 1 | 1 | 589.8% |
+------------+---------+----------+-------------+------------------------------+
| 64 | 2048 | 1 | 1 | 382.3% |
+------------+---------+----------+-------------+------------------------------+
Ubuntu 20.04
Kernel: 4.15.0-generic
Compiler: gcc 7.4
NIC: Intel Corporation Ethernet Converged Network Adapter XL710-QDA2 40000 Mbps
Target: x86_64-native-linuxapp-gcc
Fail/Total: 0/4
Detail performance results:
+------------+---------+----------+-------------+------------------------------+
| frame_size | txd/rxd | num_cpus | num_threads | throughput difference from |
| | | | | expected |
+============+=========+==========+=============+==============================+
| 64 | 512 | 1 | 1 | -0.1% |
+------------+---------+----------+-------------+------------------------------+
| 64 | 2048 | 1 | 1 | 1.7% |
+------------+---------+----------+-------------+------------------------------+
| 64 | 512 | 1 | 2 | 1.9% |
+------------+---------+----------+-------------+------------------------------+
| 64 | 2048 | 1 | 2 | 1.1% |
+------------+---------+----------+-------------+------------------------------+
To view detailed results, visit:
https://lab.dpdk.org/results/dashboard/patchsets/18346/
UNH-IOL DPDK Community Lab
To manage your email subscriptions, visit:
https://lab.dpdk.org/results/dashboard/preferences/subscriptions/
^ permalink raw reply [flat|nested] 40+ messages in thread
* [dpdk-test-report] |SUCCESS| pw97332 [PATCH] doc: announce change in dma mapping/unmapping
@ 2021-08-25 13:17 dpdklab
0 siblings, 0 replies; 40+ messages in thread
From: dpdklab @ 2021-08-25 13:17 UTC (permalink / raw)
To: Test Report; +Cc: dpdklab
[-- Attachment #1: Type: text/plain, Size: 925 bytes --]
Test-Label: iol-spell-check-testing
Test-Status: SUCCESS
http://dpdk.org/patch/97332
_Testing PASS_
Submitter: Xuan Ding <xuan.ding@intel.com>
Date: Wednesday, August 25 2021 11:27:00
DPDK git baseline: Repo:dpdk
Branch: master
CommitID:fdab8f2e17493192d555cd88cf28b06269174326
97332 --> testing pass
Test environment and result as below:
+--------------+-------------+
| Environment | spell_check |
+==============+=============+
| Ubuntu 20.04 | PASS |
+--------------+-------------+
==== 20 line log output for Ubuntu 20.04 (spell_check): ====
Errors found: 0
==== End log output ====
Ubuntu 20.04
Kernel: 4.18.0-240.10.1.el8_3.x86_64
Compiler: gcc 9.3.0-17ubuntu1~20.04
To view detailed results, visit:
https://lab.dpdk.org/results/dashboard/patchsets/18346/
UNH-IOL DPDK Community Lab
To manage your email subscriptions, visit:
https://lab.dpdk.org/results/dashboard/preferences/subscriptions/
^ permalink raw reply [flat|nested] 40+ messages in thread
* [dpdk-test-report] |SUCCESS| pw97332 [PATCH] doc: announce change in dma mapping/unmapping
@ 2021-08-25 13:16 dpdklab
0 siblings, 0 replies; 40+ messages in thread
From: dpdklab @ 2021-08-25 13:16 UTC (permalink / raw)
To: Ajit Khaparde, Test Report; +Cc: dpdk-test-reports
[-- Attachment #1: Type: text/plain, Size: 788 bytes --]
Test-Label: iol-broadcom-Functional
Test-Status: SUCCESS
http://dpdk.org/patch/97332
_Functional Testing PASS_
Submitter: Xuan Ding <xuan.ding@intel.com>
Date: Wednesday, August 25 2021 11:27:00
DPDK git baseline: Repo:dpdk
Branch: master
CommitID:fdab8f2e17493192d555cd88cf28b06269174326
97332 --> functional testing pass
Test environment and result as below:
Ubuntu 20.04
Kernel: 4.15.0-65-generic
Compiler: gcc gcc (Ubuntu 7.4.0-1ubuntu1~18.04.1) 7.4.0
NIC: Broadcom Inc. brcm_57414 25000 Mbps
Target: x86_64-native-linuxapp-gcc
Fail/Total: 0/3
To view detailed results, visit:
https://lab.dpdk.org/results/dashboard/patchsets/18346/
UNH-IOL DPDK Community Lab
To manage your email subscriptions, visit:
https://lab.dpdk.org/results/dashboard/preferences/subscriptions/
^ permalink raw reply [flat|nested] 40+ messages in thread
* [dpdk-test-report] |SUCCESS| pw97332 [PATCH] doc: announce change in dma mapping/unmapping
@ 2021-08-25 13:08 dpdklab
0 siblings, 0 replies; 40+ messages in thread
From: dpdklab @ 2021-08-25 13:08 UTC (permalink / raw)
To: Test Report; +Cc: dpdk-test-reports
[-- Attachment #1: Type: text/plain, Size: 967 bytes --]
Test-Label: iol-intel-Functional
Test-Status: SUCCESS
http://dpdk.org/patch/97332
_Functional Testing PASS_
Submitter: Xuan Ding <xuan.ding@intel.com>
Date: Wednesday, August 25 2021 11:27:00
DPDK git baseline: Repo:dpdk
Branch: master
CommitID:fdab8f2e17493192d555cd88cf28b06269174326
97332 --> functional testing pass
Test environment and result as below:
Ubuntu 20.04
Kernel: 4.15.0-generic
Compiler: gcc 7.4
NIC: Intel Corporation Ethernet Converged Network Adapter XL710-QDA2 40000 Mbps
Target: x86_64-native-linuxapp-gcc
Fail/Total: 0/2
Ubuntu 20.04
Kernel: 4.15.0-generic
Compiler: gcc 7.4
NIC: Intel Corporation Ethernet Converged Network Adapter 82599ES 10000 Mbps
Target: x86_64-native-linuxapp-gcc
Fail/Total: 0/2
To view detailed results, visit:
https://lab.dpdk.org/results/dashboard/patchsets/18346/
UNH-IOL DPDK Community Lab
To manage your email subscriptions, visit:
https://lab.dpdk.org/results/dashboard/preferences/subscriptions/
^ permalink raw reply [flat|nested] 40+ messages in thread
* [dpdk-test-report] |SUCCESS| pw97332 [PATCH] doc: announce change in dma mapping/unmapping
@ 2021-08-25 13:04 dpdklab
0 siblings, 0 replies; 40+ messages in thread
From: dpdklab @ 2021-08-25 13:04 UTC (permalink / raw)
To: Test Report; +Cc: dpdk-test-reports
[-- Attachment #1: Type: text/plain, Size: 1475 bytes --]
Test-Label: iol-intel-Performance
Test-Status: SUCCESS
http://dpdk.org/patch/97332
_Performance Testing PASS_
Submitter: Xuan Ding <xuan.ding@intel.com>
Date: Wednesday, August 25 2021 11:27:00
DPDK git baseline: Repo:dpdk
Branch: master
CommitID:fdab8f2e17493192d555cd88cf28b06269174326
97332 --> performance testing pass
Test environment and result as below:
Ubuntu 20.04 ARM
Kernel: 4.15.0-132-generic
Compiler: gcc 7.5
NIC: Arm Intel Corporation Ethernet Converged Network Adapter XL710-QDA2 40000 Mbps
Target: x86_64-native-linuxapp-gcc
Fail/Total: 0/2
Detail performance results:
+------------+---------+----------+-------------+------------------------------+
| frame_size | txd/rxd | num_cpus | num_threads | throughput difference from |
| | | | | expected |
+============+=========+==========+=============+==============================+
| 64 | 512 | 1 | 1 | 589.8% |
+------------+---------+----------+-------------+------------------------------+
| 64 | 2048 | 1 | 1 | 382.3% |
+------------+---------+----------+-------------+------------------------------+
To view detailed results, visit:
https://lab.dpdk.org/results/dashboard/patchsets/18346/
UNH-IOL DPDK Community Lab
To manage your email subscriptions, visit:
https://lab.dpdk.org/results/dashboard/preferences/subscriptions/
^ permalink raw reply [flat|nested] 40+ messages in thread
* [dpdk-test-report] |SUCCESS| pw97332 [PATCH] doc: announce change in dma mapping/unmapping
@ 2021-08-25 13:01 dpdklab
0 siblings, 0 replies; 40+ messages in thread
From: dpdklab @ 2021-08-25 13:01 UTC (permalink / raw)
To: Ajit Khaparde, Test Report; +Cc: dpdk-test-reports
[-- Attachment #1: Type: text/plain, Size: 1792 bytes --]
Test-Label: iol-broadcom-Performance
Test-Status: SUCCESS
http://dpdk.org/patch/97332
_Performance Testing PASS_
Submitter: Xuan Ding <xuan.ding@intel.com>
Date: Wednesday, August 25 2021 11:27:00
DPDK git baseline: Repo:dpdk
Branch: master
CommitID:fdab8f2e17493192d555cd88cf28b06269174326
97332 --> performance testing pass
Test environment and result as below:
Ubuntu 20.04
Kernel: 4.15.0-65-generic
Compiler: gcc gcc (Ubuntu 7.4.0-1ubuntu1~18.04.1) 7.4.0
NIC: Broadcom Inc. brcm_57414 25000 Mbps
Target: x86_64-native-linuxapp-gcc
Fail/Total: 0/4
Detail performance results:
+------------+---------+----------+-------------+------------------------------+
| frame_size | txd/rxd | num_cpus | num_threads | throughput difference from |
| | | | | expected |
+============+=========+==========+=============+==============================+
| 64 | 512 | 1 | 1 | 0.1% |
+------------+---------+----------+-------------+------------------------------+
| 64 | 2048 | 1 | 1 | -0.1% |
+------------+---------+----------+-------------+------------------------------+
| 64 | 512 | 1 | 2 | 0.1% |
+------------+---------+----------+-------------+------------------------------+
| 64 | 2048 | 1 | 2 | -0.2% |
+------------+---------+----------+-------------+------------------------------+
To view detailed results, visit:
https://lab.dpdk.org/results/dashboard/patchsets/18346/
UNH-IOL DPDK Community Lab
To manage your email subscriptions, visit:
https://lab.dpdk.org/results/dashboard/preferences/subscriptions/
^ permalink raw reply [flat|nested] 40+ messages in thread
* [dpdk-test-report] |SUCCESS| pw97332 [PATCH] doc: announce change in dma mapping/unmapping
@ 2021-08-25 13:01 dpdklab
0 siblings, 0 replies; 40+ messages in thread
From: dpdklab @ 2021-08-25 13:01 UTC (permalink / raw)
To: Test Report; +Cc: dpdk-test-reports
[-- Attachment #1: Type: text/plain, Size: 783 bytes --]
Test-Label: iol-intel-Functional
Test-Status: SUCCESS
http://dpdk.org/patch/97332
_Functional Testing PASS_
Submitter: Xuan Ding <xuan.ding@intel.com>
Date: Wednesday, August 25 2021 11:27:00
DPDK git baseline: Repo:dpdk
Branch: master
CommitID:fdab8f2e17493192d555cd88cf28b06269174326
97332 --> functional testing pass
Test environment and result as below:
Ubuntu 20.04
Kernel: 4.15.0-generic
Compiler: gcc 7.4
NIC: Intel Corporation Ethernet Converged Network Adapter XL710-QDA2 40000 Mbps
Target: x86_64-native-linuxapp-gcc
Fail/Total: 0/2
To view detailed results, visit:
https://lab.dpdk.org/results/dashboard/patchsets/18346/
UNH-IOL DPDK Community Lab
To manage your email subscriptions, visit:
https://lab.dpdk.org/results/dashboard/preferences/subscriptions/
^ permalink raw reply [flat|nested] 40+ messages in thread
* [dpdk-test-report] |SUCCESS| pw97332 [PATCH] doc: announce change in dma mapping/unmapping
@ 2021-08-25 12:46 dpdklab
0 siblings, 0 replies; 40+ messages in thread
From: dpdklab @ 2021-08-25 12:46 UTC (permalink / raw)
To: Test Report; +Cc: dpdklab
[-- Attachment #1: Type: text/plain, Size: 925 bytes --]
Test-Label: iol-spell-check-testing
Test-Status: SUCCESS
http://dpdk.org/patch/97332
_Testing PASS_
Submitter: Xuan Ding <xuan.ding@intel.com>
Date: Wednesday, August 25 2021 11:27:00
DPDK git baseline: Repo:dpdk
Branch: master
CommitID:fdab8f2e17493192d555cd88cf28b06269174326
97332 --> testing pass
Test environment and result as below:
+--------------+-------------+
| Environment | spell_check |
+==============+=============+
| Ubuntu 20.04 | PASS |
+--------------+-------------+
==== 20 line log output for Ubuntu 20.04 (spell_check): ====
Errors found: 0
==== End log output ====
Ubuntu 20.04
Kernel: 4.18.0-240.10.1.el8_3.x86_64
Compiler: gcc 9.3.0-17ubuntu1~20.04
To view detailed results, visit:
https://lab.dpdk.org/results/dashboard/patchsets/18346/
UNH-IOL DPDK Community Lab
To manage your email subscriptions, visit:
https://lab.dpdk.org/results/dashboard/preferences/subscriptions/
^ permalink raw reply [flat|nested] 40+ messages in thread
end of thread, other threads:[~2021-08-26 1:24 UTC | newest]
Thread overview: 40+ messages (download: mbox.gz / follow: Atom feed)
-- links below jump to the message on this page --
[not found] <20210825112700.83810-1-xuan.ding@intel.com>
2021-08-25 11:37 ` [dpdk-test-report] |SUCCESS| pw97332 [PATCH] doc: announce change in dma mapping/unmapping checkpatch
2021-08-25 13:17 ` [dpdk-test-report] |FAILURE| pw97332 [dpdk-dev] " 0-day Robot
2021-08-26 1:24 [dpdk-test-report] |SUCCESS| pw97332 " dpdklab
-- strict thread matches above, loose matches on Subject: below --
2021-08-26 0:51 dpdklab
2021-08-26 0:26 dpdklab
2021-08-25 23:45 dpdklab
2021-08-25 18:37 dpdklab
2021-08-25 17:08 dpdklab
2021-08-25 16:47 dpdklab
2021-08-25 16:33 dpdklab
2021-08-25 16:17 dpdklab
2021-08-25 16:01 dpdklab
2021-08-25 15:44 dpdklab
2021-08-25 15:29 dpdklab
2021-08-25 15:14 dpdklab
2021-08-25 14:59 dpdklab
2021-08-25 14:49 dpdklab
2021-08-25 14:43 dpdklab
2021-08-25 14:30 dpdklab
2021-08-25 14:20 dpdklab
2021-08-25 14:19 dpdklab
2021-08-25 14:19 dpdklab
2021-08-25 14:08 dpdklab
2021-08-25 14:05 dpdklab
2021-08-25 13:56 dpdklab
2021-08-25 13:52 dpdklab
2021-08-25 13:51 dpdklab
2021-08-25 13:49 dpdklab
2021-08-25 13:47 dpdklab
2021-08-25 13:34 dpdklab
2021-08-25 13:33 dpdklab
2021-08-25 13:28 dpdklab
2021-08-25 13:21 dpdklab
2021-08-25 13:17 dpdklab
2021-08-25 13:16 dpdklab
2021-08-25 13:08 dpdklab
2021-08-25 13:04 dpdklab
2021-08-25 13:01 dpdklab
2021-08-25 13:01 dpdklab
2021-08-25 12:46 dpdklab
This is a public inbox, see mirroring instructions
for how to clone and mirror all data and code used for this inbox;
as well as URLs for NNTP newsgroup(s).