* [dpdk-test-report] |FAILURE| pw97279-97280 [PATCH] [v6, 2/2] net: added macro to extract MAC address bytes
@ 2021-08-25 19:45 dpdklab
0 siblings, 0 replies; 4+ messages in thread
From: dpdklab @ 2021-08-25 19:45 UTC (permalink / raw)
To: Test Report; +Cc: dpdklab, Aman Singh
[-- Attachment #1: Type: text/plain, Size: 2324 bytes --]
Test-Label: iol-aarch64-unit-testing
Test-Status: FAILURE
http://dpdk.org/patch/97280
_Testing issues_
Submitter: Aman Singh <aman.deep.singh@intel.com>
Date: Tuesday, August 24 2021 11:03:26
DPDK git baseline: Repo:dpdk
Branch: master
CommitID:fdab8f2e17493192d555cd88cf28b06269174326
97279-97280 --> testing fail
Test environment and result as below:
+----------------------+----------------+--------------+
| Environment | dpdk_unit_test | lpm_autotest |
+======================+================+==============+
| Ubuntu 20.04 ARM | FAIL | SKIPPED |
+----------------------+----------------+--------------+
| Ubuntu 20.04 ARM SVE | SKIPPED | PASS |
+----------------------+----------------+--------------+
==== 20 line log output for Ubuntu 20.04 ARM (dpdk_unit_test): ====
85/94 DPDK:fast-tests / thash_autotest OK 0.33s
86/94 DPDK:fast-tests / trace_autotest OK 0.45s
87/94 DPDK:fast-tests / telemetry_json_autotest OK 0.42s
88/94 DPDK:fast-tests / telemetry_data_autotest OK 0.42s
89/94 DPDK:fast-tests / ring_pmd_autotest OK 0.30s
90/94 DPDK:fast-tests / event_eth_tx_adapter_autotest OK 1.41s
91/94 DPDK:fast-tests / bitratestats_autotest OK 0.34s
92/94 DPDK:fast-tests / latencystats_autotest OK 0.37s
93/94 DPDK:fast-tests / pdump_autotest OK 5.42s
94/94 DPDK:fast-tests / compressdev_autotest SKIP 0.43s exit status 77
Ok: 89
Expected Fail: 0
Fail: 1
Unexpected Pass: 0
Skipped: 4
Timeout: 0
Full log written to /home-local/jenkins-local/jenkins-agent/workspace/Arm-gigabyte-Unit-Test-DPDK/dpdk/build/meson-logs/testlog.txt
==== End log output ====
Ubuntu 20.04 ARM
Kernel: 5.4.0-53-generic
Compiler: gcc 9.3
Ubuntu 20.04 ARM SVE
Kernel: 5.4.0-80-generic
Compiler: gcc 10.3.0 (Ubuntu 10.3.0-1ubuntu1~20.04)
To view detailed results, visit:
https://lab.dpdk.org/results/dashboard/patchsets/18335/
UNH-IOL DPDK Community Lab
To manage your email subscriptions, visit:
https://lab.dpdk.org/results/dashboard/preferences/subscriptions/
^ permalink raw reply [flat|nested] 4+ messages in thread
* [dpdk-test-report] |FAILURE| pw97279-97280 [PATCH] [v6, 2/2] net: added macro to extract MAC address bytes
@ 2021-08-26 14:42 dpdklab
0 siblings, 0 replies; 4+ messages in thread
From: dpdklab @ 2021-08-26 14:42 UTC (permalink / raw)
To: Test Report; +Cc: dpdklab, Aman Singh
[-- Attachment #1: Type: text/plain, Size: 2324 bytes --]
Test-Label: iol-aarch64-unit-testing
Test-Status: FAILURE
http://dpdk.org/patch/97280
_Testing issues_
Submitter: Aman Singh <aman.deep.singh@intel.com>
Date: Tuesday, August 24 2021 11:03:26
DPDK git baseline: Repo:dpdk
Branch: master
CommitID:fdab8f2e17493192d555cd88cf28b06269174326
97279-97280 --> testing fail
Test environment and result as below:
+----------------------+----------------+--------------+
| Environment | dpdk_unit_test | lpm_autotest |
+======================+================+==============+
| Ubuntu 20.04 ARM | FAIL | SKIPPED |
+----------------------+----------------+--------------+
| Ubuntu 20.04 ARM SVE | SKIPPED | PASS |
+----------------------+----------------+--------------+
==== 20 line log output for Ubuntu 20.04 ARM (dpdk_unit_test): ====
85/94 DPDK:fast-tests / thash_autotest OK 0.31s
86/94 DPDK:fast-tests / trace_autotest OK 0.43s
87/94 DPDK:fast-tests / telemetry_json_autotest OK 0.44s
88/94 DPDK:fast-tests / telemetry_data_autotest OK 0.42s
89/94 DPDK:fast-tests / ring_pmd_autotest OK 0.34s
90/94 DPDK:fast-tests / event_eth_tx_adapter_autotest OK 1.38s
91/94 DPDK:fast-tests / bitratestats_autotest OK 0.34s
92/94 DPDK:fast-tests / latencystats_autotest OK 0.37s
93/94 DPDK:fast-tests / pdump_autotest OK 5.42s
94/94 DPDK:fast-tests / compressdev_autotest SKIP 0.45s exit status 77
Ok: 88
Expected Fail: 0
Fail: 2
Unexpected Pass: 0
Skipped: 4
Timeout: 0
Full log written to /home-local/jenkins-local/jenkins-agent/workspace/Arm-gigabyte-Unit-Test-DPDK/dpdk/build/meson-logs/testlog.txt
==== End log output ====
Ubuntu 20.04 ARM
Kernel: 5.4.0-53-generic
Compiler: gcc 9.3
Ubuntu 20.04 ARM SVE
Kernel: 5.4.0-80-generic
Compiler: gcc 10.3.0 (Ubuntu 10.3.0-1ubuntu1~20.04)
To view detailed results, visit:
https://lab.dpdk.org/results/dashboard/patchsets/18335/
UNH-IOL DPDK Community Lab
To manage your email subscriptions, visit:
https://lab.dpdk.org/results/dashboard/preferences/subscriptions/
^ permalink raw reply [flat|nested] 4+ messages in thread
* [dpdk-test-report] |FAILURE| pw97279-97280 [PATCH] [v6, 2/2] net: added macro to extract MAC address bytes
@ 2021-08-25 1:52 dpdklab
0 siblings, 0 replies; 4+ messages in thread
From: dpdklab @ 2021-08-25 1:52 UTC (permalink / raw)
To: Ali Alnubani, Thomas Monjalon, Test Report; +Cc: dpdk-test-reports, Aman Singh
[-- Attachment #1: Type: text/plain, Size: 4540 bytes --]
Test-Label: iol-mellanox-Performance
Test-Status: FAILURE
http://dpdk.org/patch/97280
_Performance Testing issues_
Submitter: Aman Singh <aman.deep.singh@intel.com>
Date: Tuesday, August 24 2021 11:03:26
DPDK git baseline: Repo:dpdk
Branch: master
CommitID:fdab8f2e17493192d555cd88cf28b06269174326
97279-97280 --> performance testing fail
Test environment and result as below:
Ubuntu 20.04
Kernel: 4.15.0-generic
Compiler: gcc 7.4
NIC: Mellanox ConnectX-4 Lx 25000 Mbps
Target: x86_64-native-linuxapp-gcc
Fail/Total: 0/5
Detail performance results:
+------------+---------+----------+-------------+------------------------------+
| frame_size | txd/rxd | num_cpus | num_threads | throughput difference from |
| | | | | expected |
+============+=========+==========+=============+==============================+
| 64 | 256 | 1 | 1 | 0.5% |
+------------+---------+----------+-------------+------------------------------+
| 128 | 256 | 1 | 1 | -0.1% |
+------------+---------+----------+-------------+------------------------------+
| 256 | 256 | 1 | 1 | 0.1% |
+------------+---------+----------+-------------+------------------------------+
| 1518 | 256 | 1 | 1 | 0.2% |
+------------+---------+----------+-------------+------------------------------+
| 1024 | 256 | 1 | 1 | 0.0% |
+------------+---------+----------+-------------+------------------------------+
Ubuntu 20.04
Kernel: 4.15.0-generic
Compiler: gcc 7.4
NIC: Mellanox ConnectX-4 Lx 40000 Mbps
Target: x86_64-native-linuxapp-gcc
Fail/Total: 1/5
Detail performance results:
+------------+---------+----------+-------------+------------------------------+
| frame_size | txd/rxd | num_cpus | num_threads | throughput difference from |
| | | | | expected |
+============+=========+==========+=============+==============================+
| 64 | 256 | 1 | 1 | 0.7% |
+------------+---------+----------+-------------+------------------------------+
| 128 | 256 | 1 | 1 | -1.2% |
+------------+---------+----------+-------------+------------------------------+
| 256 | 256 | 1 | 1 | 0.1% |
+------------+---------+----------+-------------+------------------------------+
| 1518 | 256 | 1 | 1 | -0.3% |
+------------+---------+----------+-------------+------------------------------+
| 1024 | 256 | 1 | 1 | 0.0% |
+------------+---------+----------+-------------+------------------------------+
Ubuntu 20.04
Kernel: 4.15.0-generic
Compiler: gcc 7.4
NIC: Mellanox ConnectX-5 100000 Mbps
Target: x86_64-native-linuxapp-gcc
Fail/Total: 0/5
Detail performance results:
+------------+---------+----------+-------------+------------------------------+
| frame_size | txd/rxd | num_cpus | num_threads | throughput difference from |
| | | | | expected |
+============+=========+==========+=============+==============================+
| 64 | 256 | 1 | 1 | 0.0% |
+------------+---------+----------+-------------+------------------------------+
| 128 | 256 | 1 | 1 | -0.1% |
+------------+---------+----------+-------------+------------------------------+
| 256 | 256 | 1 | 1 | 0.2% |
+------------+---------+----------+-------------+------------------------------+
| 1518 | 256 | 1 | 1 | -0.0% |
+------------+---------+----------+-------------+------------------------------+
| 1024 | 256 | 1 | 1 | -0.2% |
+------------+---------+----------+-------------+------------------------------+
To view detailed results, visit:
https://lab.dpdk.org/results/dashboard/patchsets/18335/
UNH-IOL DPDK Community Lab
To manage your email subscriptions, visit:
https://lab.dpdk.org/results/dashboard/preferences/subscriptions/
^ permalink raw reply [flat|nested] 4+ messages in thread
* [dpdk-test-report] |FAILURE| pw97279-97280 [PATCH] [v6, 2/2] net: added macro to extract MAC address bytes
@ 2021-08-25 1:35 dpdklab
0 siblings, 0 replies; 4+ messages in thread
From: dpdklab @ 2021-08-25 1:35 UTC (permalink / raw)
To: Ali Alnubani, Thomas Monjalon, Test Report; +Cc: dpdk-test-reports, Aman Singh
[-- Attachment #1: Type: text/plain, Size: 3233 bytes --]
Test-Label: iol-mellanox-Performance
Test-Status: FAILURE
http://dpdk.org/patch/97280
_Performance Testing issues_
Submitter: Aman Singh <aman.deep.singh@intel.com>
Date: Tuesday, August 24 2021 11:03:26
DPDK git baseline: Repo:dpdk
Branch: master
CommitID:fdab8f2e17493192d555cd88cf28b06269174326
97279-97280 --> performance testing fail
Test environment and result as below:
Ubuntu 20.04
Kernel: 4.15.0-generic
Compiler: gcc 7.4
NIC: Mellanox ConnectX-4 Lx 25000 Mbps
Target: x86_64-native-linuxapp-gcc
Fail/Total: 0/5
Detail performance results:
+------------+---------+----------+-------------+------------------------------+
| frame_size | txd/rxd | num_cpus | num_threads | throughput difference from |
| | | | | expected |
+============+=========+==========+=============+==============================+
| 64 | 256 | 1 | 1 | 0.5% |
+------------+---------+----------+-------------+------------------------------+
| 128 | 256 | 1 | 1 | -0.1% |
+------------+---------+----------+-------------+------------------------------+
| 256 | 256 | 1 | 1 | 0.1% |
+------------+---------+----------+-------------+------------------------------+
| 1518 | 256 | 1 | 1 | 0.2% |
+------------+---------+----------+-------------+------------------------------+
| 1024 | 256 | 1 | 1 | 0.0% |
+------------+---------+----------+-------------+------------------------------+
Ubuntu 20.04
Kernel: 4.15.0-generic
Compiler: gcc 7.4
NIC: Mellanox ConnectX-4 Lx 40000 Mbps
Target: x86_64-native-linuxapp-gcc
Fail/Total: 1/5
Detail performance results:
+------------+---------+----------+-------------+------------------------------+
| frame_size | txd/rxd | num_cpus | num_threads | throughput difference from |
| | | | | expected |
+============+=========+==========+=============+==============================+
| 64 | 256 | 1 | 1 | 0.7% |
+------------+---------+----------+-------------+------------------------------+
| 128 | 256 | 1 | 1 | -1.2% |
+------------+---------+----------+-------------+------------------------------+
| 256 | 256 | 1 | 1 | 0.1% |
+------------+---------+----------+-------------+------------------------------+
| 1518 | 256 | 1 | 1 | -0.3% |
+------------+---------+----------+-------------+------------------------------+
| 1024 | 256 | 1 | 1 | 0.0% |
+------------+---------+----------+-------------+------------------------------+
To view detailed results, visit:
https://lab.dpdk.org/results/dashboard/patchsets/18335/
UNH-IOL DPDK Community Lab
To manage your email subscriptions, visit:
https://lab.dpdk.org/results/dashboard/preferences/subscriptions/
^ permalink raw reply [flat|nested] 4+ messages in thread
end of thread, other threads:[~2021-08-26 14:42 UTC | newest]
Thread overview: 4+ messages (download: mbox.gz / follow: Atom feed)
-- links below jump to the message on this page --
2021-08-25 19:45 [dpdk-test-report] |FAILURE| pw97279-97280 [PATCH] [v6, 2/2] net: added macro to extract MAC address bytes dpdklab
-- strict thread matches above, loose matches on Subject: below --
2021-08-26 14:42 dpdklab
2021-08-25 1:52 dpdklab
2021-08-25 1:35 dpdklab
This is a public inbox, see mirroring instructions
for how to clone and mirror all data and code used for this inbox;
as well as URLs for NNTP newsgroup(s).