* [dpdk-test-report] |FAILURE| pw97339 [PATCH] driver: i40evf device initialization
@ 2021-08-25 20:59 dpdklab
0 siblings, 0 replies; 3+ messages in thread
From: dpdklab @ 2021-08-25 20:59 UTC (permalink / raw)
To: Georgii Tkachuk, Qian Xu, Lijuan Tu, Test Report, Ferruh Yigit
Cc: dpdk-test-reports, Ben Magistro
[-- Attachment #1: Type: text/plain, Size: 2991 bytes --]
Test-Label: iol-intel-Performance
Test-Status: FAILURE
http://dpdk.org/patch/97339
_Performance Testing issues_
Submitter: Ben Magistro <koncept1@gmail.com>
Date: Wednesday, August 25 2021 19:45:26
DPDK git baseline: Repo:dpdk-next-net-intel
Branch: master
CommitID:2508c18cff9ffb217ac40e44071dc2762d257f31
97339 --> performance testing fail
Test environment and result as below:
Ubuntu 20.04
Kernel: 4.15.0-generic
Compiler: gcc 7.4
NIC: Intel Corporation Ethernet Converged Network Adapter XL710-QDA2 40000 Mbps
Target: x86_64-native-linuxapp-gcc
Fail/Total: 1/4
Detail performance results:
+------------+---------+----------+-------------+------------------------------+
| frame_size | txd/rxd | num_cpus | num_threads | throughput difference from |
| | | | | expected |
+============+=========+==========+=============+==============================+
| 64 | 512 | 1 | 1 | 9.3% |
+------------+---------+----------+-------------+------------------------------+
| 64 | 2048 | 1 | 1 | 3.5% |
+------------+---------+----------+-------------+------------------------------+
| 64 | 512 | 1 | 2 | -3.8% |
+------------+---------+----------+-------------+------------------------------+
| 64 | 2048 | 1 | 2 | -9.1% |
+------------+---------+----------+-------------+------------------------------+
Ubuntu 20.04
Kernel: 4.15.0-generic
Compiler: gcc 7.4
NIC: Intel Corporation Ethernet Converged Network Adapter 82599ES 10000 Mbps
Target: x86_64-native-linuxapp-gcc
Fail/Total: 0/4
Detail performance results:
+------------+---------+----------+-------------+------------------------------+
| frame_size | txd/rxd | num_cpus | num_threads | throughput difference from |
| | | | | expected |
+============+=========+==========+=============+==============================+
| 64 | 512 | 1 | 1 | 5.2% |
+------------+---------+----------+-------------+------------------------------+
| 64 | 2048 | 1 | 1 | 11.2% |
+------------+---------+----------+-------------+------------------------------+
| 64 | 512 | 1 | 2 | 0.0% |
+------------+---------+----------+-------------+------------------------------+
| 64 | 2048 | 1 | 2 | 0.2% |
+------------+---------+----------+-------------+------------------------------+
To view detailed results, visit:
https://lab.dpdk.org/results/dashboard/patchsets/18349/
UNH-IOL DPDK Community Lab
To manage your email subscriptions, visit:
https://lab.dpdk.org/results/dashboard/preferences/subscriptions/
^ permalink raw reply [flat|nested] 3+ messages in thread
* [dpdk-test-report] |FAILURE| pw97339 [PATCH] driver: i40evf device initialization
@ 2021-08-26 19:18 dpdklab
0 siblings, 0 replies; 3+ messages in thread
From: dpdklab @ 2021-08-26 19:18 UTC (permalink / raw)
To: Test Report; +Cc: dpdklab, Ben Magistro
[-- Attachment #1: Type: text/plain, Size: 2330 bytes --]
Test-Label: iol-aarch64-unit-testing
Test-Status: FAILURE
http://dpdk.org/patch/97339
_Testing issues_
Submitter: Ben Magistro <koncept1@gmail.com>
Date: Wednesday, August 25 2021 19:45:26
DPDK git baseline: Repo:dpdk-next-net-intel
Branch: master
CommitID:2508c18cff9ffb217ac40e44071dc2762d257f31
97339 --> testing fail
Test environment and result as below:
+----------------------+----------------+--------------+
| Environment | dpdk_unit_test | lpm_autotest |
+======================+================+==============+
| Ubuntu 20.04 ARM | FAIL | SKIPPED |
+----------------------+----------------+--------------+
| Ubuntu 20.04 ARM SVE | SKIPPED | PASS |
+----------------------+----------------+--------------+
==== 20 line log output for Ubuntu 20.04 ARM (dpdk_unit_test): ====
84/93 DPDK:fast-tests / thash_autotest OK 0.30s
85/93 DPDK:fast-tests / trace_autotest OK 0.45s
86/93 DPDK:fast-tests / telemetry_json_autotest OK 0.42s
87/93 DPDK:fast-tests / telemetry_data_autotest OK 0.42s
88/93 DPDK:fast-tests / ring_pmd_autotest OK 0.32s
89/93 DPDK:fast-tests / event_eth_tx_adapter_autotest OK 3.31s
90/93 DPDK:fast-tests / bitratestats_autotest OK 0.34s
91/93 DPDK:fast-tests / latencystats_autotest OK 0.34s
92/93 DPDK:fast-tests / pdump_autotest OK 5.46s
93/93 DPDK:fast-tests / compressdev_autotest SKIP 0.45s exit status 77
Ok: 87
Expected Fail: 0
Fail: 1
Unexpected Pass: 0
Skipped: 5
Timeout: 0
Full log written to /home-local/jenkins-local/jenkins-agent/workspace/Arm-gigabyte-Unit-Test-DPDK/dpdk/build/meson-logs/testlog.txt
==== End log output ====
Ubuntu 20.04 ARM
Kernel: 5.4.0-53-generic
Compiler: gcc 9.3
Ubuntu 20.04 ARM SVE
Kernel: 5.4.0-80-generic
Compiler: gcc 10.3.0 (Ubuntu 10.3.0-1ubuntu1~20.04)
To view detailed results, visit:
https://lab.dpdk.org/results/dashboard/patchsets/18349/
UNH-IOL DPDK Community Lab
To manage your email subscriptions, visit:
https://lab.dpdk.org/results/dashboard/preferences/subscriptions/
^ permalink raw reply [flat|nested] 3+ messages in thread
* [dpdk-test-report] |FAILURE| pw97339 [PATCH] driver: i40evf device initialization
@ 2021-08-25 20:48 dpdklab
0 siblings, 0 replies; 3+ messages in thread
From: dpdklab @ 2021-08-25 20:48 UTC (permalink / raw)
To: Georgii Tkachuk, Qian Xu, Lijuan Tu, Test Report, Ferruh Yigit
Cc: dpdk-test-reports, Ben Magistro
[-- Attachment #1: Type: text/plain, Size: 1806 bytes --]
Test-Label: iol-intel-Performance
Test-Status: FAILURE
http://dpdk.org/patch/97339
_Performance Testing issues_
Submitter: Ben Magistro <koncept1@gmail.com>
Date: Wednesday, August 25 2021 19:45:26
DPDK git baseline: Repo:dpdk-next-net-intel
Branch: master
CommitID:2508c18cff9ffb217ac40e44071dc2762d257f31
97339 --> performance testing fail
Test environment and result as below:
Ubuntu 20.04
Kernel: 4.15.0-generic
Compiler: gcc 7.4
NIC: Intel Corporation Ethernet Converged Network Adapter XL710-QDA2 40000 Mbps
Target: x86_64-native-linuxapp-gcc
Fail/Total: 1/4
Detail performance results:
+------------+---------+----------+-------------+------------------------------+
| frame_size | txd/rxd | num_cpus | num_threads | throughput difference from |
| | | | | expected |
+============+=========+==========+=============+==============================+
| 64 | 512 | 1 | 1 | 9.3% |
+------------+---------+----------+-------------+------------------------------+
| 64 | 2048 | 1 | 1 | 3.5% |
+------------+---------+----------+-------------+------------------------------+
| 64 | 512 | 1 | 2 | -3.8% |
+------------+---------+----------+-------------+------------------------------+
| 64 | 2048 | 1 | 2 | -9.1% |
+------------+---------+----------+-------------+------------------------------+
To view detailed results, visit:
https://lab.dpdk.org/results/dashboard/patchsets/18349/
UNH-IOL DPDK Community Lab
To manage your email subscriptions, visit:
https://lab.dpdk.org/results/dashboard/preferences/subscriptions/
^ permalink raw reply [flat|nested] 3+ messages in thread
end of thread, other threads:[~2021-08-26 19:18 UTC | newest]
Thread overview: 3+ messages (download: mbox.gz / follow: Atom feed)
-- links below jump to the message on this page --
2021-08-25 20:59 [dpdk-test-report] |FAILURE| pw97339 [PATCH] driver: i40evf device initialization dpdklab
-- strict thread matches above, loose matches on Subject: below --
2021-08-26 19:18 dpdklab
2021-08-25 20:48 dpdklab
This is a public inbox, see mirroring instructions
for how to clone and mirror all data and code used for this inbox;
as well as URLs for NNTP newsgroup(s).