* [dpdk-test-report] |FAILURE| [GIT MASTER] 1d32f1812c1733bd76e96bacaf30d1795065366a
@ 2021-09-22 20:09 dpdklab
0 siblings, 0 replies; 3+ messages in thread
From: dpdklab @ 2021-09-22 20:09 UTC (permalink / raw)
To: Georgii Tkachuk, Qian Xu, Lijuan Tu, Test Report, Ferruh Yigit
Cc: dpdk-test-reports
[-- Attachment #1: Type: text/plain, Size: 2763 bytes --]
_Performance Testing issues_
Branch: dpdk-next-net
1d32f1812c1733bd76e96bacaf30d1795065366a --> performance testing fail
Test environment and result as below:
Ubuntu 20.04
Kernel: 4.15.0-generic
Compiler: gcc 7.4
NIC: Intel Corporation Ethernet Converged Network Adapter XL710-QDA2 40000 Mbps
Target: x86_64-native-linuxapp-gcc
Fail/Total: 1/4
Detail performance results:
+------------+---------+----------+-------------+------------------------------+
| frame_size | txd/rxd | num_cpus | num_threads | throughput difference from |
| | | | | expected |
+============+=========+==========+=============+==============================+
| 64 | 512 | 1 | 1 | -1.4% |
+------------+---------+----------+-------------+------------------------------+
| 64 | 2048 | 1 | 1 | -0.3% |
+------------+---------+----------+-------------+------------------------------+
| 64 | 512 | 1 | 2 | -5.2% |
+------------+---------+----------+-------------+------------------------------+
| 64 | 2048 | 1 | 2 | 1.5% |
+------------+---------+----------+-------------+------------------------------+
Ubuntu 20.04
Kernel: 4.15.0-generic
Compiler: gcc 7.4
NIC: Intel Corporation Ethernet Converged Network Adapter 82599ES 10000 Mbps
Target: x86_64-native-linuxapp-gcc
Fail/Total: 0/4
Detail performance results:
+------------+---------+----------+-------------+------------------------------+
| frame_size | txd/rxd | num_cpus | num_threads | throughput difference from |
| | | | | expected |
+============+=========+==========+=============+==============================+
| 64 | 512 | 1 | 1 | 0.2% |
+------------+---------+----------+-------------+------------------------------+
| 64 | 2048 | 1 | 1 | 0.1% |
+------------+---------+----------+-------------+------------------------------+
| 64 | 512 | 1 | 2 | 0.2% |
+------------+---------+----------+-------------+------------------------------+
| 64 | 2048 | 1 | 2 | -0.2% |
+------------+---------+----------+-------------+------------------------------+
To view detailed results, visit:
https://lab.dpdk.org/results/dashboard/tarballs/16880/
UNH-IOL DPDK Community Lab
To manage your email subscriptions, visit:
https://lab.dpdk.org/results/dashboard/preferences/subscriptions/
^ permalink raw reply [flat|nested] 3+ messages in thread
* [dpdk-test-report] |FAILURE| [GIT MASTER] 1d32f1812c1733bd76e96bacaf30d1795065366a
@ 2021-09-24 5:41 dpdklab
0 siblings, 0 replies; 3+ messages in thread
From: dpdklab @ 2021-09-24 5:41 UTC (permalink / raw)
To: Test Report; +Cc: dpdk-test-reports
[-- Attachment #1: Type: text/plain, Size: 6460 bytes --]
_Testing issues_
Branch: dpdk-next-net
1d32f1812c1733bd76e96bacaf30d1795065366a --> testing fail
Test environment and result as below:
+---------------------+--------------------+----------------------+-------------------+
| Environment | dpdk_meson_compile | dpdk_mingw64_compile | dpdk_compile_spdk |
+=====================+====================+======================+===================+
| Windows Server 2019 | FAIL | PASS | SKIPPED |
+---------------------+--------------------+----------------------+-------------------+
| FreeBSD 13 | PASS | SKIPPED | SKIPPED |
+---------------------+--------------------+----------------------+-------------------+
| Fedora 31 | PASS | SKIPPED | SKIPPED |
+---------------------+--------------------+----------------------+-------------------+
| openSUSE Leap 15 | PASS | SKIPPED | SKIPPED |
+---------------------+--------------------+----------------------+-------------------+
| Ubuntu 18.04 | PASS | SKIPPED | PASS |
+---------------------+--------------------+----------------------+-------------------+
| CentOS Stream 8 | PASS | SKIPPED | SKIPPED |
+---------------------+--------------------+----------------------+-------------------+
| CentOS 8 | PASS | SKIPPED | SKIPPED |
+---------------------+--------------------+----------------------+-------------------+
| Fedora 32 | PASS | SKIPPED | SKIPPED |
+---------------------+--------------------+----------------------+-------------------+
| RHEL8 | PASS | SKIPPED | SKIPPED |
+---------------------+--------------------+----------------------+-------------------+
| Ubuntu 20.04 | PASS | SKIPPED | SKIPPED |
+---------------------+--------------------+----------------------+-------------------+
| Fedora 34 | PASS | SKIPPED | SKIPPED |
+---------------------+--------------------+----------------------+-------------------+
| RHEL 7 | FAIL | SKIPPED | SKIPPED |
+---------------------+--------------------+----------------------+-------------------+
| Arch Linux | PASS | SKIPPED | SKIPPED |
+---------------------+--------------------+----------------------+-------------------+
| Fedora 33 | PASS | SKIPPED | SKIPPED |
+---------------------+--------------------+----------------------+-------------------+
| Fedora 34 clang | PASS | SKIPPED | SKIPPED |
+---------------------+--------------------+----------------------+-------------------+
| Alpine | PASS | SKIPPED | SKIPPED |
+---------------------+--------------------+----------------------+-------------------+
==== 20 line log output for RHEL 7 (dpdk_meson_compile): ====
^
cc1: all warnings being treated as errors
[1508/2899] Compiling C object drivers/net/ice/base/libice_base.a.p/ice_xlt_kb.c.o
[1509/2899] Compiling C object drivers/net/ice/base/libice_base.a.p/ice_switch.c.o
[1510/2899] Generating symbol file drivers/librte_mempool_octeontx2.so.22.0.p/librte_mempool_octeontx2.so.22.0.symbols
[1511/2899] Compiling C object drivers/net/ice/base/libice_base.a.p/ice_ptp_hw.c.o
[1512/2899] Compiling C object drivers/libtmp_rte_net_ice.a.p/net_ice_ice_generic_flow.c.o
[1513/2899] Compiling C object drivers/libtmp_rte_net_ice.a.p/net_ice_ice_hash.c.o
[1514/2899] Compiling C object drivers/libtmp_rte_net_ice.a.p/net_ice_ice_acl_filter.c.o
[1515/2899] Generating symbol file drivers/librte_mempool_dpaa.so.22.0.p/librte_mempool_dpaa.so.22.0.symbols
[1516/2899] Generating symbol file drivers/librte_mempool_dpaa2.so.22.0.p/librte_mempool_dpaa2.so.22.0.symbols
[1517/2899] Generating symbol file lib/librte_table.so.22.0.p/librte_table.so.22.0.symbols
[1518/2899] Compiling C object drivers/libtmp_rte_net_ice.a.p/net_ice_ice_fdir_filter.c.o
[1519/2899] Generating rte_net_iavf.sym_chk with a meson_exe.py custom command
[1520/2899] Generating rte_common_sfc_efx.sym_chk with a meson_exe.py custom command
[1521/2899] Compiling C object drivers/libtmp_rte_net_ice.a.p/net_ice_ice_ethdev.c.o
[1522/2899] Generating rte_net_i40e.sym_chk with a meson_exe.py custom command
[1523/2899] Compiling C object drivers/libtmp_rte_net_ice.a.p/net_ice_ice_rxtx.c.o
[1524/2899] Generating rte_common_cnxk.sym_chk with a meson_exe.py custom command
ninja: build stopped: subcommand failed.
==== End log output ====
Windows Server 2019
Kernel: 10.0
Compiler: clang 9.0 and gcc 8.1.0 (MinGW)
FreeBSD 13
Kernel: 13.0
Compiler: clang 11.0.1
Fedora 31
Kernel: 4.18.0-240.10.1.el8_3.x86_64
Compiler: gcc 9.3.1
openSUSE Leap 15
Kernel: 4.18.0-240.10.1.el8_3.x86_64
Compiler: gcc 7.5.0
Ubuntu 18.04
Kernel: 4.18.0-240.10.1.el8_3.x86_64
Compiler: gcc 7.5.0-3ubuntu1~18.04
CentOS Stream 8
Kernel: 4.18.0-240.10.1.el8_3.x86_64
Compiler: gcc 8.4.1 20200928
CentOS 8
Kernel: 4.18.0-240.10.1.el8_3.x86_64
Compiler: gcc 8.3.1 20191121 (Red Hat 8.3.1-5)
Fedora 32
Kernel: 4.18.0-240.10.1.el8_3.x86_64
Compiler: gcc 10.2.1
RHEL8
Kernel: 4.18.0-240.10.1.el8_3.x86_64
Compiler: gcc 8.3.1 20191121 (Red Hat 8.3.1-5)
Ubuntu 20.04
Kernel: 4.18.0-240.10.1.el8_3.x86_64
Compiler: gcc 9.3.0-17ubuntu1~20.04
Fedora 34
Kernel: 5.4.0-72-generic
Compiler: gcc 11.1.1 20210428 (Red Hat 11.1.1-1)
RHEL 7
Kernel: 4.18.0-240.10.1.el8_3.x86_64
Compiler: gcc 4.8.5 20150623 (Red Hat 4.8.5-44)
Arch Linux
Kernel: 5.4.0-73-generic
Compiler: gcc 11.1.0
Fedora 33
Kernel: 5.4.0-72-generic
Compiler: gcc 10.3.1 20210422 (Red Hat 10.3.1-1)
Fedora 34 clang
Kernel: 5.4.0-72-generic
Compiler: clang 12.0.0 (Fedora 12.0.0-0.3.rc1.fc34)
Alpine
Kernel: 5.4.0-73-generic
Compiler: gcc (Alpine 10.3.1_git20210424) 10.3.1 20210424
To view detailed results, visit:
https://lab.dpdk.org/results/dashboard/tarballs/16880/
UNH-IOL DPDK Community Lab
To manage your email subscriptions, visit:
https://lab.dpdk.org/results/dashboard/preferences/subscriptions/
^ permalink raw reply [flat|nested] 3+ messages in thread
* [dpdk-test-report] |FAILURE| [GIT MASTER] 1d32f1812c1733bd76e96bacaf30d1795065366a
@ 2021-09-24 3:32 dpdklab
0 siblings, 0 replies; 3+ messages in thread
From: dpdklab @ 2021-09-24 3:32 UTC (permalink / raw)
To: Georgii Tkachuk, Qian Xu, Lijuan Tu, Test Report, Ferruh Yigit
Cc: dpdk-test-reports
[-- Attachment #1: Type: text/plain, Size: 3639 bytes --]
_Performance Testing issues_
Branch: dpdk-next-net
1d32f1812c1733bd76e96bacaf30d1795065366a --> performance testing fail
Test environment and result as below:
Ubuntu 20.04
Kernel: 4.15.0-generic
Compiler: gcc 7.4
NIC: Intel Corporation Ethernet Converged Network Adapter XL710-QDA2 40000 Mbps
Target: x86_64-native-linuxapp-gcc
Fail/Total: 1/4
Detail performance results:
+------------+---------+----------+-------------+------------------------------+
| frame_size | txd/rxd | num_cpus | num_threads | throughput difference from |
| | | | | expected |
+============+=========+==========+=============+==============================+
| 64 | 512 | 1 | 1 | -1.4% |
+------------+---------+----------+-------------+------------------------------+
| 64 | 2048 | 1 | 1 | -0.3% |
+------------+---------+----------+-------------+------------------------------+
| 64 | 512 | 1 | 2 | -5.2% |
+------------+---------+----------+-------------+------------------------------+
| 64 | 2048 | 1 | 2 | 1.5% |
+------------+---------+----------+-------------+------------------------------+
Ubuntu 20.04
Kernel: 4.15.0-generic
Compiler: gcc 7.4
NIC: Intel Corporation Ethernet Converged Network Adapter 82599ES 10000 Mbps
Target: x86_64-native-linuxapp-gcc
Fail/Total: 0/4
Detail performance results:
+------------+---------+----------+-------------+------------------------------+
| frame_size | txd/rxd | num_cpus | num_threads | throughput difference from |
| | | | | expected |
+============+=========+==========+=============+==============================+
| 64 | 512 | 1 | 1 | 0.2% |
+------------+---------+----------+-------------+------------------------------+
| 64 | 2048 | 1 | 1 | 0.1% |
+------------+---------+----------+-------------+------------------------------+
| 64 | 512 | 1 | 2 | 0.2% |
+------------+---------+----------+-------------+------------------------------+
| 64 | 2048 | 1 | 2 | -0.2% |
+------------+---------+----------+-------------+------------------------------+
Ubuntu 20.04 ARM
Kernel: 4.15.0-132-generic
Compiler: gcc 7.5
NIC: Arm Intel Corporation Ethernet Converged Network Adapter XL710-QDA2 40000 Mbps
Target: x86_64-native-linuxapp-gcc
Fail/Total: 0/2
Detail performance results:
+------------+---------+----------+-------------+------------------------------+
| frame_size | txd/rxd | num_cpus | num_threads | throughput difference from |
| | | | | expected |
+============+=========+==========+=============+==============================+
| 64 | 512 | 1 | 1 | -0.1% |
+------------+---------+----------+-------------+------------------------------+
| 64 | 2048 | 1 | 1 | -0.1% |
+------------+---------+----------+-------------+------------------------------+
To view detailed results, visit:
https://lab.dpdk.org/results/dashboard/tarballs/16880/
UNH-IOL DPDK Community Lab
To manage your email subscriptions, visit:
https://lab.dpdk.org/results/dashboard/preferences/subscriptions/
^ permalink raw reply [flat|nested] 3+ messages in thread
end of thread, other threads:[~2021-09-24 5:42 UTC | newest]
Thread overview: 3+ messages (download: mbox.gz / follow: Atom feed)
-- links below jump to the message on this page --
2021-09-22 20:09 [dpdk-test-report] |FAILURE| [GIT MASTER] 1d32f1812c1733bd76e96bacaf30d1795065366a dpdklab
2021-09-24 3:32 dpdklab
2021-09-24 5:41 dpdklab
This is a public inbox, see mirroring instructions
for how to clone and mirror all data and code used for this inbox;
as well as URLs for NNTP newsgroup(s).