* [dpdk-test-report] |SUCCESS| pw99931 [PATCH] ethdev: remove deprecated shared counter attribute
[not found] <20210928152300.989961-1-andrew.rybchenko@oktetlabs.ru>
@ 2021-09-28 15:24 ` checkpatch
2021-09-28 16:18 ` [dpdk-test-report] |FAILURE| pw99931 [dpdk-dev] " 0-day Robot
1 sibling, 0 replies; 14+ messages in thread
From: checkpatch @ 2021-09-28 15:24 UTC (permalink / raw)
To: test-report
Test-Label: checkpatch
Test-Status: SUCCESS
http://dpdk.org/patch/99931
_coding style OK_
^ permalink raw reply [flat|nested] 14+ messages in thread
* [dpdk-test-report] |FAILURE| pw99931 [dpdk-dev] [PATCH] ethdev: remove deprecated shared counter attribute
[not found] <20210928152300.989961-1-andrew.rybchenko@oktetlabs.ru>
2021-09-28 15:24 ` [dpdk-test-report] |SUCCESS| pw99931 [PATCH] ethdev: remove deprecated shared counter attribute checkpatch
@ 2021-09-28 16:18 ` 0-day Robot
1 sibling, 0 replies; 14+ messages in thread
From: 0-day Robot @ 2021-09-28 16:18 UTC (permalink / raw)
To: test-report; +Cc: Andrew.Rybchenko, robot
From: robot@bytheb.org
Test-Label: github-robot: build
Test-Status: FAILURE
http://patchwork.dpdk.org/patch/99931/
_github build: failed_
Build URL: https://github.com/ovsrobot/dpdk/actions/runs/1283287725
Build Logs:
-----------------------Summary of failed steps-----------------------
"ubuntu-18.04-gcc-static" failed at step Install packages
----------------------End summary of failed steps--------------------
-------------------------------BEGIN LOGS----------------------------
####################################################################################
#### [Begin job log] "ubuntu-18.04-gcc-static" at step Install packages
####################################################################################
Get:4 http://azure.archive.ubuntu.com/ubuntu bionic-updates/main amd64 ibverbs-providers amd64 17.1-1ubuntu0.2 [160 kB]
Get:5 http://azure.archive.ubuntu.com/ubuntu bionic-updates/main amd64 libarchive-dev amd64 3.2.2-3.1ubuntu0.7 [470 kB]
Get:6 http://azure.archive.ubuntu.com/ubuntu bionic-updates/main amd64 libbsd-dev amd64 0.8.7-1ubuntu0.1 [150 kB]
Get:7 http://azure.archive.ubuntu.com/ubuntu bionic/universe amd64 libcrypto++6 amd64 5.6.4-8 [830 kB]
Get:8 http://azure.archive.ubuntu.com/ubuntu bionic/universe amd64 libcrypto++-dev amd64 5.6.4-8 [9204 kB]
Get:9 http://azure.archive.ubuntu.com/ubuntu bionic/main amd64 libjansson-dev amd64 2.11-1 [30.6 kB]
Get:10 http://azure.archive.ubuntu.com/ubuntu bionic-updates/main amd64 libpcap0.8-dev amd64 1.8.1-6ubuntu1.18.04.2 [218 kB]
Get:11 http://azure.archive.ubuntu.com/ubuntu bionic-updates/main amd64 libpcap-dev amd64 1.8.1-6ubuntu1.18.04.2 [3480 B]
Get:12 http://azure.archive.ubuntu.com/ubuntu bionic/universe amd64 ninja-build amd64 1.8.2-1 [93.3 kB]
Get:13 http://azure.archive.ubuntu.com/ubuntu bionic/main amd64 python3-crypto amd64 2.6.1-8ubuntu2 [244 kB]
Get:14 http://azure.archive.ubuntu.com/ubuntu bionic/main amd64 python3-secretstorage all 2.3.1-2 [12.1 kB]
Get:15 http://azure.archive.ubuntu.com/ubuntu bionic/main amd64 python3-keyring all 10.6.0-1 [26.7 kB]
Get:16 http://azure.archive.ubuntu.com/ubuntu bionic/main amd64 python3-keyrings.alt all 3.0-1 [16.6 kB]
Get:17 http://azure.archive.ubuntu.com/ubuntu bionic/main amd64 python3-setuptools all 39.0.1-2 [248 kB]
Get:18 http://azure.archive.ubuntu.com/ubuntu bionic/universe amd64 python3-wheel all 0.30.0-0.2 [36.5 kB]
Get:19 http://azure.archive.ubuntu.com/ubuntu bionic-updates/main amd64 python3-xdg all 0.25-4ubuntu1.1 [31.3 kB]
Get:20 http://azure.archive.ubuntu.com/ubuntu bionic/main amd64 libfdt1 amd64 1.4.5-3 [15.7 kB]
Get:21 http://azure.archive.ubuntu.com/ubuntu bionic/main amd64 libfdt-dev amd64 1.4.5-3 [25.7 kB]
Get:22 http://azure.archive.ubuntu.com/ubuntu bionic-updates/main amd64 libibverbs-dev amd64 17.1-1ubuntu0.2 [103 kB]
Get:23 http://azure.archive.ubuntu.com/ubuntu bionic-updates/main amd64 libnuma-dev amd64 2.0.11-2.1ubuntu0.1 [32.3 kB]
Get:24 http://azure.archive.ubuntu.com/ubuntu bionic/main amd64 python3-pyelftools all 0.24-4 [70.1 kB]
Fetched 12.2 MB in 3min 3s (66.9 kB/s)
E: Failed to fetch http://azure.archive.ubuntu.com/ubuntu/pool/main/c/ccache/ccache_3.4.1-1_amd64.deb 503 Service Unavailable [IP: 52.147.219.192 80]
E: Unable to fetch some archives, maybe run apt-get update or try with --fix-missing?
##[error]Process completed with exit code 100.
####################################################################################
#### [End job log] "ubuntu-18.04-gcc-static" at step Install packages
####################################################################################
--------------------------------END LOGS-----------------------------
^ permalink raw reply [flat|nested] 14+ messages in thread
* [dpdk-test-report] |SUCCESS| pw99931 [PATCH] ethdev: remove deprecated shared counter attribute
@ 2021-10-06 4:04 dpdklab
0 siblings, 0 replies; 14+ messages in thread
From: dpdklab @ 2021-10-06 4:04 UTC (permalink / raw)
To: Ali Alnubani, Test Report; +Cc: dpdk-test-reports
[-- Attachment #1: Type: text/plain, Size: 4545 bytes --]
Test-Label: iol-mellanox-Performance
Test-Status: SUCCESS
http://dpdk.org/patch/99931
_Performance Testing PASS_
Submitter: Andrew Rybchenko <Andrew.Rybchenko@oktetlabs.ru>
Date: Tuesday, September 28 2021 15:23:00
DPDK git baseline: Repo:dpdk
Branch: master
CommitID:086d426406bd3f6fac96a15bbd871c7fe714bc2d
99931 --> performance testing pass
Test environment and result as below:
Ubuntu 20.04
Kernel: 4.15.0-generic
Compiler: gcc 7.4
NIC: Mellanox ConnectX-5 100000 Mbps
Target: x86_64-native-linuxapp-gcc
Fail/Total: 0/5
Detail performance results:
+------------+---------+----------+-------------+------------------------------+
| frame_size | txd/rxd | num_cpus | num_threads | throughput difference from |
| | | | | expected |
+============+=========+==========+=============+==============================+
| 64 | 256 | 1 | 1 | -0.2% |
+------------+---------+----------+-------------+------------------------------+
| 128 | 256 | 1 | 1 | -0.2% |
+------------+---------+----------+-------------+------------------------------+
| 1024 | 256 | 1 | 1 | 0.1% |
+------------+---------+----------+-------------+------------------------------+
| 256 | 256 | 1 | 1 | 0.1% |
+------------+---------+----------+-------------+------------------------------+
| 1518 | 256 | 1 | 1 | 0.0% |
+------------+---------+----------+-------------+------------------------------+
Ubuntu 20.04
Kernel: 4.15.0-generic
Compiler: gcc 7.4
NIC: Mellanox ConnectX-4 Lx 25000 Mbps
Target: x86_64-native-linuxapp-gcc
Fail/Total: 0/5
Detail performance results:
+------------+---------+----------+-------------+------------------------------+
| frame_size | txd/rxd | num_cpus | num_threads | throughput difference from |
| | | | | expected |
+============+=========+==========+=============+==============================+
| 64 | 256 | 1 | 1 | -0.4% |
+------------+---------+----------+-------------+------------------------------+
| 128 | 256 | 1 | 1 | -0.1% |
+------------+---------+----------+-------------+------------------------------+
| 1024 | 256 | 1 | 1 | -0.0% |
+------------+---------+----------+-------------+------------------------------+
| 256 | 256 | 1 | 1 | 0.2% |
+------------+---------+----------+-------------+------------------------------+
| 1518 | 256 | 1 | 1 | 0.0% |
+------------+---------+----------+-------------+------------------------------+
Ubuntu 20.04
Kernel: 4.15.0-generic
Compiler: gcc 7.4
NIC: Mellanox ConnectX-4 Lx 40000 Mbps
Target: x86_64-native-linuxapp-gcc
Fail/Total: 0/5
Detail performance results:
+------------+---------+----------+-------------+------------------------------+
| frame_size | txd/rxd | num_cpus | num_threads | throughput difference from |
| | | | | expected |
+============+=========+==========+=============+==============================+
| 64 | 256 | 1 | 1 | -0.6% |
+------------+---------+----------+-------------+------------------------------+
| 128 | 256 | 1 | 1 | -0.8% |
+------------+---------+----------+-------------+------------------------------+
| 1024 | 256 | 1 | 1 | -0.1% |
+------------+---------+----------+-------------+------------------------------+
| 256 | 256 | 1 | 1 | -0.1% |
+------------+---------+----------+-------------+------------------------------+
| 1518 | 256 | 1 | 1 | -0.0% |
+------------+---------+----------+-------------+------------------------------+
To view detailed results, visit:
https://lab.dpdk.org/results/dashboard/patchsets/19027/
UNH-IOL DPDK Community Lab
To manage your email subscriptions, visit:
https://lab.dpdk.org/results/dashboard/preferences/subscriptions/
^ permalink raw reply [flat|nested] 14+ messages in thread
* [dpdk-test-report] |SUCCESS| pw99931 [PATCH] ethdev: remove deprecated shared counter attribute
@ 2021-10-06 3:50 dpdklab
0 siblings, 0 replies; 14+ messages in thread
From: dpdklab @ 2021-10-06 3:50 UTC (permalink / raw)
To: Ali Alnubani, Test Report; +Cc: dpdk-test-reports
[-- Attachment #1: Type: text/plain, Size: 3236 bytes --]
Test-Label: iol-mellanox-Performance
Test-Status: SUCCESS
http://dpdk.org/patch/99931
_Performance Testing PASS_
Submitter: Andrew Rybchenko <Andrew.Rybchenko@oktetlabs.ru>
Date: Tuesday, September 28 2021 15:23:00
DPDK git baseline: Repo:dpdk
Branch: master
CommitID:086d426406bd3f6fac96a15bbd871c7fe714bc2d
99931 --> performance testing pass
Test environment and result as below:
Ubuntu 20.04
Kernel: 4.15.0-generic
Compiler: gcc 7.4
NIC: Mellanox ConnectX-5 100000 Mbps
Target: x86_64-native-linuxapp-gcc
Fail/Total: 0/5
Detail performance results:
+------------+---------+----------+-------------+------------------------------+
| frame_size | txd/rxd | num_cpus | num_threads | throughput difference from |
| | | | | expected |
+============+=========+==========+=============+==============================+
| 64 | 256 | 1 | 1 | -0.2% |
+------------+---------+----------+-------------+------------------------------+
| 128 | 256 | 1 | 1 | -0.2% |
+------------+---------+----------+-------------+------------------------------+
| 1024 | 256 | 1 | 1 | 0.1% |
+------------+---------+----------+-------------+------------------------------+
| 256 | 256 | 1 | 1 | 0.1% |
+------------+---------+----------+-------------+------------------------------+
| 1518 | 256 | 1 | 1 | 0.0% |
+------------+---------+----------+-------------+------------------------------+
Ubuntu 20.04
Kernel: 4.15.0-generic
Compiler: gcc 7.4
NIC: Mellanox ConnectX-4 Lx 25000 Mbps
Target: x86_64-native-linuxapp-gcc
Fail/Total: 0/5
Detail performance results:
+------------+---------+----------+-------------+------------------------------+
| frame_size | txd/rxd | num_cpus | num_threads | throughput difference from |
| | | | | expected |
+============+=========+==========+=============+==============================+
| 64 | 256 | 1 | 1 | -0.4% |
+------------+---------+----------+-------------+------------------------------+
| 128 | 256 | 1 | 1 | -0.1% |
+------------+---------+----------+-------------+------------------------------+
| 1024 | 256 | 1 | 1 | -0.0% |
+------------+---------+----------+-------------+------------------------------+
| 256 | 256 | 1 | 1 | 0.2% |
+------------+---------+----------+-------------+------------------------------+
| 1518 | 256 | 1 | 1 | 0.0% |
+------------+---------+----------+-------------+------------------------------+
To view detailed results, visit:
https://lab.dpdk.org/results/dashboard/patchsets/19027/
UNH-IOL DPDK Community Lab
To manage your email subscriptions, visit:
https://lab.dpdk.org/results/dashboard/preferences/subscriptions/
^ permalink raw reply [flat|nested] 14+ messages in thread
* [dpdk-test-report] |SUCCESS| pw99931 [PATCH] ethdev: remove deprecated shared counter attribute
@ 2021-10-06 3:36 dpdklab
0 siblings, 0 replies; 14+ messages in thread
From: dpdklab @ 2021-10-06 3:36 UTC (permalink / raw)
To: Ali Alnubani, Test Report; +Cc: dpdk-test-reports
[-- Attachment #1: Type: text/plain, Size: 1927 bytes --]
Test-Label: iol-mellanox-Performance
Test-Status: SUCCESS
http://dpdk.org/patch/99931
_Performance Testing PASS_
Submitter: Andrew Rybchenko <Andrew.Rybchenko@oktetlabs.ru>
Date: Tuesday, September 28 2021 15:23:00
DPDK git baseline: Repo:dpdk
Branch: master
CommitID:086d426406bd3f6fac96a15bbd871c7fe714bc2d
99931 --> performance testing pass
Test environment and result as below:
Ubuntu 20.04
Kernel: 4.15.0-generic
Compiler: gcc 7.4
NIC: Mellanox ConnectX-5 100000 Mbps
Target: x86_64-native-linuxapp-gcc
Fail/Total: 0/5
Detail performance results:
+------------+---------+----------+-------------+------------------------------+
| frame_size | txd/rxd | num_cpus | num_threads | throughput difference from |
| | | | | expected |
+============+=========+==========+=============+==============================+
| 64 | 256 | 1 | 1 | -0.2% |
+------------+---------+----------+-------------+------------------------------+
| 128 | 256 | 1 | 1 | -0.2% |
+------------+---------+----------+-------------+------------------------------+
| 1024 | 256 | 1 | 1 | 0.1% |
+------------+---------+----------+-------------+------------------------------+
| 256 | 256 | 1 | 1 | 0.1% |
+------------+---------+----------+-------------+------------------------------+
| 1518 | 256 | 1 | 1 | 0.0% |
+------------+---------+----------+-------------+------------------------------+
To view detailed results, visit:
https://lab.dpdk.org/results/dashboard/patchsets/19027/
UNH-IOL DPDK Community Lab
To manage your email subscriptions, visit:
https://lab.dpdk.org/results/dashboard/preferences/subscriptions/
^ permalink raw reply [flat|nested] 14+ messages in thread
* [dpdk-test-report] |SUCCESS| pw99931 [PATCH] ethdev: remove deprecated shared counter attribute
@ 2021-10-05 22:10 dpdklab
0 siblings, 0 replies; 14+ messages in thread
From: dpdklab @ 2021-10-05 22:10 UTC (permalink / raw)
To: Test Report; +Cc: dpdk-test-reports
[-- Attachment #1: Type: text/plain, Size: 3866 bytes --]
Test-Label: iol-intel-Performance
Test-Status: SUCCESS
http://dpdk.org/patch/99931
_Performance Testing PASS_
Submitter: Andrew Rybchenko <Andrew.Rybchenko@oktetlabs.ru>
Date: Tuesday, September 28 2021 15:23:00
DPDK git baseline: Repo:dpdk
Branch: master
CommitID:086d426406bd3f6fac96a15bbd871c7fe714bc2d
99931 --> performance testing pass
Test environment and result as below:
Ubuntu 20.04
Kernel: 4.15.0-generic
Compiler: gcc 7.4
NIC: Intel Corporation Ethernet Converged Network Adapter XL710-QDA2 40000 Mbps
Target: x86_64-native-linuxapp-gcc
Fail/Total: 0/4
Detail performance results:
+------------+---------+----------+-------------+------------------------------+
| frame_size | txd/rxd | num_cpus | num_threads | throughput difference from |
| | | | | expected |
+============+=========+==========+=============+==============================+
| 64 | 512 | 1 | 1 | 1.4% |
+------------+---------+----------+-------------+------------------------------+
| 64 | 2048 | 1 | 1 | 0.2% |
+------------+---------+----------+-------------+------------------------------+
| 64 | 512 | 1 | 2 | -2.6% |
+------------+---------+----------+-------------+------------------------------+
| 64 | 2048 | 1 | 2 | -0.4% |
+------------+---------+----------+-------------+------------------------------+
Ubuntu 20.04 ARM
Kernel: 4.15.0-132-generic
Compiler: gcc 7.5
NIC: Arm Intel Corporation Ethernet Converged Network Adapter XL710-QDA2 40000 Mbps
Target: x86_64-native-linuxapp-gcc
Fail/Total: 0/2
Detail performance results:
+------------+---------+----------+-------------+------------------------------+
| frame_size | txd/rxd | num_cpus | num_threads | throughput difference from |
| | | | | expected |
+============+=========+==========+=============+==============================+
| 64 | 512 | 1 | 1 | -0.1% |
+------------+---------+----------+-------------+------------------------------+
| 64 | 2048 | 1 | 1 | -0.4% |
+------------+---------+----------+-------------+------------------------------+
Ubuntu 20.04
Kernel: 4.15.0-generic
Compiler: gcc 7.4
NIC: Intel Corporation Ethernet Converged Network Adapter 82599ES 10000 Mbps
Target: x86_64-native-linuxapp-gcc
Fail/Total: 0/4
Detail performance results:
+------------+---------+----------+-------------+------------------------------+
| frame_size | txd/rxd | num_cpus | num_threads | throughput difference from |
| | | | | expected |
+============+=========+==========+=============+==============================+
| 64 | 512 | 1 | 1 | 0.2% |
+------------+---------+----------+-------------+------------------------------+
| 64 | 2048 | 1 | 1 | 0.4% |
+------------+---------+----------+-------------+------------------------------+
| 64 | 512 | 1 | 2 | 0.1% |
+------------+---------+----------+-------------+------------------------------+
| 64 | 2048 | 1 | 2 | 0.2% |
+------------+---------+----------+-------------+------------------------------+
To view detailed results, visit:
https://lab.dpdk.org/results/dashboard/patchsets/19027/
UNH-IOL DPDK Community Lab
To manage your email subscriptions, visit:
https://lab.dpdk.org/results/dashboard/preferences/subscriptions/
^ permalink raw reply [flat|nested] 14+ messages in thread
* [dpdk-test-report] |SUCCESS| pw99931 [PATCH] ethdev: remove deprecated shared counter attribute
@ 2021-10-05 22:03 dpdklab
0 siblings, 0 replies; 14+ messages in thread
From: dpdklab @ 2021-10-05 22:03 UTC (permalink / raw)
To: Test Report; +Cc: dpdk-test-reports
[-- Attachment #1: Type: text/plain, Size: 2681 bytes --]
Test-Label: iol-intel-Performance
Test-Status: SUCCESS
http://dpdk.org/patch/99931
_Performance Testing PASS_
Submitter: Andrew Rybchenko <Andrew.Rybchenko@oktetlabs.ru>
Date: Tuesday, September 28 2021 15:23:00
DPDK git baseline: Repo:dpdk
Branch: master
CommitID:086d426406bd3f6fac96a15bbd871c7fe714bc2d
99931 --> performance testing pass
Test environment and result as below:
Ubuntu 20.04
Kernel: 4.15.0-generic
Compiler: gcc 7.4
NIC: Intel Corporation Ethernet Converged Network Adapter XL710-QDA2 40000 Mbps
Target: x86_64-native-linuxapp-gcc
Fail/Total: 0/4
Detail performance results:
+------------+---------+----------+-------------+------------------------------+
| frame_size | txd/rxd | num_cpus | num_threads | throughput difference from |
| | | | | expected |
+============+=========+==========+=============+==============================+
| 64 | 512 | 1 | 1 | 1.4% |
+------------+---------+----------+-------------+------------------------------+
| 64 | 2048 | 1 | 1 | 0.2% |
+------------+---------+----------+-------------+------------------------------+
| 64 | 512 | 1 | 2 | -2.6% |
+------------+---------+----------+-------------+------------------------------+
| 64 | 2048 | 1 | 2 | -0.4% |
+------------+---------+----------+-------------+------------------------------+
Ubuntu 20.04 ARM
Kernel: 4.15.0-132-generic
Compiler: gcc 7.5
NIC: Arm Intel Corporation Ethernet Converged Network Adapter XL710-QDA2 40000 Mbps
Target: x86_64-native-linuxapp-gcc
Fail/Total: 0/2
Detail performance results:
+------------+---------+----------+-------------+------------------------------+
| frame_size | txd/rxd | num_cpus | num_threads | throughput difference from |
| | | | | expected |
+============+=========+==========+=============+==============================+
| 64 | 512 | 1 | 1 | -0.1% |
+------------+---------+----------+-------------+------------------------------+
| 64 | 2048 | 1 | 1 | -0.4% |
+------------+---------+----------+-------------+------------------------------+
To view detailed results, visit:
https://lab.dpdk.org/results/dashboard/patchsets/19027/
UNH-IOL DPDK Community Lab
To manage your email subscriptions, visit:
https://lab.dpdk.org/results/dashboard/preferences/subscriptions/
^ permalink raw reply [flat|nested] 14+ messages in thread
* [dpdk-test-report] |SUCCESS| pw99931 [PATCH] ethdev: remove deprecated shared counter attribute
@ 2021-10-05 21:53 dpdklab
0 siblings, 0 replies; 14+ messages in thread
From: dpdklab @ 2021-10-05 21:53 UTC (permalink / raw)
To: Test Report; +Cc: dpdk-test-reports
[-- Attachment #1: Type: text/plain, Size: 1184 bytes --]
Test-Label: iol-intel-Functional
Test-Status: SUCCESS
http://dpdk.org/patch/99931
_Functional Testing PASS_
Submitter: Andrew Rybchenko <Andrew.Rybchenko@oktetlabs.ru>
Date: Tuesday, September 28 2021 15:23:00
DPDK git baseline: Repo:dpdk
Branch: master
CommitID:086d426406bd3f6fac96a15bbd871c7fe714bc2d
99931 --> functional testing pass
Test environment and result as below:
Ubuntu 20.04
Kernel: 4.15.0-generic
Compiler: gcc 7.4
NIC: Intel Corporation Ethernet Converged Network Adapter XL710-QDA2 40000 Mbps
Target: x86_64-native-linuxapp-gcc
Fail/Total: 0/2
Ubuntu 20.04
Kernel: 4.15.0-generic
Compiler: gcc 7.4
NIC: Intel Corporation Ethernet Converged Network Adapter 82599ES 10000 Mbps
Target: x86_64-native-linuxapp-gcc
Fail/Total: 0/2
Ubuntu 20.04 ARM
Kernel: 4.15.0-132-generic
Compiler: gcc 7.5
NIC: Arm Intel Corporation Ethernet Converged Network Adapter XL710-QDA2 40000 Mbps
Target: x86_64-native-linuxapp-gcc
Fail/Total: 0/2
To view detailed results, visit:
https://lab.dpdk.org/results/dashboard/patchsets/19027/
UNH-IOL DPDK Community Lab
To manage your email subscriptions, visit:
https://lab.dpdk.org/results/dashboard/preferences/subscriptions/
^ permalink raw reply [flat|nested] 14+ messages in thread
* [dpdk-test-report] |SUCCESS| pw99931 [PATCH] ethdev: remove deprecated shared counter attribute
@ 2021-10-05 21:50 dpdklab
0 siblings, 0 replies; 14+ messages in thread
From: dpdklab @ 2021-10-05 21:50 UTC (permalink / raw)
To: Test Report; +Cc: dpdk-test-reports
[-- Attachment #1: Type: text/plain, Size: 1000 bytes --]
Test-Label: iol-intel-Functional
Test-Status: SUCCESS
http://dpdk.org/patch/99931
_Functional Testing PASS_
Submitter: Andrew Rybchenko <Andrew.Rybchenko@oktetlabs.ru>
Date: Tuesday, September 28 2021 15:23:00
DPDK git baseline: Repo:dpdk
Branch: master
CommitID:086d426406bd3f6fac96a15bbd871c7fe714bc2d
99931 --> functional testing pass
Test environment and result as below:
Ubuntu 20.04
Kernel: 4.15.0-generic
Compiler: gcc 7.4
NIC: Intel Corporation Ethernet Converged Network Adapter XL710-QDA2 40000 Mbps
Target: x86_64-native-linuxapp-gcc
Fail/Total: 0/2
Ubuntu 20.04 ARM
Kernel: 4.15.0-132-generic
Compiler: gcc 7.5
NIC: Arm Intel Corporation Ethernet Converged Network Adapter XL710-QDA2 40000 Mbps
Target: x86_64-native-linuxapp-gcc
Fail/Total: 0/2
To view detailed results, visit:
https://lab.dpdk.org/results/dashboard/patchsets/19027/
UNH-IOL DPDK Community Lab
To manage your email subscriptions, visit:
https://lab.dpdk.org/results/dashboard/preferences/subscriptions/
^ permalink raw reply [flat|nested] 14+ messages in thread
* [dpdk-test-report] |SUCCESS| pw99931 [PATCH] ethdev: remove deprecated shared counter attribute
@ 2021-10-05 21:49 dpdklab
0 siblings, 0 replies; 14+ messages in thread
From: dpdklab @ 2021-10-05 21:49 UTC (permalink / raw)
To: Test Report; +Cc: dpdk-test-reports
[-- Attachment #1: Type: text/plain, Size: 801 bytes --]
Test-Label: iol-intel-Functional
Test-Status: SUCCESS
http://dpdk.org/patch/99931
_Functional Testing PASS_
Submitter: Andrew Rybchenko <Andrew.Rybchenko@oktetlabs.ru>
Date: Tuesday, September 28 2021 15:23:00
DPDK git baseline: Repo:dpdk
Branch: master
CommitID:086d426406bd3f6fac96a15bbd871c7fe714bc2d
99931 --> functional testing pass
Test environment and result as below:
Ubuntu 20.04
Kernel: 4.15.0-generic
Compiler: gcc 7.4
NIC: Intel Corporation Ethernet Converged Network Adapter XL710-QDA2 40000 Mbps
Target: x86_64-native-linuxapp-gcc
Fail/Total: 0/2
To view detailed results, visit:
https://lab.dpdk.org/results/dashboard/patchsets/19027/
UNH-IOL DPDK Community Lab
To manage your email subscriptions, visit:
https://lab.dpdk.org/results/dashboard/preferences/subscriptions/
^ permalink raw reply [flat|nested] 14+ messages in thread
* [dpdk-test-report] |SUCCESS| pw99931 [PATCH] ethdev: remove deprecated shared counter attribute
@ 2021-10-05 21:44 dpdklab
0 siblings, 0 replies; 14+ messages in thread
From: dpdklab @ 2021-10-05 21:44 UTC (permalink / raw)
To: Test Report; +Cc: dpdk-test-reports
[-- Attachment #1: Type: text/plain, Size: 1805 bytes --]
Test-Label: iol-intel-Performance
Test-Status: SUCCESS
http://dpdk.org/patch/99931
_Performance Testing PASS_
Submitter: Andrew Rybchenko <Andrew.Rybchenko@oktetlabs.ru>
Date: Tuesday, September 28 2021 15:23:00
DPDK git baseline: Repo:dpdk
Branch: master
CommitID:086d426406bd3f6fac96a15bbd871c7fe714bc2d
99931 --> performance testing pass
Test environment and result as below:
Ubuntu 20.04
Kernel: 4.15.0-generic
Compiler: gcc 7.4
NIC: Intel Corporation Ethernet Converged Network Adapter XL710-QDA2 40000 Mbps
Target: x86_64-native-linuxapp-gcc
Fail/Total: 0/4
Detail performance results:
+------------+---------+----------+-------------+------------------------------+
| frame_size | txd/rxd | num_cpus | num_threads | throughput difference from |
| | | | | expected |
+============+=========+==========+=============+==============================+
| 64 | 512 | 1 | 1 | 1.4% |
+------------+---------+----------+-------------+------------------------------+
| 64 | 2048 | 1 | 1 | 0.2% |
+------------+---------+----------+-------------+------------------------------+
| 64 | 512 | 1 | 2 | -2.6% |
+------------+---------+----------+-------------+------------------------------+
| 64 | 2048 | 1 | 2 | -0.4% |
+------------+---------+----------+-------------+------------------------------+
To view detailed results, visit:
https://lab.dpdk.org/results/dashboard/patchsets/19027/
UNH-IOL DPDK Community Lab
To manage your email subscriptions, visit:
https://lab.dpdk.org/results/dashboard/preferences/subscriptions/
^ permalink raw reply [flat|nested] 14+ messages in thread
* [dpdk-test-report] |SUCCESS| pw99931 [PATCH] ethdev: remove deprecated shared counter attribute
@ 2021-10-05 21:39 dpdklab
0 siblings, 0 replies; 14+ messages in thread
From: dpdklab @ 2021-10-05 21:39 UTC (permalink / raw)
To: Ajit Khaparde, Test Report; +Cc: dpdk-test-reports
[-- Attachment #1: Type: text/plain, Size: 806 bytes --]
Test-Label: iol-broadcom-Functional
Test-Status: SUCCESS
http://dpdk.org/patch/99931
_Functional Testing PASS_
Submitter: Andrew Rybchenko <Andrew.Rybchenko@oktetlabs.ru>
Date: Tuesday, September 28 2021 15:23:00
DPDK git baseline: Repo:dpdk
Branch: master
CommitID:086d426406bd3f6fac96a15bbd871c7fe714bc2d
99931 --> functional testing pass
Test environment and result as below:
Ubuntu 20.04
Kernel: 4.15.0-65-generic
Compiler: gcc gcc (Ubuntu 7.4.0-1ubuntu1~18.04.1) 7.4.0
NIC: Broadcom Inc. brcm_57414 25000 Mbps
Target: x86_64-native-linuxapp-gcc
Fail/Total: 0/3
To view detailed results, visit:
https://lab.dpdk.org/results/dashboard/patchsets/19027/
UNH-IOL DPDK Community Lab
To manage your email subscriptions, visit:
https://lab.dpdk.org/results/dashboard/preferences/subscriptions/
^ permalink raw reply [flat|nested] 14+ messages in thread
* [dpdk-test-report] |SUCCESS| pw99931 [PATCH] ethdev: remove deprecated shared counter attribute
@ 2021-10-05 21:31 dpdklab
0 siblings, 0 replies; 14+ messages in thread
From: dpdklab @ 2021-10-05 21:31 UTC (permalink / raw)
To: Ajit Khaparde, Test Report; +Cc: dpdk-test-reports
[-- Attachment #1: Type: text/plain, Size: 1810 bytes --]
Test-Label: iol-broadcom-Performance
Test-Status: SUCCESS
http://dpdk.org/patch/99931
_Performance Testing PASS_
Submitter: Andrew Rybchenko <Andrew.Rybchenko@oktetlabs.ru>
Date: Tuesday, September 28 2021 15:23:00
DPDK git baseline: Repo:dpdk
Branch: master
CommitID:086d426406bd3f6fac96a15bbd871c7fe714bc2d
99931 --> performance testing pass
Test environment and result as below:
Ubuntu 20.04
Kernel: 4.15.0-65-generic
Compiler: gcc gcc (Ubuntu 7.4.0-1ubuntu1~18.04.1) 7.4.0
NIC: Broadcom Inc. brcm_57414 25000 Mbps
Target: x86_64-native-linuxapp-gcc
Fail/Total: 0/4
Detail performance results:
+----------+-------------+---------+------------+------------------------------+
| num_cpus | num_threads | txd/rxd | frame_size | throughput difference from |
| | | | | expected |
+==========+=============+=========+============+==============================+
| 1 | 2 | 512 | 64 | -0.0% |
+----------+-------------+---------+------------+------------------------------+
| 1 | 2 | 2048 | 64 | 0.0% |
+----------+-------------+---------+------------+------------------------------+
| 1 | 1 | 512 | 64 | -0.0% |
+----------+-------------+---------+------------+------------------------------+
| 1 | 1 | 2048 | 64 | 0.1% |
+----------+-------------+---------+------------+------------------------------+
To view detailed results, visit:
https://lab.dpdk.org/results/dashboard/patchsets/19027/
UNH-IOL DPDK Community Lab
To manage your email subscriptions, visit:
https://lab.dpdk.org/results/dashboard/preferences/subscriptions/
^ permalink raw reply [flat|nested] 14+ messages in thread
* [dpdk-test-report] |SUCCESS| pw99931 [PATCH] ethdev: remove deprecated shared counter attribute
@ 2021-10-05 21:29 dpdklab
0 siblings, 0 replies; 14+ messages in thread
From: dpdklab @ 2021-10-05 21:29 UTC (permalink / raw)
To: Test Report; +Cc: dpdklab
[-- Attachment #1: Type: text/plain, Size: 1216 bytes --]
Test-Label: iol-aarch64-compile-testing
Test-Status: SUCCESS
http://dpdk.org/patch/99931
_Testing PASS_
Submitter: Andrew Rybchenko <Andrew.Rybchenko@oktetlabs.ru>
Date: Tuesday, September 28 2021 15:23:00
DPDK git baseline: Repo:dpdk
Branch: master
CommitID:086d426406bd3f6fac96a15bbd871c7fe714bc2d
99931 --> testing pass
Test environment and result as below:
+------------------------------------+--------------------+
| Environment | dpdk_meson_compile |
+====================================+====================+
| Ubuntu 20.04 ARM | PASS |
+------------------------------------+--------------------+
| Ubuntu 20.04 ARM cross-compilation | PASS |
+------------------------------------+--------------------+
Ubuntu 20.04 ARM
Kernel: 5.4.0-53-generic
Compiler: gcc 9.3
Ubuntu 20.04 ARM cross-compilation
Kernel: 5.4.0-72-generic
Compiler: aarch64-linux-gnu-gcc (Ubuntu 9.3.0-17ubuntu1~20.04) 9.3.0
To view detailed results, visit:
https://lab.dpdk.org/results/dashboard/patchsets/19027/
UNH-IOL DPDK Community Lab
To manage your email subscriptions, visit:
https://lab.dpdk.org/results/dashboard/preferences/subscriptions/
^ permalink raw reply [flat|nested] 14+ messages in thread
end of thread, other threads:[~2021-10-06 4:04 UTC | newest]
Thread overview: 14+ messages (download: mbox.gz / follow: Atom feed)
-- links below jump to the message on this page --
[not found] <20210928152300.989961-1-andrew.rybchenko@oktetlabs.ru>
2021-09-28 15:24 ` [dpdk-test-report] |SUCCESS| pw99931 [PATCH] ethdev: remove deprecated shared counter attribute checkpatch
2021-09-28 16:18 ` [dpdk-test-report] |FAILURE| pw99931 [dpdk-dev] " 0-day Robot
2021-10-05 21:29 [dpdk-test-report] |SUCCESS| pw99931 " dpdklab
2021-10-05 21:31 dpdklab
2021-10-05 21:39 dpdklab
2021-10-05 21:44 dpdklab
2021-10-05 21:49 dpdklab
2021-10-05 21:50 dpdklab
2021-10-05 21:53 dpdklab
2021-10-05 22:03 dpdklab
2021-10-05 22:10 dpdklab
2021-10-06 3:36 dpdklab
2021-10-06 3:50 dpdklab
2021-10-06 4:04 dpdklab
This is a public inbox, see mirroring instructions
for how to clone and mirror all data and code used for this inbox;
as well as URLs for NNTP newsgroup(s).