* [dpdk-test-report] |FAILURE| pw99945-99943 [PATCH] [v3, 8/8] examples/ioat: rename application to dmafwd
@ 2021-10-05 20:45 dpdklab
0 siblings, 0 replies; 3+ messages in thread
From: dpdklab @ 2021-10-05 20:45 UTC (permalink / raw)
To: Test Report; +Cc: dpdklab, Kevin Laatz
[-- Attachment #1: Type: text/plain, Size: 2584 bytes --]
Test-Label: iol-aarch64-compile-testing
Test-Status: FAILURE
http://dpdk.org/patch/99943
_Testing issues_
Submitter: Kevin Laatz <kevin.laatz@intel.com>
Date: Tuesday, September 28 2021 16:29:46
DPDK git baseline: Repo:dpdk
Branch: master
CommitID:086d426406bd3f6fac96a15bbd871c7fe714bc2d
99945-99943 --> testing fail
Test environment and result as below:
+------------------------------------+--------------------+
| Environment | dpdk_meson_compile |
+====================================+====================+
| Ubuntu 20.04 ARM | FAIL |
+------------------------------------+--------------------+
| Ubuntu 20.04 ARM cross-compilation | FAIL |
+------------------------------------+--------------------+
==== 20 line log output for Ubuntu 20.04 ARM cross-compilation (dpdk_meson_compile): ====
Message: drivers/event/sw: Defining dependency "event_sw"
Message: drivers/event/octeontx: Defining dependency "event_octeontx"
Message: drivers/baseband/acc100: Defining dependency "baseband_acc100"
Message: drivers/baseband/fpga_5gnr_fec: Defining dependency "baseband_fpga_5gnr_fec"
Message: drivers/baseband/fpga_lte_fec: Defining dependency "baseband_fpga_lte_fec"
Message: drivers/baseband/null: Defining dependency "baseband_null"
Library libturbo found: NO
Library libldpc_decoder_5gnr found: NO
Message: drivers/baseband/turbo_sw: Defining dependency "baseband_turbo_sw"
Compiler for C supports arguments -Wno-format-truncation: YES (cached)
Run-time dependency zlib found: NO (tried pkgconfig)
Message: hugepage availability: true
Program get-coremask.sh found: YES (/home-local/jenkins-local/jenkins-agent/workspace/Generic-DPDK-Compile-Meson/dpdk/app/test/get-coremask.sh)
Program doxygen found: NO
Program sphinx-build found: NO
Compiler for C supports arguments -Wno-format-truncation: YES (cached)
examples/meson.build:119:12: ERROR: Problem encountered: Missing dependency "dmadev" for example "dma"
A full log can be found at /home-local/jenkins-local/jenkins-agent/workspace/Generic-DPDK-Compile-Meson/dpdk/build/meson-logs/meson-log.txt
==== End log output ====
Ubuntu 20.04 ARM
Kernel: 5.4.0-53-generic
Compiler: gcc 9.3
Ubuntu 20.04 ARM cross-compilation
Kernel: 5.4.0-72-generic
Compiler: aarch64-linux-gnu-gcc (Ubuntu 9.3.0-17ubuntu1~20.04) 9.3.0
To view detailed results, visit:
https://lab.dpdk.org/results/dashboard/patchsets/19031/
UNH-IOL DPDK Community Lab
To manage your email subscriptions, visit:
https://lab.dpdk.org/results/dashboard/preferences/subscriptions/
^ permalink raw reply [flat|nested] 3+ messages in thread
* [dpdk-test-report] |FAILURE| pw99945-99943 [PATCH] [v3, 8/8] examples/ioat: rename application to dmafwd
@ 2021-10-06 5:44 dpdklab
0 siblings, 0 replies; 3+ messages in thread
From: dpdklab @ 2021-10-06 5:44 UTC (permalink / raw)
To: Test Report; +Cc: dpdklab, Kevin Laatz
[-- Attachment #1: Type: text/plain, Size: 4294 bytes --]
Test-Label: iol-x86_64-unit-testing
Test-Status: FAILURE
http://dpdk.org/patch/99943
_Testing issues_
Submitter: Kevin Laatz <kevin.laatz@intel.com>
Date: Tuesday, September 28 2021 16:29:46
DPDK git baseline: Repo:dpdk
Branch: master
CommitID:086d426406bd3f6fac96a15bbd871c7fe714bc2d
99945-99943 --> testing fail
Test environment and result as below:
+------------------+----------------+
| Environment | dpdk_unit_test |
+==================+================+
| Ubuntu 18.04 | PASS |
+------------------+----------------+
| CentOS 8 | PASS |
+------------------+----------------+
| CentOS Stream 8 | PASS |
+------------------+----------------+
| Fedora 32 | PASS |
+------------------+----------------+
| RHEL 7 | FAIL |
+------------------+----------------+
| openSUSE Leap 15 | PASS |
+------------------+----------------+
| Arch Linux | PASS |
+------------------+----------------+
| Ubuntu 20.04 | PASS |
+------------------+----------------+
| Fedora 34 | PASS |
+------------------+----------------+
| Fedora 33 | PASS |
+------------------+----------------+
| Fedora 31 | PASS |
+------------------+----------------+
| RHEL8 | PASS |
+------------------+----------------+
| Fedora 34 clang | PASS |
+------------------+----------------+
==== 20 line log output for RHEL 7 (dpdk_unit_test): ====
^
cc1: all warnings being treated as errors
[1404/2904] Compiling C object drivers/libtmp_rte_net_ionic.a.p/net_ionic_ionic_dev.c.o
[1405/2904] Compiling C object drivers/libtmp_rte_net_ionic.a.p/net_ionic_ionic_mac_api.c.o
[1406/2904] Compiling C object drivers/libtmp_rte_net_ionic.a.p/net_ionic_ionic_main.c.o
[1407/2904] Generating rte_net_igc_mingw with a custom command
[1408/2904] Compiling C object drivers/libtmp_rte_net_ionic.a.p/net_ionic_ionic_rx_filter.c.o
[1409/2904] Compiling C object drivers/librte_net_hns3.a.p/meson-generated_.._rte_net_hns3.pmd.c.o
[1410/2904] Generating rte_net_iavf.pmd.c with a custom command
[1411/2904] Generating rte_net_fm10k.sym_chk with a meson_exe.py custom command
[1412/2904] Generating rte_net_i40e.pmd.c with a custom command
[1413/2904] Generating rte_bus_fslmc.sym_chk with a meson_exe.py custom command
[1414/2904] Generating rte_net_igc.pmd.c with a custom command
[1415/2904] Generating rte_net_hinic.sym_chk with a meson_exe.py custom command
[1416/2904] Generating rte_net_ice.pmd.c with a custom command
[1417/2904] Generating rte_common_mlx5.sym_chk with a meson_exe.py custom command
[1418/2904] Generating eal.sym_chk with a meson_exe.py custom command
[1419/2904] Generating rte_common_sfc_efx.sym_chk with a meson_exe.py custom command
[1420/2904] Generating rte_common_cnxk.sym_chk with a meson_exe.py custom command
ninja: build stopped: subcommand failed.
==== End log output ====
Ubuntu 18.04
Kernel: 4.18.0-240.10.1.el8_3.x86_64
Compiler: gcc 7.5.0-3ubuntu1~18.04
CentOS 8
Kernel: 4.18.0-240.10.1.el8_3.x86_64
Compiler: gcc 8.3.1 20191121 (Red Hat 8.3.1-5)
CentOS Stream 8
Kernel: 4.18.0-240.10.1.el8_3.x86_64
Compiler: gcc 8.4.1 20200928
Fedora 32
Kernel: 4.18.0-240.10.1.el8_3.x86_64
Compiler: gcc 10.2.1
RHEL 7
Kernel: 4.18.0-240.10.1.el8_3.x86_64
Compiler: gcc 4.8.5 20150623 (Red Hat 4.8.5-44)
openSUSE Leap 15
Kernel: 4.18.0-240.10.1.el8_3.x86_64
Compiler: gcc 7.5.0
Arch Linux
Kernel: 5.4.0-73-generic
Compiler: gcc 11.1.0
Ubuntu 20.04
Kernel: 4.18.0-240.10.1.el8_3.x86_64
Compiler: gcc 9.3.0-17ubuntu1~20.04
Fedora 34
Kernel: 5.4.0-72-generic
Compiler: gcc 11.1.1 20210428 (Red Hat 11.1.1-1)
Fedora 33
Kernel: 5.4.0-72-generic
Compiler: gcc 10.3.1 20210422 (Red Hat 10.3.1-1)
Fedora 31
Kernel: 4.18.0-240.10.1.el8_3.x86_64
Compiler: gcc 9.3.1
RHEL8
Kernel: 4.18.0-240.10.1.el8_3.x86_64
Compiler: gcc 8.3.1 20191121 (Red Hat 8.3.1-5)
Fedora 34 clang
Kernel: 5.4.0-72-generic
Compiler: clang 12.0.0 (Fedora 12.0.0-0.3.rc1.fc34)
To view detailed results, visit:
https://lab.dpdk.org/results/dashboard/patchsets/19031/
UNH-IOL DPDK Community Lab
To manage your email subscriptions, visit:
https://lab.dpdk.org/results/dashboard/preferences/subscriptions/
^ permalink raw reply [flat|nested] 3+ messages in thread
* [dpdk-test-report] |FAILURE| pw99945-99943 [PATCH] [v3, 8/8] examples/ioat: rename application to dmafwd
@ 2021-10-06 5:21 dpdklab
0 siblings, 0 replies; 3+ messages in thread
From: dpdklab @ 2021-10-06 5:21 UTC (permalink / raw)
To: Test Report; +Cc: dpdk-test-reports, Kevin Laatz
[-- Attachment #1: Type: text/plain, Size: 6468 bytes --]
Test-Label: iol-x86_64-compile-testing
Test-Status: FAILURE
http://dpdk.org/patch/99943
_Testing issues_
Submitter: Kevin Laatz <kevin.laatz@intel.com>
Date: Tuesday, September 28 2021 16:29:46
DPDK git baseline: Repo:dpdk
Branch: master
CommitID:086d426406bd3f6fac96a15bbd871c7fe714bc2d
99945-99943 --> testing fail
Test environment and result as below:
+---------------------+--------------------+-------------------+----------------------+
| Environment | dpdk_meson_compile | dpdk_compile_spdk | dpdk_mingw64_compile |
+=====================+====================+===================+======================+
| Fedora 31 | PASS | SKIPPED | SKIPPED |
+---------------------+--------------------+-------------------+----------------------+
| Windows Server 2019 | PASS | SKIPPED | PASS |
+---------------------+--------------------+-------------------+----------------------+
| FreeBSD 13 | PASS | SKIPPED | SKIPPED |
+---------------------+--------------------+-------------------+----------------------+
| openSUSE Leap 15 | PASS | SKIPPED | SKIPPED |
+---------------------+--------------------+-------------------+----------------------+
| Fedora 32 | PASS | SKIPPED | SKIPPED |
+---------------------+--------------------+-------------------+----------------------+
| CentOS Stream 8 | PASS | SKIPPED | SKIPPED |
+---------------------+--------------------+-------------------+----------------------+
| Ubuntu 18.04 | PASS | FAIL | SKIPPED |
+---------------------+--------------------+-------------------+----------------------+
| CentOS 8 | PASS | SKIPPED | SKIPPED |
+---------------------+--------------------+-------------------+----------------------+
| RHEL 7 | FAIL | SKIPPED | SKIPPED |
+---------------------+--------------------+-------------------+----------------------+
| Ubuntu 20.04 | PASS | SKIPPED | SKIPPED |
+---------------------+--------------------+-------------------+----------------------+
| RHEL8 | PASS | SKIPPED | SKIPPED |
+---------------------+--------------------+-------------------+----------------------+
| Arch Linux | PASS | SKIPPED | SKIPPED |
+---------------------+--------------------+-------------------+----------------------+
| Fedora 34 | PASS | SKIPPED | SKIPPED |
+---------------------+--------------------+-------------------+----------------------+
| Fedora 33 | PASS | SKIPPED | SKIPPED |
+---------------------+--------------------+-------------------+----------------------+
| Alpine | PASS | SKIPPED | SKIPPED |
+---------------------+--------------------+-------------------+----------------------+
| Fedora 34 clang | PASS | SKIPPED | SKIPPED |
+---------------------+--------------------+-------------------+----------------------+
==== 20 line log output for RHEL 7 (dpdk_meson_compile): ====
^
cc1: all warnings being treated as errors
[1386/2903] Compiling C object drivers/net/igc/base/libigc_base.a.p/igc_mac.c.o
[1387/2903] Linking static target drivers/libtmp_rte_net_ice.a
[1388/2903] Compiling C object drivers/net/igc/base/libigc_base.a.p/igc_manage.c.o
[1389/2903] Compiling C object drivers/net/igc/base/libigc_base.a.p/igc_api.c.o
[1390/2903] Compiling C object drivers/libtmp_rte_event_dpaa.a.p/event_dpaa_dpaa_eventdev.c.o
[1391/2903] Compiling C object drivers/net/igc/base/libigc_base.a.p/igc_nvm.c.o
[1392/2903] Linking static target drivers/librte_net_hns3.a
[1393/2903] Generating rte_net_iavf.pmd.c with a custom command
[1394/2903] Generating rte_net_fm10k.sym_chk with a meson_exe.py custom command
[1395/2903] Generating rte_net_i40e.pmd.c with a custom command
[1396/2903] Generating rte_net_hinic.sym_chk with a meson_exe.py custom command
[1397/2903] Generating rte_bus_fslmc.sym_chk with a meson_exe.py custom command
[1398/2903] Generating rte_bus_dpaa.sym_chk with a meson_exe.py custom command
[1399/2903] Generating rte_common_mlx5.sym_chk with a meson_exe.py custom command
[1400/2903] Generating eal.sym_chk with a meson_exe.py custom command
[1401/2903] Generating rte_common_sfc_efx.sym_chk with a meson_exe.py custom command
[1402/2903] Generating rte_common_cnxk.sym_chk with a meson_exe.py custom command
ninja: build stopped: subcommand failed.
==== End log output ====
Fedora 31
Kernel: 4.18.0-240.10.1.el8_3.x86_64
Compiler: gcc 9.3.1
Windows Server 2019
Kernel: 10.0
Compiler: clang 9.0 and gcc 8.1.0 (MinGW)
FreeBSD 13
Kernel: 13.0
Compiler: clang 11.0.1
openSUSE Leap 15
Kernel: 4.18.0-240.10.1.el8_3.x86_64
Compiler: gcc 7.5.0
Fedora 32
Kernel: 4.18.0-240.10.1.el8_3.x86_64
Compiler: gcc 10.2.1
CentOS Stream 8
Kernel: 4.18.0-240.10.1.el8_3.x86_64
Compiler: gcc 8.4.1 20200928
Ubuntu 18.04
Kernel: 4.18.0-240.10.1.el8_3.x86_64
Compiler: gcc 7.5.0-3ubuntu1~18.04
CentOS 8
Kernel: 4.18.0-240.10.1.el8_3.x86_64
Compiler: gcc 8.3.1 20191121 (Red Hat 8.3.1-5)
RHEL 7
Kernel: 4.18.0-240.10.1.el8_3.x86_64
Compiler: gcc 4.8.5 20150623 (Red Hat 4.8.5-44)
Ubuntu 20.04
Kernel: 4.18.0-240.10.1.el8_3.x86_64
Compiler: gcc 9.3.0-17ubuntu1~20.04
RHEL8
Kernel: 4.18.0-240.10.1.el8_3.x86_64
Compiler: gcc 8.3.1 20191121 (Red Hat 8.3.1-5)
Arch Linux
Kernel: 5.4.0-73-generic
Compiler: gcc 11.1.0
Fedora 34
Kernel: 5.4.0-72-generic
Compiler: gcc 11.1.1 20210428 (Red Hat 11.1.1-1)
Fedora 33
Kernel: 5.4.0-72-generic
Compiler: gcc 10.3.1 20210422 (Red Hat 10.3.1-1)
Alpine
Kernel: 5.4.0-73-generic
Compiler: gcc (Alpine 10.3.1_git20210424) 10.3.1 20210424
Fedora 34 clang
Kernel: 5.4.0-72-generic
Compiler: clang 12.0.0 (Fedora 12.0.0-0.3.rc1.fc34)
To view detailed results, visit:
https://lab.dpdk.org/results/dashboard/patchsets/19031/
UNH-IOL DPDK Community Lab
To manage your email subscriptions, visit:
https://lab.dpdk.org/results/dashboard/preferences/subscriptions/
^ permalink raw reply [flat|nested] 3+ messages in thread
end of thread, other threads:[~2021-10-06 5:44 UTC | newest]
Thread overview: 3+ messages (download: mbox.gz / follow: Atom feed)
-- links below jump to the message on this page --
2021-10-05 20:45 [dpdk-test-report] |FAILURE| pw99945-99943 [PATCH] [v3, 8/8] examples/ioat: rename application to dmafwd dpdklab
2021-10-06 5:21 dpdklab
2021-10-06 5:44 dpdklab
This is a public inbox, see mirroring instructions
for how to clone and mirror all data and code used for this inbox;
as well as URLs for NNTP newsgroup(s).