* [dpdk-test-report] |FAILURE| [GIT MASTER] 50f9cf51b9a8a187060cbfc2280a2cf807fd31ad
@ 2021-10-15 22:24 dpdklab
0 siblings, 0 replies; only message in thread
From: dpdklab @ 2021-10-15 22:24 UTC (permalink / raw)
To: Test Report; +Cc: dpdklab
[-- Attachment #1: Type: text/plain, Size: 4214 bytes --]
_Testing issues_
Branch: dpdk-next-net
50f9cf51b9a8a187060cbfc2280a2cf807fd31ad --> testing fail
Test environment and result as below:
+------------------+----------------+
| Environment | dpdk_unit_test |
+==================+================+
| Ubuntu 18.04 | FAIL |
+------------------+----------------+
| CentOS 8 | PASS |
+------------------+----------------+
| Arch Linux | PASS |
+------------------+----------------+
| Fedora 32 | PASS |
+------------------+----------------+
| CentOS Stream 8 | PASS |
+------------------+----------------+
| openSUSE Leap 15 | FAIL |
+------------------+----------------+
| Fedora 31 | PASS |
+------------------+----------------+
| RHEL 7 | FAIL |
+------------------+----------------+
| RHEL8 | PASS |
+------------------+----------------+
| Ubuntu 20.04 | PASS |
+------------------+----------------+
| Fedora 34 | PASS |
+------------------+----------------+
| Fedora 33 | PASS |
+------------------+----------------+
| Fedora 34 clang | PASS |
+------------------+----------------+
==== 20 line log output for RHEL 7 (dpdk_unit_test): ====
^
cc1: all warnings being treated as errors
[1350/2915] Generating rte_net_ena.pmd.c with a custom command
[1351/2915] Compiling C object drivers/libtmp_rte_net_enic.a.p/net_enic_enic_rxtx_vec_avx2.c.o
[1352/2915] Compiling C object drivers/libtmp_rte_net_failsafe.a.p/net_failsafe_failsafe.c.o
[1353/2915] Compiling C object drivers/libtmp_rte_net_enic.a.p/net_enic_enic_vf_representor.c.o
[1354/2915] Compiling C object drivers/libtmp_rte_net_failsafe.a.p/net_failsafe_failsafe_args.c.o
[1355/2915] Compiling C object drivers/libtmp_rte_net_enic.a.p/net_enic_enic_main.c.o
[1356/2915] Compiling C object drivers/libtmp_rte_net_failsafe.a.p/net_failsafe_failsafe_flow.c.o
[1357/2915] Generating symbol file drivers/librte_net_dpaa.so.22.0.p/librte_net_dpaa.so.22.0.symbols
[1358/2915] Generating rte_net_e1000.pmd.c with a custom command
[1359/2915] Compiling C object drivers/libtmp_rte_net_enic.a.p/net_enic_enic_rxtx.c.o
[1360/2915] Generating rte_net_enetc.sym_chk with a meson_exe.py custom command
[1361/2915] Compiling C object drivers/libtmp_rte_net_failsafe.a.p/net_failsafe_failsafe_ether.c.o
[1362/2915] Generating rte_common_sfc_efx.sym_chk with a meson_exe.py custom command
[1363/2915] Generating rte_net_dpaa2.sym_chk with a meson_exe.py custom command
[1364/2915] Compiling C object drivers/libtmp_rte_net_cnxk.a.p/net_cnxk_cn10k_tx.c.o
[1365/2915] Generating rte_common_cnxk.sym_chk with a meson_exe.py custom command
[1366/2915] Compiling C object drivers/libtmp_rte_net_cnxk.a.p/net_cnxk_cn10k_tx_mseg.c.o
ninja: build stopped: subcommand failed.
==== End log output ====
Ubuntu 18.04
Kernel: 4.18.0-240.10.1.el8_3.x86_64
Compiler: gcc 7.5.0-3ubuntu1~18.04
CentOS 8
Kernel: 4.18.0-240.10.1.el8_3.x86_64
Compiler: gcc 8.3.1 20191121 (Red Hat 8.3.1-5)
Arch Linux
Kernel: 5.4.0-73-generic
Compiler: gcc 11.1.0
Fedora 32
Kernel: 4.18.0-240.10.1.el8_3.x86_64
Compiler: gcc 10.2.1
CentOS Stream 8
Kernel: 4.18.0-240.10.1.el8_3.x86_64
Compiler: gcc 8.4.1 20200928
openSUSE Leap 15
Kernel: 4.18.0-240.10.1.el8_3.x86_64
Compiler: gcc 7.5.0
Fedora 31
Kernel: 4.18.0-240.10.1.el8_3.x86_64
Compiler: gcc 9.3.1
RHEL 7
Kernel: 4.18.0-240.10.1.el8_3.x86_64
Compiler: gcc 4.8.5 20150623 (Red Hat 4.8.5-44)
RHEL8
Kernel: 4.18.0-240.10.1.el8_3.x86_64
Compiler: gcc 8.3.1 20191121 (Red Hat 8.3.1-5)
Ubuntu 20.04
Kernel: 4.18.0-240.10.1.el8_3.x86_64
Compiler: gcc 9.3.0-17ubuntu1~20.04
Fedora 34
Kernel: 5.4.0-72-generic
Compiler: gcc 11.1.1 20210428 (Red Hat 11.1.1-1)
Fedora 33
Kernel: 5.4.0-72-generic
Compiler: gcc 10.3.1 20210422 (Red Hat 10.3.1-1)
Fedora 34 clang
Kernel: 5.4.0-72-generic
Compiler: clang 12.0.0 (Fedora 12.0.0-0.3.rc1.fc34)
To view detailed results, visit:
https://lab.dpdk.org/results/dashboard/tarballs/17225/
UNH-IOL DPDK Community Lab
To manage your email subscriptions, visit:
https://lab.dpdk.org/results/dashboard/preferences/subscriptions/
^ permalink raw reply [flat|nested] only message in thread
only message in thread, other threads:[~2021-10-15 22:24 UTC | newest]
Thread overview: (only message) (download: mbox.gz / follow: Atom feed)
-- links below jump to the message on this page --
2021-10-15 22:24 [dpdk-test-report] |FAILURE| [GIT MASTER] 50f9cf51b9a8a187060cbfc2280a2cf807fd31ad dpdklab
This is a public inbox, see mirroring instructions
for how to clone and mirror all data and code used for this inbox;
as well as URLs for NNTP newsgroup(s).