* [dpdk-test-report] |FAILURE| pw101797-101796 [PATCH] [v5, 4/4] net/mlx5: support mempool registration
@ 2021-10-18 0:44 dpdklab
0 siblings, 0 replies; 3+ messages in thread
From: dpdklab @ 2021-10-18 0:44 UTC (permalink / raw)
To: Test Report; +Cc: dpdklab, Dmitry Kozlyuk
[-- Attachment #1: Type: text/plain, Size: 2996 bytes --]
Test-Label: iol-aarch64-compile-testing
Test-Status: FAILURE
http://dpdk.org/patch/101796
_Testing issues_
Submitter: Dmitry Kozlyuk <dkozlyuk@oss.nvidia.com>
Date: Friday, October 15 2021 16:02:44
DPDK git baseline: Repo:dpdk
Branch: master
CommitID:b95af1946ab4fde8489f8a91199d3b5579918997
101797-101796 --> testing fail
Test environment and result as below:
+------------------------------------+--------------------+
| Environment | dpdk_meson_compile |
+====================================+====================+
| Ubuntu 20.04 ARM cross-compilation | FAIL |
+------------------------------------+--------------------+
==== 20 line log output for Ubuntu 20.04 ARM cross-compilation (dpdk_meson_compile): ====
| ^~~~~~~~~~~~~~~~~~~~~~~~~~~~~
cc1: all warnings being treated as errors
[2393/2873] Compiling C object drivers/librte_baseband_null.a.p/meson-generated_.._rte_baseband_null.pmd.c.o
[2394/2873] Generating rte_event_sw.sym_chk with a custom command (wrapped by meson to capture output)
[2395/2873] Compiling C object app/dpdk-pdump.p/pdump_main.c.o
[2396/2873] Generating rte_baseband_fpga_lte_fec.sym_chk with a custom command (wrapped by meson to capture output)
[2397/2873] Generating symbol file drivers/librte_baseband_fpga_5gnr_fec.so.22.0.p/librte_baseband_fpga_5gnr_fec.so.22.0.symbols
[2398/2873] Compiling C object drivers/libtmp_rte_baseband_turbo_sw.a.p/baseband_turbo_sw_bbdev_turbo_software.c.o
[2399/2873] Generating rte_event_octeontx.sym_chk with a custom command (wrapped by meson to capture output)
[2400/2873] Compiling C object app/dpdk-test-acl.p/test-acl_main.c.o
[2401/2873] Compiling C object drivers/libtmp_rte_baseband_acc100.a.p/baseband_acc100_rte_acc100_pmd.c.o
[2402/2873] Compiling C object drivers/libtmp_rte_event_cnxk.a.p/event_cnxk_cn10k_worker_deq.c.o
[2403/2873] Compiling C object drivers/libtmp_rte_event_cnxk.a.p/event_cnxk_cn10k_worker_deq_ca.c.o
[2404/2873] Compiling C object drivers/libtmp_rte_net_cnxk.a.p/net_cnxk_cn10k_tx_vec_mseg.c.o
[2405/2873] Compiling C object drivers/libtmp_rte_event_cnxk.a.p/event_cnxk_cn10k_worker_deq_tmo.c.o
[2406/2873] Compiling C object drivers/libtmp_rte_event_octeontx2.a.p/event_octeontx2_otx2_worker.c.o
[2407/2873] Compiling C object drivers/libtmp_rte_event_octeontx2.a.p/event_octeontx2_otx2_worker_dual.c.o
[2408/2873] Compiling C object drivers/libtmp_rte_event_cnxk.a.p/event_cnxk_cn10k_worker_tx_enq.c.o
[2409/2873] Compiling C object drivers/libtmp_rte_event_cnxk.a.p/event_cnxk_cn10k_worker_tx_enq_seg.c.o
ninja: build stopped: subcommand failed.
==== End log output ====
Ubuntu 20.04 ARM cross-compilation
Kernel: 5.4.0-72-generic
Compiler: aarch64-linux-gnu-gcc (Ubuntu 9.3.0-17ubuntu1~20.04) 9.3.0
To view detailed results, visit:
https://lab.dpdk.org/results/dashboard/patchsets/19460/
UNH-IOL DPDK Community Lab
To manage your email subscriptions, visit:
https://lab.dpdk.org/results/dashboard/preferences/subscriptions/
^ permalink raw reply [flat|nested] 3+ messages in thread
* [dpdk-test-report] |FAILURE| pw101797-101796 [PATCH] [v5, 4/4] net/mlx5: support mempool registration
@ 2021-10-15 18:11 dpdklab
0 siblings, 0 replies; 3+ messages in thread
From: dpdklab @ 2021-10-15 18:11 UTC (permalink / raw)
To: Test Report; +Cc: dpdk-test-reports, Dmitry Kozlyuk
[-- Attachment #1: Type: text/plain, Size: 2898 bytes --]
Test-Label: iol-aarch64-unit-testing
Test-Status: FAILURE
http://dpdk.org/patch/101796
_Testing issues_
Submitter: Dmitry Kozlyuk <dkozlyuk@oss.nvidia.com>
Date: Friday, October 15 2021 16:02:44
DPDK git baseline: Repo:dpdk
Branch: master
CommitID:b95af1946ab4fde8489f8a91199d3b5579918997
101797-101796 --> testing fail
Test environment and result as below:
+------------------+----------------+
| Environment | dpdk_unit_test |
+==================+================+
| Ubuntu 20.04 ARM | FAIL |
+------------------+----------------+
==== 20 line log output for Ubuntu 20.04 ARM (dpdk_unit_test): ====
[2412/2901] Compiling C object drivers/libtmp_rte_event_cnxk.a.p/event_cnxk_cn9k_worker_dual_tx_enq.c.o
[2413/2901] Generating rte_common_cnxk.sym_chk with a custom command (wrapped by meson to capture output)
[2414/2901] Compiling C object drivers/libtmp_rte_event_cnxk.a.p/event_cnxk_cn9k_worker_deq.c.o
[2415/2901] Compiling C object drivers/libtmp_rte_event_cnxk.a.p/event_cnxk_cn9k_worker_tx_enq_seg.c.o
[2416/2901] Compiling C object drivers/libtmp_rte_event_cnxk.a.p/event_cnxk_cn9k_worker_dual_tx_enq_seg.c.o
[2417/2901] Compiling C object drivers/libtmp_rte_event_cnxk.a.p/event_cnxk_cn9k_worker_deq_ca.c.o
[2418/2901] Compiling C object drivers/libtmp_rte_event_cnxk.a.p/event_cnxk_cn9k_worker_deq_tmo.c.o
[2419/2901] Compiling C object drivers/libtmp_rte_event_cnxk.a.p/event_cnxk_cn9k_worker_dual_deq_ca.c.o
[2420/2901] Compiling C object drivers/libtmp_rte_event_cnxk.a.p/event_cnxk_cn9k_worker_dual_deq_tmo.c.o
[2421/2901] Compiling C object drivers/libtmp_rte_net_octeontx2.a.p/net_octeontx2_otx2_rx.c.o
[2422/2901] Compiling C object drivers/libtmp_rte_net_cnxk.a.p/net_cnxk_cn10k_tx_vec.c.o
[2423/2901] Compiling C object drivers/libtmp_rte_event_cnxk.a.p/event_cnxk_cn10k_worker_deq.c.o
[2424/2901] Compiling C object drivers/libtmp_rte_event_cnxk.a.p/event_cnxk_cn10k_worker_deq_ca.c.o
[2425/2901] Compiling C object drivers/libtmp_rte_net_cnxk.a.p/net_cnxk_cn10k_tx_vec_mseg.c.o
[2426/2901] Compiling C object drivers/libtmp_rte_event_cnxk.a.p/event_cnxk_cn10k_worker_deq_tmo.c.o
[2427/2901] Compiling C object drivers/libtmp_rte_event_octeontx2.a.p/event_octeontx2_otx2_worker.c.o
[2428/2901] Compiling C object drivers/libtmp_rte_event_octeontx2.a.p/event_octeontx2_otx2_worker_dual.c.o
[2429/2901] Compiling C object drivers/libtmp_rte_event_cnxk.a.p/event_cnxk_cn10k_worker_tx_enq.c.o
[2430/2901] Compiling C object drivers/libtmp_rte_event_cnxk.a.p/event_cnxk_cn10k_worker_tx_enq_seg.c.o
ninja: build stopped: subcommand failed.
==== End log output ====
Ubuntu 20.04 ARM
Kernel: 5.4.0-53-generic
Compiler: gcc 9.3
To view detailed results, visit:
https://lab.dpdk.org/results/dashboard/patchsets/19460/
UNH-IOL DPDK Community Lab
To manage your email subscriptions, visit:
https://lab.dpdk.org/results/dashboard/preferences/subscriptions/
^ permalink raw reply [flat|nested] 3+ messages in thread
* [dpdk-test-report] |FAILURE| pw101797-101796 [PATCH] [v5, 4/4] net/mlx5: support mempool registration
@ 2021-10-15 18:10 dpdklab
0 siblings, 0 replies; 3+ messages in thread
From: dpdklab @ 2021-10-15 18:10 UTC (permalink / raw)
To: Test Report; +Cc: dpdklab, Dmitry Kozlyuk
[-- Attachment #1: Type: text/plain, Size: 4602 bytes --]
Test-Label: iol-x86_64-unit-testing
Test-Status: FAILURE
http://dpdk.org/patch/101796
_Testing issues_
Submitter: Dmitry Kozlyuk <dkozlyuk@oss.nvidia.com>
Date: Friday, October 15 2021 16:02:44
DPDK git baseline: Repo:dpdk
Branch: master
CommitID:b95af1946ab4fde8489f8a91199d3b5579918997
101797-101796 --> testing fail
Test environment and result as below:
+------------------+----------------+
| Environment | dpdk_unit_test |
+==================+================+
| Ubuntu 18.04 | FAIL |
+------------------+----------------+
| Arch Linux | FAIL |
+------------------+----------------+
| CentOS 8 | FAIL |
+------------------+----------------+
| CentOS Stream 8 | FAIL |
+------------------+----------------+
| Fedora 31 | FAIL |
+------------------+----------------+
| openSUSE Leap 15 | FAIL |
+------------------+----------------+
| Fedora 32 | FAIL |
+------------------+----------------+
| RHEL 7 | FAIL |
+------------------+----------------+
| RHEL8 | FAIL |
+------------------+----------------+
| Fedora 33 | FAIL |
+------------------+----------------+
| Fedora 34 | FAIL |
+------------------+----------------+
| Ubuntu 20.04 | FAIL |
+------------------+----------------+
| Fedora 34 clang | FAIL |
+------------------+----------------+
==== 20 line log output for Fedora 34 clang (dpdk_unit_test): ====
^
2 errors generated.
[2630/2925] Compiling C object app/dpdk-pdump.p/pdump_main.c.o
[2631/2925] Linking static target drivers/librte_baseband_fpga_lte_fec.a
[2632/2925] Compiling C object app/dpdk-test-acl.p/test-acl_main.c.o
[2633/2925] Generating rte_event_sw.sym_chk with a custom command (wrapped by meson to capture output)
[2634/2925] Generating rte_event_octeontx.sym_chk with a custom command (wrapped by meson to capture output)
[2635/2925] Generating rte_baseband_fpga_5gnr_fec.sym_chk with a custom command (wrapped by meson to capture output)
[2636/2925] Compiling C object drivers/libtmp_rte_event_cnxk.a.p/event_cnxk_cn10k_worker_tx_enq.c.o
[2637/2925] Compiling C object drivers/libtmp_rte_baseband_null.a.p/baseband_null_bbdev_null.c.o
[2638/2925] Compiling C object drivers/libtmp_rte_baseband_acc100.a.p/baseband_acc100_rte_acc100_pmd.c.o
[2639/2925] Compiling C object app/dpdk-test-bbdev.p/test-bbdev_test_bbdev_perf.c.o
[2640/2925] Compiling C object drivers/libtmp_rte_baseband_turbo_sw.a.p/baseband_turbo_sw_bbdev_turbo_software.c.o
[2641/2925] Compiling C object drivers/libtmp_rte_event_cnxk.a.p/event_cnxk_cn9k_worker_deq_tmo.c.o
[2642/2925] Compiling C object drivers/libtmp_rte_event_cnxk.a.p/event_cnxk_cn9k_worker_dual_deq_tmo.c.o
[2643/2925] Compiling C object drivers/libtmp_rte_event_cnxk.a.p/event_cnxk_cn10k_worker_deq_tmo.c.o
[2644/2925] Compiling C object drivers/libtmp_rte_event_cnxk.a.p/event_cnxk_cn10k_worker_tx_enq_seg.c.o
[2645/2925] Compiling C object drivers/libtmp_rte_event_octeontx2.a.p/event_octeontx2_otx2_worker.c.o
[2646/2925] Compiling C object drivers/libtmp_rte_event_octeontx2.a.p/event_octeontx2_otx2_worker_dual.c.o
ninja: build stopped: subcommand failed.
==== End log output ====
Ubuntu 18.04
Kernel: 4.18.0-240.10.1.el8_3.x86_64
Compiler: gcc 7.5.0-3ubuntu1~18.04
Arch Linux
Kernel: 5.4.0-73-generic
Compiler: gcc 11.1.0
CentOS 8
Kernel: 4.18.0-240.10.1.el8_3.x86_64
Compiler: gcc 8.3.1 20191121 (Red Hat 8.3.1-5)
CentOS Stream 8
Kernel: 4.18.0-240.10.1.el8_3.x86_64
Compiler: gcc 8.4.1 20200928
Fedora 31
Kernel: 4.18.0-240.10.1.el8_3.x86_64
Compiler: gcc 9.3.1
openSUSE Leap 15
Kernel: 4.18.0-240.10.1.el8_3.x86_64
Compiler: gcc 7.5.0
Fedora 32
Kernel: 4.18.0-240.10.1.el8_3.x86_64
Compiler: gcc 10.2.1
RHEL 7
Kernel: 4.18.0-240.10.1.el8_3.x86_64
Compiler: gcc 4.8.5 20150623 (Red Hat 4.8.5-44)
RHEL8
Kernel: 4.18.0-240.10.1.el8_3.x86_64
Compiler: gcc 8.3.1 20191121 (Red Hat 8.3.1-5)
Fedora 33
Kernel: 5.4.0-72-generic
Compiler: gcc 10.3.1 20210422 (Red Hat 10.3.1-1)
Fedora 34
Kernel: 5.4.0-72-generic
Compiler: gcc 11.1.1 20210428 (Red Hat 11.1.1-1)
Ubuntu 20.04
Kernel: 4.18.0-240.10.1.el8_3.x86_64
Compiler: gcc 9.3.0-17ubuntu1~20.04
Fedora 34 clang
Kernel: 5.4.0-72-generic
Compiler: clang 12.0.0 (Fedora 12.0.0-0.3.rc1.fc34)
To view detailed results, visit:
https://lab.dpdk.org/results/dashboard/patchsets/19460/
UNH-IOL DPDK Community Lab
To manage your email subscriptions, visit:
https://lab.dpdk.org/results/dashboard/preferences/subscriptions/
^ permalink raw reply [flat|nested] 3+ messages in thread
end of thread, other threads:[~2021-10-18 0:44 UTC | newest]
Thread overview: 3+ messages (download: mbox.gz / follow: Atom feed)
-- links below jump to the message on this page --
2021-10-18 0:44 [dpdk-test-report] |FAILURE| pw101797-101796 [PATCH] [v5, 4/4] net/mlx5: support mempool registration dpdklab
-- strict thread matches above, loose matches on Subject: below --
2021-10-15 18:11 dpdklab
2021-10-15 18:10 dpdklab
This is a public inbox, see mirroring instructions
for how to clone and mirror all data and code used for this inbox;
as well as URLs for NNTP newsgroup(s).