* [dpdk-test-report] |FAILURE| pw102936 [PATCH] net/mlx5: allow meta modifications in legacy mode
@ 2021-10-26 21:08 dpdklab
0 siblings, 0 replies; 2+ messages in thread
From: dpdklab @ 2021-10-26 21:08 UTC (permalink / raw)
To: Test Report; +Cc: dpdklab, Alexander Kozyrev
[-- Attachment #1: Type: text/plain, Size: 4411 bytes --]
Test-Label: iol-x86_64-unit-testing
Test-Status: FAILURE
http://dpdk.org/patch/102936
_Testing issues_
Submitter: Alexander Kozyrev <akozyrev@nvidia.com>
Date: Tuesday, October 26 2021 15:10:13
DPDK git baseline: Repo:dpdk
Branch: master
CommitID:6c390cee976e33b1e9d8562d32c9d3ebe5d9ce94
102936 --> testing fail
Test environment and result as below:
+------------------+----------------+
| Environment | dpdk_unit_test |
+==================+================+
| Arch Linux | FAIL |
+------------------+----------------+
| Ubuntu 18.04 | PASS |
+------------------+----------------+
| CentOS 8 | FAIL |
+------------------+----------------+
| CentOS Stream 8 | FAIL |
+------------------+----------------+
| Fedora 32 | FAIL |
+------------------+----------------+
| Fedora 31 | PASS |
+------------------+----------------+
| openSUSE Leap 15 | FAIL |
+------------------+----------------+
| RHEL 7 | FAIL |
+------------------+----------------+
| RHEL8 | FAIL |
+------------------+----------------+
| Ubuntu 20.04 | FAIL |
+------------------+----------------+
| Fedora 34 | FAIL |
+------------------+----------------+
| Fedora 33 | FAIL |
+------------------+----------------+
| Fedora 34 clang | FAIL |
+------------------+----------------+
==== 20 line log output for Fedora 34 clang (dpdk_unit_test): ====
^
1 error generated.
[1751/2967] Generating rte_net_mlx4.pmd.c with a custom command
[1752/2967] Compiling C object drivers/libtmp_rte_net_mlx5.a.p/net_mlx5_mlx5.c.o
[1753/2967] Compiling C object drivers/libtmp_rte_net_mlx5.a.p/net_mlx5_mlx5_flow_meter.c.o
[1754/2967] Generating rte_net_ixgbe.pmd.c with a custom command
[1755/2967] Compiling C object drivers/libtmp_rte_net_mlx5.a.p/net_mlx5_mlx5_flow_aso.c.o
[1756/2967] Generating rte_net_liquidio.sym_chk with a custom command (wrapped by meson to capture output)
[1757/2967] Compiling C object drivers/libtmp_rte_net_mlx5.a.p/net_mlx5_mlx5_rxtx.c.o
[1758/2967] Compiling C object drivers/libtmp_rte_net_mlx5.a.p/net_mlx5_mlx5_stats.c.o
[1759/2967] Generating rte_net_memif.sym_chk with a custom command (wrapped by meson to capture output)
[1760/2967] Compiling C object drivers/libtmp_rte_net_mlx5.a.p/net_mlx5_mlx5_rx.c.o
[1761/2967] Compiling C object drivers/libtmp_rte_net_mlx5.a.p/net_mlx5_mlx5_trigger.c.o
[1762/2967] Compiling C object drivers/libtmp_rte_net_mlx5.a.p/net_mlx5_mlx5_rxq.c.o
[1763/2967] Compiling C object drivers/libtmp_rte_net_mlx5.a.p/net_mlx5_mlx5_tx.c.o
[1764/2967] Compiling C object drivers/libtmp_rte_net_mlx5.a.p/net_mlx5_mlx5_flow.c.o
[1765/2967] Compiling C object drivers/libtmp_rte_net_mlx5.a.p/net_mlx5_mlx5_tx_mpw.c.o
[1766/2967] Compiling C object drivers/libtmp_rte_net_mlx5.a.p/net_mlx5_mlx5_tx_nompw.c.o
[1767/2967] Compiling C object drivers/libtmp_rte_net_mlx5.a.p/net_mlx5_mlx5_tx_empw.c.o
ninja: build stopped: subcommand failed.
==== End log output ====
Arch Linux
Kernel: 5.4.0-73-generic
Compiler: gcc 11.1.0
Ubuntu 18.04
Kernel: 4.18.0-240.10.1.el8_3.x86_64
Compiler: gcc 7.5.0-3ubuntu1~18.04
CentOS 8
Kernel: 4.18.0-240.10.1.el8_3.x86_64
Compiler: gcc 8.3.1 20191121 (Red Hat 8.3.1-5)
CentOS Stream 8
Kernel: 4.18.0-240.10.1.el8_3.x86_64
Compiler: gcc 8.4.1 20200928
Fedora 32
Kernel: 4.18.0-240.10.1.el8_3.x86_64
Compiler: gcc 10.2.1
Fedora 31
Kernel: 4.18.0-240.10.1.el8_3.x86_64
Compiler: gcc 9.3.1
openSUSE Leap 15
Kernel: 4.18.0-240.10.1.el8_3.x86_64
Compiler: gcc 7.5.0
RHEL 7
Kernel: 4.18.0-240.10.1.el8_3.x86_64
Compiler: gcc 4.8.5 20150623 (Red Hat 4.8.5-44)
RHEL8
Kernel: 4.18.0-240.10.1.el8_3.x86_64
Compiler: gcc 8.3.1 20191121 (Red Hat 8.3.1-5)
Ubuntu 20.04
Kernel: 4.18.0-240.10.1.el8_3.x86_64
Compiler: gcc 9.3.0-17ubuntu1~20.04
Fedora 34
Kernel: 5.4.0-72-generic
Compiler: gcc 11.1.1 20210428 (Red Hat 11.1.1-1)
Fedora 33
Kernel: 5.4.0-72-generic
Compiler: gcc 10.3.1 20210422 (Red Hat 10.3.1-1)
Fedora 34 clang
Kernel: 5.4.0-72-generic
Compiler: clang 12.0.0 (Fedora 12.0.0-0.3.rc1.fc34)
To view detailed results, visit:
https://lab.dpdk.org/results/dashboard/patchsets/19740/
UNH-IOL DPDK Community Lab
To manage your email subscriptions, visit:
https://lab.dpdk.org/results/dashboard/preferences/subscriptions/
^ permalink raw reply [flat|nested] 2+ messages in thread
* [dpdk-test-report] |FAILURE| pw102936 [PATCH] net/mlx5: allow meta modifications in legacy mode
@ 2021-10-27 7:57 dpdklab
0 siblings, 0 replies; 2+ messages in thread
From: dpdklab @ 2021-10-27 7:57 UTC (permalink / raw)
To: Test Report; +Cc: dpdklab, Alexander Kozyrev
[-- Attachment #1: Type: text/plain, Size: 3051 bytes --]
Test-Label: iol-aarch64-compile-testing
Test-Status: FAILURE
http://dpdk.org/patch/102936
_Testing issues_
Submitter: Alexander Kozyrev <akozyrev@nvidia.com>
Date: Tuesday, October 26 2021 15:10:13
DPDK git baseline: Repo:dpdk
Branch: master
CommitID:6c390cee976e33b1e9d8562d32c9d3ebe5d9ce94
102936 --> testing fail
Test environment and result as below:
+------------------------------------+--------------------+
| Environment | dpdk_meson_compile |
+====================================+====================+
| Ubuntu 20.04 ARM | FAIL |
+------------------------------------+--------------------+
| Ubuntu 20.04 ARM cross-compilation | PASS |
+------------------------------------+--------------------+
==== 20 line log output for Ubuntu 20.04 ARM (dpdk_meson_compile): ====
[1680/3155] Compiling C object drivers/libtmp_rte_net_sfc.a.p/net_sfc_sfc.c.o
[1681/3155] Generating rte_net_ngbe.pmd.c with a custom command
[1682/3155] Generating rte_net_netvsc.pmd.c with a custom command
[1683/3155] Generating rte_net_null.pmd.c with a custom command
[1684/3155] Generating rte_net_igc.sym_chk with a custom command (wrapped by meson to capture output)
[1685/3155] Generating rte_net_ionic.sym_chk with a custom command (wrapped by meson to capture output)
[1686/3155] Generating rte_net_octeontx.pmd.c with a custom command
[1687/3155] Generating rte_net_ice.sym_chk with a custom command (wrapped by meson to capture output)
[1688/3155] Generating rte_net_kni.sym_chk with a custom command (wrapped by meson to capture output)
[1689/3155] Generating rte_bus_fslmc.sym_chk with a custom command (wrapped by meson to capture output)
[1690/3155] Generating rte_net_ipn3ke.sym_chk with a custom command (wrapped by meson to capture output)
[1691/3155] Generating rte_bus_dpaa.sym_chk with a custom command (wrapped by meson to capture output)
[1692/3155] Generating rte_net_i40e.sym_chk with a custom command (wrapped by meson to capture output)
[1693/3155] Generating ethdev.sym_chk with a custom command (wrapped by meson to capture output)
[1694/3155] Generating rte_common_mlx5.sym_chk with a custom command (wrapped by meson to capture output)
[1695/3155] Generating eal.sym_chk with a custom command (wrapped by meson to capture output)
[1696/3155] Generating rte_common_sfc_efx.sym_chk with a custom command (wrapped by meson to capture output)
[1697/3155] Generating rte_common_cnxk.sym_chk with a custom command (wrapped by meson to capture output)
ninja: build stopped: subcommand failed.
[1] Error running command.
==== End log output ====
Ubuntu 20.04 ARM
Kernel: 5.4.0-53-generic
Compiler: gcc 9.3
Ubuntu 20.04 ARM cross-compilation
Kernel: 5.4.0-72-generic
Compiler: aarch64-linux-gnu-gcc (Ubuntu 9.3.0-17ubuntu1~20.04) 9.3.0
To view detailed results, visit:
https://lab.dpdk.org/results/dashboard/patchsets/19740/
UNH-IOL DPDK Community Lab
To manage your email subscriptions, visit:
https://lab.dpdk.org/results/dashboard/preferences/subscriptions/
^ permalink raw reply [flat|nested] 2+ messages in thread
end of thread, other threads:[~2021-10-27 7:57 UTC | newest]
Thread overview: 2+ messages (download: mbox.gz / follow: Atom feed)
-- links below jump to the message on this page --
2021-10-26 21:08 [dpdk-test-report] |FAILURE| pw102936 [PATCH] net/mlx5: allow meta modifications in legacy mode dpdklab
2021-10-27 7:57 dpdklab
This is a public inbox, see mirroring instructions
for how to clone and mirror all data and code used for this inbox;
as well as URLs for NNTP newsgroup(s).