* [dpdk-test-report] |FAILURE| pw103001 [PATCH] [v2] net/mlx5: allow meta modifications in legacy mode
@ 2021-10-27 16:37 dpdklab
0 siblings, 0 replies; 2+ messages in thread
From: dpdklab @ 2021-10-27 16:37 UTC (permalink / raw)
To: Test Report; +Cc: dpdklab, Alexander Kozyrev
[-- Attachment #1: Type: text/plain, Size: 3111 bytes --]
Test-Label: iol-aarch64-compile-testing
Test-Status: FAILURE
http://dpdk.org/patch/103001
_Testing issues_
Submitter: Alexander Kozyrev <akozyrev@nvidia.com>
Date: Tuesday, October 26 2021 21:21:20
DPDK git baseline: Repo:dpdk
Branch: master
CommitID:6c390cee976e33b1e9d8562d32c9d3ebe5d9ce94
103001 --> testing fail
Test environment and result as below:
+------------------------------------+--------------------+
| Environment | dpdk_meson_compile |
+====================================+====================+
| Ubuntu 20.04 ARM | FAIL |
+------------------------------------+--------------------+
| Ubuntu 20.04 ARM cross-compilation | PASS |
+------------------------------------+--------------------+
==== 20 line log output for Ubuntu 20.04 ARM (dpdk_meson_compile): ====
[1804/3155] Generating rte_net_ring.pmd.c with a custom command
[1805/3155] Generating rte_net_vhost_def with a custom command
[1806/3155] Generating rte_net_qede.pmd.c with a custom command
[1807/3155] Generating rte_net_memif.sym_chk with a custom command (wrapped by meson to capture output)
[1808/3155] Generating rte_net_liquidio.sym_chk with a custom command (wrapped by meson to capture output)
[1809/3155] Generating rte_net_ngbe.sym_chk with a custom command (wrapped by meson to capture output)
[1810/3155] Generating rte_net_nfp.sym_chk with a custom command (wrapped by meson to capture output)
[1811/3155] Generating rte_bus_dpaa.sym_chk with a custom command (wrapped by meson to capture output)
[1812/3155] Generating rte_net_i40e.sym_chk with a custom command (wrapped by meson to capture output)
[1813/3155] Generating pipeline.sym_chk with a custom command (wrapped by meson to capture output)
[1814/3155] Generating rte_net_netvsc.sym_chk with a custom command (wrapped by meson to capture output)
[1815/3155] Generating rte_net_ixgbe.sym_chk with a custom command (wrapped by meson to capture output)
[1816/3155] Generating rte_bus_fslmc.sym_chk with a custom command (wrapped by meson to capture output)
[1817/3155] Generating rte_common_mlx5.sym_chk with a custom command (wrapped by meson to capture output)
[1818/3155] Generating ethdev.sym_chk with a custom command (wrapped by meson to capture output)
[1819/3155] Generating rte_common_sfc_efx.sym_chk with a custom command (wrapped by meson to capture output)
[1820/3155] Generating eal.sym_chk with a custom command (wrapped by meson to capture output)
[1821/3155] Generating rte_common_cnxk.sym_chk with a custom command (wrapped by meson to capture output)
ninja: build stopped: subcommand failed.
[1] Error running command.
==== End log output ====
Ubuntu 20.04 ARM
Kernel: 5.4.0-53-generic
Compiler: gcc 9.3
Ubuntu 20.04 ARM cross-compilation
Kernel: 5.4.0-72-generic
Compiler: aarch64-linux-gnu-gcc (Ubuntu 9.3.0-17ubuntu1~20.04) 9.3.0
To view detailed results, visit:
https://lab.dpdk.org/results/dashboard/patchsets/19754/
UNH-IOL DPDK Community Lab
To manage your email subscriptions, visit:
https://lab.dpdk.org/results/dashboard/preferences/subscriptions/
^ permalink raw reply [flat|nested] 2+ messages in thread
* [dpdk-test-report] |FAILURE| pw103001 [PATCH] [v2] net/mlx5: allow meta modifications in legacy mode
@ 2021-10-27 3:50 dpdklab
0 siblings, 0 replies; 2+ messages in thread
From: dpdklab @ 2021-10-27 3:50 UTC (permalink / raw)
To: Test Report; +Cc: dpdklab, Alexander Kozyrev
[-- Attachment #1: Type: text/plain, Size: 4437 bytes --]
Test-Label: iol-x86_64-unit-testing
Test-Status: FAILURE
http://dpdk.org/patch/103001
_Testing issues_
Submitter: Alexander Kozyrev <akozyrev@nvidia.com>
Date: Tuesday, October 26 2021 21:21:20
DPDK git baseline: Repo:dpdk
Branch: master
CommitID:6c390cee976e33b1e9d8562d32c9d3ebe5d9ce94
103001 --> testing fail
Test environment and result as below:
+------------------+----------------+
| Environment | dpdk_unit_test |
+==================+================+
| Arch Linux | FAIL |
+------------------+----------------+
| Ubuntu 18.04 | PASS |
+------------------+----------------+
| CentOS 8 | FAIL |
+------------------+----------------+
| CentOS Stream 8 | FAIL |
+------------------+----------------+
| Fedora 32 | FAIL |
+------------------+----------------+
| openSUSE Leap 15 | FAIL |
+------------------+----------------+
| Fedora 31 | PASS |
+------------------+----------------+
| RHEL 7 | FAIL |
+------------------+----------------+
| RHEL8 | FAIL |
+------------------+----------------+
| Ubuntu 20.04 | FAIL |
+------------------+----------------+
| Fedora 34 | FAIL |
+------------------+----------------+
| Fedora 33 | FAIL |
+------------------+----------------+
| Fedora 34 clang | FAIL |
+------------------+----------------+
==== 20 line log output for Fedora 34 clang (dpdk_unit_test): ====
^
1 error generated.
[1761/2967] Generating rte_net_liquidio.sym_chk with a custom command (wrapped by meson to capture output)
[1762/2967] Linking static target drivers/librte_net_mlx4.a
[1763/2967] Compiling C object drivers/libtmp_rte_net_mlx5.a.p/net_mlx5_mlx5.c.o
[1764/2967] Generating rte_net_memif.sym_chk with a custom command (wrapped by meson to capture output)
[1765/2967] Compiling C object drivers/libtmp_rte_net_mlx5.a.p/net_mlx5_mlx5_rx.c.o
[1766/2967] Compiling C object drivers/libtmp_rte_net_mlx5.a.p/net_mlx5_mlx5_rxq.c.o
[1767/2967] Compiling C object drivers/libtmp_rte_net_mlx5.a.p/net_mlx5_mlx5_trigger.c.o
[1768/2967] Compiling C object drivers/libtmp_rte_net_mlx5.a.p/net_mlx5_mlx5_tx.c.o
[1769/2967] Compiling C object drivers/libtmp_rte_net_mlx5.a.p/net_mlx5_mlx5_vlan.c.o
[1770/2967] Compiling C object drivers/libtmp_rte_net_mlx5.a.p/net_mlx5_mlx5_txpp.c.o
[1771/2967] Generating rte_net_ixgbe.sym_chk with a custom command (wrapped by meson to capture output)
[1772/2967] Compiling C object drivers/libtmp_rte_net_mlx5.a.p/net_mlx5_mlx5_txq.c.o
[1773/2967] Compiling C object drivers/libtmp_rte_net_mlx5.a.p/net_mlx5_mlx5_flow.c.o
[1774/2967] Compiling C object drivers/libtmp_rte_net_mlx5.a.p/net_mlx5_mlx5_tx_mpw.c.o
[1775/2967] Compiling C object drivers/libtmp_rte_net_mlx5.a.p/net_mlx5_mlx5_tx_nompw.c.o
[1776/2967] Compiling C object drivers/libtmp_rte_net_mlx5.a.p/net_mlx5_mlx5_tx_empw.c.o
[1777/2967] Compiling C object drivers/libtmp_rte_net_mlx5.a.p/net_mlx5_mlx5_tx_txpp.c.o
ninja: build stopped: subcommand failed.
==== End log output ====
Arch Linux
Kernel: 5.4.0-73-generic
Compiler: gcc 11.1.0
Ubuntu 18.04
Kernel: 4.18.0-240.10.1.el8_3.x86_64
Compiler: gcc 7.5.0-3ubuntu1~18.04
CentOS 8
Kernel: 4.18.0-240.10.1.el8_3.x86_64
Compiler: gcc 8.3.1 20191121 (Red Hat 8.3.1-5)
CentOS Stream 8
Kernel: 4.18.0-240.10.1.el8_3.x86_64
Compiler: gcc 8.4.1 20200928
Fedora 32
Kernel: 4.18.0-240.10.1.el8_3.x86_64
Compiler: gcc 10.2.1
openSUSE Leap 15
Kernel: 4.18.0-240.10.1.el8_3.x86_64
Compiler: gcc 7.5.0
Fedora 31
Kernel: 4.18.0-240.10.1.el8_3.x86_64
Compiler: gcc 9.3.1
RHEL 7
Kernel: 4.18.0-240.10.1.el8_3.x86_64
Compiler: gcc 4.8.5 20150623 (Red Hat 4.8.5-44)
RHEL8
Kernel: 4.18.0-240.10.1.el8_3.x86_64
Compiler: gcc 8.3.1 20191121 (Red Hat 8.3.1-5)
Ubuntu 20.04
Kernel: 4.18.0-240.10.1.el8_3.x86_64
Compiler: gcc 9.3.0-17ubuntu1~20.04
Fedora 34
Kernel: 5.4.0-72-generic
Compiler: gcc 11.1.1 20210428 (Red Hat 11.1.1-1)
Fedora 33
Kernel: 5.4.0-72-generic
Compiler: gcc 10.3.1 20210422 (Red Hat 10.3.1-1)
Fedora 34 clang
Kernel: 5.4.0-72-generic
Compiler: clang 12.0.0 (Fedora 12.0.0-0.3.rc1.fc34)
To view detailed results, visit:
https://lab.dpdk.org/results/dashboard/patchsets/19754/
UNH-IOL DPDK Community Lab
To manage your email subscriptions, visit:
https://lab.dpdk.org/results/dashboard/preferences/subscriptions/
^ permalink raw reply [flat|nested] 2+ messages in thread
end of thread, other threads:[~2021-10-27 16:37 UTC | newest]
Thread overview: 2+ messages (download: mbox.gz / follow: Atom feed)
-- links below jump to the message on this page --
2021-10-27 16:37 [dpdk-test-report] |FAILURE| pw103001 [PATCH] [v2] net/mlx5: allow meta modifications in legacy mode dpdklab
-- strict thread matches above, loose matches on Subject: below --
2021-10-27 3:50 dpdklab
This is a public inbox, see mirroring instructions
for how to clone and mirror all data and code used for this inbox;
as well as URLs for NNTP newsgroup(s).