* [dpdk-test-report] |FAILURE| pw103184-103190 [PATCH] [v13, 7/7] net/iavf: update doc with inline crypto support
@ 2021-10-28 21:35 dpdklab
0 siblings, 0 replies; 2+ messages in thread
From: dpdklab @ 2021-10-28 21:35 UTC (permalink / raw)
To: Test Report; +Cc: dpdklab, Radu Nicolau
[-- Attachment #1: Type: text/plain, Size: 8243 bytes --]
Test-Label: iol-x86_64-compile-testing
Test-Status: FAILURE
http://dpdk.org/patch/103190
_Testing issues_
Submitter: Radu Nicolau <radu.nicolau@intel.com>
Date: Thursday, October 28 2021 16:05:00
DPDK git baseline: Repo:dpdk
Branch: master
CommitID:452c1916b0dbb414a28dff89c995253da1c23c0b
103184-103190 --> testing fail
Test environment and result as below:
+---------------------+----------------------+-------------------+--------------------+
| Environment | dpdk_mingw64_compile | dpdk_compile_spdk | dpdk_meson_compile |
+=====================+======================+===================+====================+
| Windows Server 2019 | FAIL | SKIPPED | FAIL |
+---------------------+----------------------+-------------------+--------------------+
| Ubuntu 18.04 | SKIPPED | PASS | PASS |
+---------------------+----------------------+-------------------+--------------------+
| Fedora 31 | SKIPPED | SKIPPED | PASS |
+---------------------+----------------------+-------------------+--------------------+
| Fedora 32 | SKIPPED | SKIPPED | FAIL |
+---------------------+----------------------+-------------------+--------------------+
| FreeBSD 13 | SKIPPED | SKIPPED | FAIL |
+---------------------+----------------------+-------------------+--------------------+
| RHEL 7 | SKIPPED | SKIPPED | FAIL |
+---------------------+----------------------+-------------------+--------------------+
| openSUSE Leap 15 | SKIPPED | SKIPPED | PASS |
+---------------------+----------------------+-------------------+--------------------+
| CentOS 8 | SKIPPED | SKIPPED | PASS |
+---------------------+----------------------+-------------------+--------------------+
| Ubuntu 20.04 | SKIPPED | SKIPPED | PASS |
+---------------------+----------------------+-------------------+--------------------+
| RHEL8 | SKIPPED | SKIPPED | PASS |
+---------------------+----------------------+-------------------+--------------------+
| CentOS Stream 8 | SKIPPED | SKIPPED | PASS |
+---------------------+----------------------+-------------------+--------------------+
| Arch Linux | SKIPPED | SKIPPED | FAIL |
+---------------------+----------------------+-------------------+--------------------+
| Alpine | SKIPPED | SKIPPED | FAIL |
+---------------------+----------------------+-------------------+--------------------+
| Fedora 34 | SKIPPED | SKIPPED | FAIL |
+---------------------+----------------------+-------------------+--------------------+
| Fedora 33 | SKIPPED | SKIPPED | FAIL |
+---------------------+----------------------+-------------------+--------------------+
| Fedora 34 clang | SKIPPED | SKIPPED | FAIL |
+---------------------+----------------------+-------------------+--------------------+
==== 20 line log output for Fedora 34 clang (dpdk_meson_compile): ====
[1550/2967] Generating rte_common_cnxk.sym_chk with a custom command (wrapped by meson to capture output)
[1551/2967] Compiling C object drivers/libtmp_rte_net_iavf.a.p/net_iavf_iavf_rxtx.c.o
FAILED: drivers/libtmp_rte_net_iavf.a.p/net_iavf_iavf_rxtx.c.o
clang -Idrivers/libtmp_rte_net_iavf.a.p -Idrivers -I../drivers -Idrivers/net/iavf -I../drivers/net/iavf -Idrivers/common/iavf -I../drivers/common/iavf -Ilib/ethdev -I../lib/ethdev -I. -I.. -Iconfig -I../config -Ilib/eal/include -I../lib/eal/include -Ilib/eal/linux/include -I../lib/eal/linux/include -Ilib/eal/x86/include -I../lib/eal/x86/include -Ilib/eal/common -I../lib/eal/common -Ilib/eal -I../lib/eal -Ilib/kvargs -I../lib/kvargs -Ilib/metrics -I../lib/metrics -Ilib/telemetry -I../lib/telemetry -Ilib/net -I../lib/net -Ilib/mbuf -I../lib/mbuf -Ilib/mempool -I../lib/mempool -Ilib/ring -I../lib/ring -Ilib/meter -I../lib/meter -Idrivers/bus/pci -I../drivers/bus/pci -I../drivers/bus/pci/linux -Ilib/pci -I../lib/pci -Idrivers/bus/vdev -I../drivers/bus/vdev -Ilib/security -I../lib/security -Ilib/cryptodev -I../lib/cryptodev -Ilib/rcu -I../lib/rcu -fcolor-diagnostics -D_FILE_OFFSET_BITS=64 -Wall -Winvalid-pch -Werror -O3 -include rte_config.h -Wextra -Wcast-qual -Wdeprecated -Wformat -Wformat-nonliteral -Wformat-security -Wmissing-declarations -Wmissing-prototypes -Wnested-externs -Wold-style-definition -Wpointer-arith -Wsign-compare -Wstrict-prototypes -Wundef -Wwrite-strings -Wno-address-of-packed-member -Wno-missing-field-initializers -D_GNU_SOURCE -fPIC -march=native -DALLOW_EXPERIMENTAL_API -DALLOW_INTERNAL_API -Wno-strict-aliasing -DCC_AVX2_SUPPORT -DCC_AVX512_SUPPORT -DRTE_LOG_DEFAULT_LOGTYPE=pmd.net.iavf -MD -MQ drivers/libtmp_rte_net_iavf.a.p/net_iavf_iavf_rxtx.c.o -MF drivers/libtmp_rte_net_iavf.a.p/net_iavf_iavf_rxtx.c.o.d -o drivers/libtmp_rte_net_iavf.a.p/net_iavf_iavf_rxtx.c.o -c ../drivers/net/iavf/iavf_rxtx.c
../drivers/net/iavf/iavf_rxtx.c:2400:1: error: unused function 'iavf_fill_data_desc_buffer_sz_field' [-Werror,-Wunused-function]
iavf_fill_data_desc_buffer_sz_field(volatile uint64_t *field, uint16_t value)
^
1 error generated.
[1552/2967] Compiling C object drivers/libtmp_rte_net_iavf.a.p/net_iavf_iavf_hash.c.o
[1553/2967] Generating rte_net_hns3.sym_chk with a custom command (wrapped by meson to capture output)
[1554/2967] Compiling C object drivers/libtmp_rte_net_i40e.a.p/net_i40e_i40e_rxtx.c.o
[1555/2967] Compiling C object drivers/net/ice/base/libice_base.a.p/ice_nvm.c.o
[1556/2967] Compiling C object drivers/libtmp_rte_net_iavf.a.p/net_iavf_iavf_ethdev.c.o
[1557/2967] Compiling C object drivers/libtmp_rte_net_iavf.a.p/net_iavf_iavf_rxtx_vec_sse.c.o
[1558/2967] Compiling C object drivers/libtmp_rte_net_iavf.a.p/net_iavf_iavf_rxtx_vec_avx2.c.o
[1559/2967] Compiling C object drivers/libtmp_rte_net_i40e.a.p/net_i40e_i40e_ethdev.c.o
[1560/2967] Compiling C object drivers/net/ice/base/libice_base.a.p/ice_sched.c.o
[1561/2967] Compiling C object drivers/net/iavf/libiavf_avx512_lib.a.p/iavf_rxtx_vec_avx512.c.o
[1562/2967] Compiling C object drivers/net/ice/base/libice_base.a.p/ice_switch.c.o
ninja: build stopped: subcommand failed.
==== End log output ====
Windows Server 2019
Kernel: 10.0
Compiler: clang 9.0 and gcc 8.1.0 (MinGW)
Ubuntu 18.04
Kernel: 4.18.0-240.10.1.el8_3.x86_64
Compiler: gcc 7.5.0-3ubuntu1~18.04
Fedora 31
Kernel: 4.18.0-240.10.1.el8_3.x86_64
Compiler: gcc 9.3.1
Fedora 32
Kernel: 4.18.0-240.10.1.el8_3.x86_64
Compiler: gcc 10.2.1
FreeBSD 13
Kernel: 13.0
Compiler: clang 11.0.1
RHEL 7
Kernel: 4.18.0-240.10.1.el8_3.x86_64
Compiler: gcc 4.8.5 20150623 (Red Hat 4.8.5-44)
openSUSE Leap 15
Kernel: 4.18.0-240.10.1.el8_3.x86_64
Compiler: gcc 7.5.0
CentOS 8
Kernel: 4.18.0-240.10.1.el8_3.x86_64
Compiler: gcc 8.3.1 20191121 (Red Hat 8.3.1-5)
Ubuntu 20.04
Kernel: 4.18.0-240.10.1.el8_3.x86_64
Compiler: gcc 9.3.0-17ubuntu1~20.04
RHEL8
Kernel: 4.18.0-240.10.1.el8_3.x86_64
Compiler: gcc 8.3.1 20191121 (Red Hat 8.3.1-5)
CentOS Stream 8
Kernel: 4.18.0-240.10.1.el8_3.x86_64
Compiler: gcc 8.4.1 20200928
Arch Linux
Kernel: 5.4.0-73-generic
Compiler: gcc 11.1.0
Alpine
Kernel: 5.4.0-73-generic
Compiler: gcc (Alpine 10.3.1_git20210424) 10.3.1 20210424
Fedora 34
Kernel: 5.4.0-72-generic
Compiler: gcc 11.1.1 20210428 (Red Hat 11.1.1-1)
Fedora 33
Kernel: 5.4.0-72-generic
Compiler: gcc 10.3.1 20210422 (Red Hat 10.3.1-1)
Fedora 34 clang
Kernel: 5.4.0-72-generic
Compiler: clang 12.0.0 (Fedora 12.0.0-0.3.rc1.fc34)
To view detailed results, visit:
https://lab.dpdk.org/results/dashboard/patchsets/19826/
UNH-IOL DPDK Community Lab
To manage your email subscriptions, visit:
https://lab.dpdk.org/results/dashboard/preferences/subscriptions/
^ permalink raw reply [flat|nested] 2+ messages in thread
* [dpdk-test-report] |FAILURE| pw103184-103190 [PATCH] [v13, 7/7] net/iavf: update doc with inline crypto support
@ 2021-10-28 21:20 dpdklab
0 siblings, 0 replies; 2+ messages in thread
From: dpdklab @ 2021-10-28 21:20 UTC (permalink / raw)
To: Test Report; +Cc: dpdklab, Radu Nicolau
[-- Attachment #1: Type: text/plain, Size: 6160 bytes --]
Test-Label: iol-x86_64-unit-testing
Test-Status: FAILURE
http://dpdk.org/patch/103190
_Testing issues_
Submitter: Radu Nicolau <radu.nicolau@intel.com>
Date: Thursday, October 28 2021 16:05:00
DPDK git baseline: Repo:dpdk
Branch: master
CommitID:452c1916b0dbb414a28dff89c995253da1c23c0b
103184-103190 --> testing fail
Test environment and result as below:
+------------------+----------------+
| Environment | dpdk_unit_test |
+==================+================+
| Arch Linux | FAIL |
+------------------+----------------+
| Ubuntu 18.04 | PASS |
+------------------+----------------+
| CentOS 8 | PASS |
+------------------+----------------+
| CentOS Stream 8 | PASS |
+------------------+----------------+
| Fedora 32 | FAIL |
+------------------+----------------+
| Fedora 31 | PASS |
+------------------+----------------+
| RHEL 7 | FAIL |
+------------------+----------------+
| openSUSE Leap 15 | PASS |
+------------------+----------------+
| Fedora 34 | FAIL |
+------------------+----------------+
| Ubuntu 20.04 | PASS |
+------------------+----------------+
| RHEL8 | FAIL |
+------------------+----------------+
| Fedora 33 | FAIL |
+------------------+----------------+
| Fedora 34 clang | FAIL |
+------------------+----------------+
==== 20 line log output for Fedora 34 clang (dpdk_unit_test): ====
[1548/2968] Compiling C object drivers/libtmp_rte_net_iavf.a.p/net_iavf_iavf_tm.c.o
[1549/2968] Compiling C object drivers/libtmp_rte_net_i40e.a.p/net_i40e_i40e_fdir.c.o
[1550/2968] Generating rte_net_hns3.sym_chk with a custom command (wrapped by meson to capture output)
[1551/2968] Compiling C object drivers/libtmp_rte_net_iavf.a.p/net_iavf_iavf_ipsec_crypto.c.o
FAILED: drivers/libtmp_rte_net_iavf.a.p/net_iavf_iavf_ipsec_crypto.c.o
clang -Idrivers/libtmp_rte_net_iavf.a.p -Idrivers -I../drivers -Idrivers/net/iavf -I../drivers/net/iavf -Idrivers/common/iavf -I../drivers/common/iavf -Ilib/ethdev -I../lib/ethdev -I. -I.. -Iconfig -I../config -Ilib/eal/include -I../lib/eal/include -Ilib/eal/linux/include -I../lib/eal/linux/include -Ilib/eal/x86/include -I../lib/eal/x86/include -Ilib/eal/common -I../lib/eal/common -Ilib/eal -I../lib/eal -Ilib/kvargs -I../lib/kvargs -Ilib/metrics -I../lib/metrics -Ilib/telemetry -I../lib/telemetry -Ilib/net -I../lib/net -Ilib/mbuf -I../lib/mbuf -Ilib/mempool -I../lib/mempool -Ilib/ring -I../lib/ring -Ilib/meter -I../lib/meter -Idrivers/bus/pci -I../drivers/bus/pci -I../drivers/bus/pci/linux -Ilib/pci -I../lib/pci -Idrivers/bus/vdev -I../drivers/bus/vdev -Ilib/security -I../lib/security -Ilib/cryptodev -I../lib/cryptodev -Ilib/rcu -I../lib/rcu -fcolor-diagnostics -D_FILE_OFFSET_BITS=64 -Wall -Winvalid-pch -Werror -O3 -include rte_config.h -Wextra -Wcast-qual -Wdeprecated -Wformat -Wformat-nonliteral -Wformat-security -Wmissing-declarations -Wmissing-prototypes -Wnested-externs -Wold-style-definition -Wpointer-arith -Wsign-compare -Wstrict-prototypes -Wundef -Wwrite-strings -Wno-address-of-packed-member -Wno-missing-field-initializers -D_GNU_SOURCE -fPIC -march=native -DALLOW_EXPERIMENTAL_API -DALLOW_INTERNAL_API -Wno-strict-aliasing -DCC_AVX2_SUPPORT -DCC_AVX512_SUPPORT -DRTE_LOG_DEFAULT_LOGTYPE=pmd.net.iavf -MD -MQ drivers/libtmp_rte_net_iavf.a.p/net_iavf_iavf_ipsec_crypto.c.o -MF drivers/libtmp_rte_net_iavf.a.p/net_iavf_iavf_ipsec_crypto.c.o.d -o drivers/libtmp_rte_net_iavf.a.p/net_iavf_iavf_ipsec_crypto.c.o -c ../drivers/net/iavf/iavf_ipsec_crypto.c
../drivers/net/iavf/iavf_ipsec_crypto.c:616:5: error: implicit conversion from enumeration type 'enum rte_crypto_sym_xform_type' to different enumeration type 'enum rte_crypto_auth_algorithm' [-Werror,-Wenum-conversion]
RTE_CRYPTO_SYM_XFORM_AUTH);
^~~~~~~~~~~~~~~~~~~~~~~~~
1 error generated.
[1552/2968] Compiling C object drivers/libtmp_rte_net_iavf.a.p/net_iavf_iavf_fdir.c.o
[1553/2968] Compiling C object drivers/libtmp_rte_net_i40e.a.p/net_i40e_i40e_rxtx.c.o
[1554/2968] Compiling C object drivers/libtmp_rte_net_iavf.a.p/net_iavf_iavf_hash.c.o
[1555/2968] Compiling C object drivers/libtmp_rte_net_iavf.a.p/net_iavf_iavf_ethdev.c.o
[1556/2968] Compiling C object drivers/libtmp_rte_net_iavf.a.p/net_iavf_iavf_rxtx_vec_sse.c.o
[1557/2968] Compiling C object drivers/libtmp_rte_net_iavf.a.p/net_iavf_iavf_rxtx_vec_avx2.c.o
[1558/2968] Generating rte_common_cnxk.sym_chk with a custom command (wrapped by meson to capture output)
[1559/2968] Compiling C object drivers/libtmp_rte_net_i40e.a.p/net_i40e_i40e_ethdev.c.o
[1560/2968] Compiling C object drivers/net/iavf/libiavf_avx512_lib.a.p/iavf_rxtx_vec_avx512.c.o
ninja: build stopped: subcommand failed.
==== End log output ====
Arch Linux
Kernel: 5.4.0-73-generic
Compiler: gcc 11.1.0
Ubuntu 18.04
Kernel: 4.18.0-240.10.1.el8_3.x86_64
Compiler: gcc 7.5.0-3ubuntu1~18.04
CentOS 8
Kernel: 4.18.0-240.10.1.el8_3.x86_64
Compiler: gcc 8.3.1 20191121 (Red Hat 8.3.1-5)
CentOS Stream 8
Kernel: 4.18.0-240.10.1.el8_3.x86_64
Compiler: gcc 8.4.1 20200928
Fedora 32
Kernel: 4.18.0-240.10.1.el8_3.x86_64
Compiler: gcc 10.2.1
Fedora 31
Kernel: 4.18.0-240.10.1.el8_3.x86_64
Compiler: gcc 9.3.1
RHEL 7
Kernel: 4.18.0-240.10.1.el8_3.x86_64
Compiler: gcc 4.8.5 20150623 (Red Hat 4.8.5-44)
openSUSE Leap 15
Kernel: 4.18.0-240.10.1.el8_3.x86_64
Compiler: gcc 7.5.0
Fedora 34
Kernel: 5.4.0-72-generic
Compiler: gcc 11.1.1 20210428 (Red Hat 11.1.1-1)
Ubuntu 20.04
Kernel: 4.18.0-240.10.1.el8_3.x86_64
Compiler: gcc 9.3.0-17ubuntu1~20.04
RHEL8
Kernel: 4.18.0-240.10.1.el8_3.x86_64
Compiler: gcc 8.3.1 20191121 (Red Hat 8.3.1-5)
Fedora 33
Kernel: 5.4.0-72-generic
Compiler: gcc 10.3.1 20210422 (Red Hat 10.3.1-1)
Fedora 34 clang
Kernel: 5.4.0-72-generic
Compiler: clang 12.0.0 (Fedora 12.0.0-0.3.rc1.fc34)
To view detailed results, visit:
https://lab.dpdk.org/results/dashboard/patchsets/19826/
UNH-IOL DPDK Community Lab
To manage your email subscriptions, visit:
https://lab.dpdk.org/results/dashboard/preferences/subscriptions/
^ permalink raw reply [flat|nested] 2+ messages in thread
end of thread, other threads:[~2021-10-28 21:35 UTC | newest]
Thread overview: 2+ messages (download: mbox.gz / follow: Atom feed)
-- links below jump to the message on this page --
2021-10-28 21:35 [dpdk-test-report] |FAILURE| pw103184-103190 [PATCH] [v13, 7/7] net/iavf: update doc with inline crypto support dpdklab
-- strict thread matches above, loose matches on Subject: below --
2021-10-28 21:20 dpdklab
This is a public inbox, see mirroring instructions
for how to clone and mirror all data and code used for this inbox;
as well as URLs for NNTP newsgroup(s).