* [dpdk-test-report] |FAILURE| pw103905-103909 [PATCH] [5/5] net/mlx5: workaround counter memory region creation
@ 2021-11-07 16:37 dpdklab
0 siblings, 0 replies; only message in thread
From: dpdklab @ 2021-11-07 16:37 UTC (permalink / raw)
To: Test Report; +Cc: dpdk-test-reports, Matan Azrad
[-- Attachment #1: Type: text/plain, Size: 6022 bytes --]
Test-Label: iol-x86_64-compile-testing
Test-Status: FAILURE
http://dpdk.org/patch/103909
_Testing issues_
Submitter: Matan Azrad <matan@nvidia.com>
Date: Sunday, November 07 2021 15:29:19
DPDK git baseline: Repo:dpdk
Branch: master
CommitID:07ed904bf14ea47ea428c5452c5bcc86c6cc6479
103905-103909 --> testing fail
Test environment and result as below:
+---------------------+--------------------+----------------------+
| Environment | dpdk_meson_compile | dpdk_mingw64_compile |
+=====================+====================+======================+
| Windows Server 2019 | FAIL | PASS |
+---------------------+--------------------+----------------------+
| FreeBSD 13 | PASS | SKIPPED |
+---------------------+--------------------+----------------------+
| Ubuntu 18.04 | PASS | SKIPPED |
+---------------------+--------------------+----------------------+
| CentOS 8 | PASS | SKIPPED |
+---------------------+--------------------+----------------------+
| CentOS Stream 8 | PASS | SKIPPED |
+---------------------+--------------------+----------------------+
| openSUSE Leap 15 | PASS | SKIPPED |
+---------------------+--------------------+----------------------+
| Fedora 32 | PASS | SKIPPED |
+---------------------+--------------------+----------------------+
| Fedora 31 | PASS | SKIPPED |
+---------------------+--------------------+----------------------+
| Ubuntu 20.04 | PASS | SKIPPED |
+---------------------+--------------------+----------------------+
| RHEL 7 | PASS | SKIPPED |
+---------------------+--------------------+----------------------+
| Arch Linux | PASS | SKIPPED |
+---------------------+--------------------+----------------------+
| RHEL8 | PASS | SKIPPED |
+---------------------+--------------------+----------------------+
| Fedora 33 | PASS | SKIPPED |
+---------------------+--------------------+----------------------+
| Fedora 34 | PASS | SKIPPED |
+---------------------+--------------------+----------------------+
| Alpine | PASS | SKIPPED |
+---------------------+--------------------+----------------------+
| Fedora 34 clang | PASS | SKIPPED |
+---------------------+--------------------+----------------------+
==== 20 line log output for Windows Server 2019 (dpdk_meson_compile): ====
[603/609] Compiling C object drivers/rte_net_mlx5-22.dll.p/meson-generated_.._rte_net_mlx5.pmd.c.obj
[604/609] Compiling C object drivers/librte_net_mlx5.a.p/meson-generated_.._rte_net_mlx5.pmd.c.obj
[605/609] Linking static target drivers/librte_net_mlx5.a
[606/609] Linking target drivers/rte_net_mlx5-22.dll
FAILED: drivers/rte_net_mlx5-22.dll
"clang" @drivers/rte_net_mlx5-22.dll.rsp
Creating library drivers\rte_net_mlx5.lib and object drivers\rte_net_mlx5.exp
net_mlx5_mlx5.c.obj : error LNK2019: unresolved external symbol mlx5_os_wrapped_mkey_destroy referenced in function mlx5_free_shared_dev_ctx
net_mlx5_mlx5_flow.c.obj : error LNK2019: unresolved external symbol mlx5_os_wrapped_mkey_create referenced in function mlx5_flow_query_alarm
drivers\rte_net_mlx5-22.dll : fatal error LNK1120: 2 unresolved externals
clang: error: linker command failed with exit code 1120 (use -v to see invocation)
[607/609] Linking target examples/dpdk-helloworld.exe
FAILED: examples/dpdk-helloworld.exe
"clang" @examples/dpdk-helloworld.exe.rsp
librte_net_mlx5.a(net_mlx5_mlx5.c.obj) : error LNK2019: unresolved external symbol mlx5_os_wrapped_mkey_destroy referenced in function mlx5_free_shared_dev_ctx
librte_net_mlx5.a(net_mlx5_mlx5_flow.c.obj) : error LNK2019: unresolved external symbol mlx5_os_wrapped_mkey_create referenced in function mlx5_flow_query_alarm
examples\dpdk-helloworld.exe : fatal error LNK1120: 2 unresolved externals
clang: error: linker command failed with exit code 1120 (use -v to see invocation)
[608/609] Compiling C object app/dpdk-testpmd.exe.p/test-pmd_noisy_vnf.c.obj
ninja: build stopped: subcommand failed.
==== End log output ====
Windows Server 2019
Kernel: 10.0
Compiler: clang 9.0 and gcc 8.1.0 (MinGW)
FreeBSD 13
Kernel: 13.0
Compiler: clang 11.0.1
Ubuntu 18.04
Kernel: 4.18.0-240.10.1.el8_3.x86_64
Compiler: gcc 7.5.0-3ubuntu1~18.04
CentOS 8
Kernel: 4.18.0-240.10.1.el8_3.x86_64
Compiler: gcc 8.3.1 20191121 (Red Hat 8.3.1-5)
CentOS Stream 8
Kernel: 4.18.0-240.10.1.el8_3.x86_64
Compiler: gcc 8.4.1 20200928
openSUSE Leap 15
Kernel: 4.18.0-240.10.1.el8_3.x86_64
Compiler: gcc 7.5.0
Fedora 32
Kernel: 4.18.0-240.10.1.el8_3.x86_64
Compiler: gcc 10.2.1
Fedora 31
Kernel: 4.18.0-240.10.1.el8_3.x86_64
Compiler: gcc 9.3.1
Ubuntu 20.04
Kernel: 4.18.0-240.10.1.el8_3.x86_64
Compiler: gcc 9.3.0-17ubuntu1~20.04
RHEL 7
Kernel: 4.18.0-240.10.1.el8_3.x86_64
Compiler: gcc 4.8.5 20150623 (Red Hat 4.8.5-44)
Arch Linux
Kernel: 5.4.0-73-generic
Compiler: gcc 11.1.0
RHEL8
Kernel: 4.18.0-240.10.1.el8_3.x86_64
Compiler: gcc 8.3.1 20191121 (Red Hat 8.3.1-5)
Fedora 33
Kernel: 5.4.0-72-generic
Compiler: gcc 10.3.1 20210422 (Red Hat 10.3.1-1)
Fedora 34
Kernel: 5.4.0-72-generic
Compiler: gcc 11.1.1 20210428 (Red Hat 11.1.1-1)
Alpine
Kernel: 5.4.0-73-generic
Compiler: gcc (Alpine 10.3.1_git20210424) 10.3.1 20210424
Fedora 34 clang
Kernel: 5.4.0-72-generic
Compiler: clang 12.0.0 (Fedora 12.0.0-0.3.rc1.fc34)
To view detailed results, visit:
https://lab.dpdk.org/results/dashboard/patchsets/20047/
UNH-IOL DPDK Community Lab
To manage your email subscriptions, visit:
https://lab.dpdk.org/results/dashboard/preferences/subscriptions/
^ permalink raw reply [flat|nested] only message in thread
only message in thread, other threads:[~2021-11-07 16:37 UTC | newest]
Thread overview: (only message) (download: mbox.gz / follow: Atom feed)
-- links below jump to the message on this page --
2021-11-07 16:37 [dpdk-test-report] |FAILURE| pw103905-103909 [PATCH] [5/5] net/mlx5: workaround counter memory region creation dpdklab
This is a public inbox, see mirroring instructions
for how to clone and mirror all data and code used for this inbox;
as well as URLs for NNTP newsgroup(s).