* |WARNING| pw104254 [PATCH] [v2] devtools: spell check
@ 2021-11-12 18:31 dpdklab
0 siblings, 0 replies; 2+ messages in thread
From: dpdklab @ 2021-11-12 18:31 UTC (permalink / raw)
To: Test Report; +Cc: dpdklab, Henry Nadeau
[-- Attachment #1: Type: text/plain, Size: 1920 bytes --]
Test-Label: iol-spell-check-testing
Test-Status: WARNING
http://dpdk.org/patch/104254
_Testing issues_
Submitter: Henry Nadeau <hnadeau@iol.unh.edu>
Date: Friday, November 12 2021 18:14:45
DPDK git baseline: Repo:dpdk
Branch: master
CommitID:19d024003dfce0018c9e52635b78efdc6e1c172a
104254 --> testing fail
Test environment and result as below:
+--------------+-------------+
| Environment | spell_check |
+==============+=============+
| Ubuntu 20.04 | FAIL |
+--------------+-------------+
==== 20 line log output for Ubuntu 20.04 (spell_check): ====
dpdk/doc/guides/sample_app_ug/ipsec_secgw.rst:93 vector-size
dpdk/doc/guides/sample_app_ug/ipsec_secgw.rst:94 vector-size
dpdk/doc/guides/sample_app_ug/ipsec_secgw.rst:94 vector-tmo
dpdk/doc/guides/sample_app_ug/ipsec_secgw.rst:94 vector-tmo
dpdk/doc/guides/sample_app_ug/ipsec_secgw.rst:311 vector-size
dpdk/doc/guides/sample_app_ug/ipsec_secgw.rst:312 vector-tmo
dpdk/doc/guides/sample_app_ug/ipsec_secgw.rst:333 vector-size
dpdk/doc/guides/sample_app_ug/ipsec_secgw.rst:335 vector-tmo
dpdk/doc/guides/nics/mlx5.rst:619 WQEs
dpdk/doc/guides/nics/mlx5.rst:624 re-activeate
dpdk/doc/guides/nics/mlx5.rst:631 set-priv-flags
dpdk/doc/guides/nics/mlx5.rst:632 show-priv-flags
dpdk/doc/guides/vdpadevs/sfc.rst:22 libefx
dpdk/doc/guides/rel_notes/release_21_11.rst:174 AFM
dpdk/doc/guides/rel_notes/release_21_11.rst:255 RxTx
dpdk/doc/guides/dmadevs/dpaa.rst:43 dpaa-based
dpdk/doc/guides/index.rst:25 gpus
dpdk/doc/guides/eventdevs/dsw.rst:48 MAINT
dpdk/doc/guides/eventdevs/dsw.rst:70 MAINT
Errors found: 98
==== End log output ====
Ubuntu 20.04
Kernel: 4.18.0-240.10.1.el8_3.x86_64
Compiler: gcc 9.3.0-17ubuntu1~20.04
To view detailed results, visit:
https://lab.dpdk.org/results/dashboard/patchsets/20189/
UNH-IOL DPDK Community Lab
To manage your email subscriptions, visit:
https://lab.dpdk.org/results/dashboard/preferences/subscriptions/
^ permalink raw reply [flat|nested] 2+ messages in thread
* |WARNING| pw104254 [PATCH v2] devtools: spell check
[not found] <20211112181444.168035-1-hnadeau@iol.unh.edu>
@ 2021-11-12 18:16 ` checkpatch
0 siblings, 0 replies; 2+ messages in thread
From: checkpatch @ 2021-11-12 18:16 UTC (permalink / raw)
To: test-report; +Cc: Henry Nadeau
Test-Label: checkpatch
Test-Status: WARNING
http://dpdk.org/patch/104254
_coding style issues_
Must be a reply to the first patch (--in-reply-to).
WARNING:COMMIT_LOG_LONG_LINE: Possible unwrapped commit description (prefer a maximum 75 chars per line)
#74:
using git. There is also an optional flag to have the script check the entire
WARNING:TYPO_SPELLING: 'dont' may be misspelled - perhaps 'don't'?
#1214: FILE: devtools/spell_check_dictionary.txt:908:
+dont
total: 0 errors, 2 warnings, 2358 lines checked
^ permalink raw reply [flat|nested] 2+ messages in thread
end of thread, other threads:[~2021-11-12 18:31 UTC | newest]
Thread overview: 2+ messages (download: mbox.gz / follow: Atom feed)
-- links below jump to the message on this page --
2021-11-12 18:31 |WARNING| pw104254 [PATCH] [v2] devtools: spell check dpdklab
[not found] <20211112181444.168035-1-hnadeau@iol.unh.edu>
2021-11-12 18:16 ` |WARNING| pw104254 [PATCH v2] " checkpatch
This is a public inbox, see mirroring instructions
for how to clone and mirror all data and code used for this inbox;
as well as URLs for NNTP newsgroup(s).