* |WARNING| pw104794-104803 [PATCH] [v9, 9/9] app/test: enable subset of unit tests on Windows
@ 2021-12-01 18:59 dpdklab
0 siblings, 0 replies; only message in thread
From: dpdklab @ 2021-12-01 18:59 UTC (permalink / raw)
To: Test Report; +Cc: dpdk-test-reports, Jie Zhou
[-- Attachment #1: Type: text/plain, Size: 2549 bytes --]
Test-Label: iol-aarch64-unit-testing
Test-Status: WARNING
http://dpdk.org/patch/104803
_Testing issues_
Submitter: Jie Zhou <jizh@linux.microsoft.com>
Date: Wednesday, December 01 2021 18:05:38
DPDK git baseline: Repo:dpdk
Branch: master
CommitID:45f04d88ae8fa6217812abdaa623d66b05fc7b6a
104794-104803 --> testing fail
Test environment and result as below:
+-----------------------------+--------------+----------------+
| Environment | lpm_autotest | dpdk_unit_test |
+=============================+==============+================+
| Ubuntu 20.04 ARM SVE | FAIL | SKIPPED |
+-----------------------------+--------------+----------------+
| Ubuntu 20.04 ARM GCC Native | SKIPPED | PASS |
+-----------------------------+--------------+----------------+
==== 20 line log output for Ubuntu 20.04 ARM SVE (lpm_autotest): ====
lib/meson.build:87: WARNING: Cannot disable mandatory library "stack"
lib/meson.build:87: WARNING: Cannot disable mandatory library "compressdev"
lib/meson.build:87: WARNING: Cannot disable mandatory library "telemetry"
lib/meson.build:87: WARNING: Cannot disable mandatory library "lpm"
lib/meson.build:87: WARNING: Cannot disable mandatory library "security"
lib/meson.build:87: WARNING: Cannot disable mandatory library "mbuf"
Compiler for C supports arguments -Wno-format-truncation -Wformat-truncation: YES
Checking for function "getentropy" : YES
Fetching value of define "__ARM_FEATURE_CRYPTO" : 1
Dependency libelf found: YES 0.176
Compiler for C supports arguments -Wno-format-truncation -Wformat-truncation: YES
Message: Missing dependency "pdump" for app "dumpcap"
Message: Missing dependency "pdump" for app "pdump"
Message: Missing dependency "gpudev" for app "test-gpudev"
Compiler for C supports arguments -Wno-format-truncation -Wformat-truncation: YES
Dependency zlib found: YES 1.2.11
app/test/meson.build:485:4: ERROR: Tried to get unknown variable "shared_rte_bitratestats".
A full log can be found at /home-local/jenkins-local/jenkins-agent/workspace/Generic-Unit-Test-DPDK/dpdk/build/meson-logs/meson-log.txt
==== End log output ====
Ubuntu 20.04 ARM SVE
Kernel: 5.4.0-80-generic
Compiler: gcc 10.3.0 (Ubuntu 10.3.0-1ubuntu1~20.04)
Ubuntu 20.04 ARM GCC Native
Kernel: 5.4.0-53-generic
Compiler: gcc 9.3
To view detailed results, visit:
https://lab.dpdk.org/results/dashboard/patchsets/20417/
UNH-IOL DPDK Community Lab
To manage your email subscriptions, visit:
https://lab.dpdk.org/results/dashboard/preferences/subscriptions/
^ permalink raw reply [flat|nested] only message in thread
only message in thread, other threads:[~2021-12-01 18:59 UTC | newest]
Thread overview: (only message) (download: mbox.gz / follow: Atom feed)
-- links below jump to the message on this page --
2021-12-01 18:59 |WARNING| pw104794-104803 [PATCH] [v9, 9/9] app/test: enable subset of unit tests on Windows dpdklab
This is a public inbox, see mirroring instructions
for how to clone and mirror all data and code used for this inbox;
as well as URLs for NNTP newsgroup(s).