* |FAILURE| pw104877-104889 [PATCH] [13/13] test/crypto: add copy and set DF cases
@ 2021-12-06 9:01 dpdklab
0 siblings, 0 replies; 4+ messages in thread
From: dpdklab @ 2021-12-06 9:01 UTC (permalink / raw)
To: Test Report; +Cc: dpdklab, Anoob Joseph
[-- Attachment #1: Type: text/plain, Size: 5797 bytes --]
Test-Label: iol-aarch64-unit-testing
Test-Status: FAILURE
http://dpdk.org/patch/104889
_Testing issues_
Submitter: Anoob Joseph <anoobj@marvell.com>
Date: Monday, December 06 2021 07:58:48
DPDK git baseline: Repo:dpdk
Branch: master
CommitID:042f5a355a57b31a9f87824173a9d427b21abdb8
104877-104889 --> testing fail
Test environment and result as below:
+-------------------------------+--------------+----------------+
| Environment | lpm_autotest | dpdk_unit_test |
+===============================+==============+================+
| Ubuntu 20.04 ARM SVE | PASS | SKIPPED |
+-------------------------------+--------------+----------------+
| Ubuntu 20.04 ARM GCC Native | SKIPPED | PASS |
+-------------------------------+--------------+----------------+
| Ubuntu 20.04 ARM Clang Native | SKIPPED | FAIL |
+-------------------------------+--------------+----------------+
==== 20 line log output for Ubuntu 20.04 ARM Clang Native (dpdk_unit_test): ====
[2815/2850] Compiling C object 'app/test/3062f5d@@dpdk-test@exe/test_latencystats.c.o'.
[2816/2850] Compiling C object 'app/test/3062f5d@@dpdk-test@exe/test_pmd_ring.c.o'.
[2817/2850] Compiling C object 'app/test/3062f5d@@dpdk-test@exe/test_pdump.c.o'.
[2818/2850] Compiling C object 'app/test/3062f5d@@dpdk-test@exe/test_pcapng.c.o'.
[2819/2850] Compiling C object 'app/test/3062f5d@@dpdk-test@exe/test_compressdev.c.o'.
[2820/2850] Compiling C object 'app/test/3062f5d@@dpdk-test@exe/test_vdev.c.o'.
[2821/2850] Compiling C object 'app/test/3062f5d@@dpdk-test@exe/test_cryptodev_security_ipsec.c.o'.
FAILED: app/test/3062f5d@@dpdk-test@exe/test_cryptodev_security_ipsec.c.o
clang -Iapp/test/3062f5d@@dpdk-test@exe -Iapp/test -I../app/test -Ilib/acl -I../lib/acl -I. -I../ -Iconfig -I../config -Ilib/eal/include -I../lib/eal/include -Ilib/eal/linux/include -I../lib/eal/linux/include -Ilib/eal/arm/include -I../lib/eal/arm/include -Ilib/eal/common -I../lib/eal/common -Ilib/eal -I../lib/eal -Ilib/kvargs -I../lib/kvargs -Ilib/telemetry/../metrics -I../lib/telemetry/../metrics -Ilib/telemetry -I../lib/telemetry -Idrivers/bus/pci -I../drivers/bus/pci -I../drivers/bus/pci/linux -Ilib/pci -I../lib/pci -Idrivers/bus/vdev -I../drivers/bus/vdev -Ilib/bpf -I../lib/bpf -Ilib/mbuf -I../lib/mbuf -Ilib/mempool -I../lib/mempool -Ilib/ring -I../lib/ring -Ilib/net -I../lib/net -Ilib/ethdev -I../lib/ethdev -Ilib/meter -I../lib/meter -Ilib/cfgfile -I../lib/cfgfile -Ilib/cmdline -I../lib/cmdline -Ilib/cryptodev -I../lib/cryptodev -Ilib/rcu -I../lib/rcu -Ilib/distributor -I../lib/distributor -Ilib/dmadev -I../lib/dmadev -Ilib/efd -I../lib/efd -Ilib/hash -I../lib/hash -Ilib/eventdev -I../lib/eventdev -Ilib/timer -I../lib/timer -Ilib/fib -I../lib/fib -Ilib/rib -I../lib/rib -Ilib/flow_classify -I../lib/flow_classify -Ilib/table -I../lib/table -Ilib/port -I../lib/port -Ilib/sched -I../lib/sched -Ilib/ip_frag -I../lib/ip_frag -Ilib/kni -I../lib/kni -Ilib/lpm -I../lib/lpm -Ilib/graph -I../lib/graph -Ilib/ipsec -I../lib/ipsec -Ilib/security -I../lib/security -Ilib/member -I../lib/member -Ilib/node -I../lib/node -Ilib/pipeline -I../lib/pipeline -Ilib/rawdev -I../lib/rawdev -Ilib/reorder -I../lib/reorder -Ilib/stack -I../lib/stack -Idrivers/mempool/ring -I../drivers/mempool/ring -Idrivers/mempool/stack -I../drivers/mempool/stack -Idrivers/event/skeleton -I../drivers/event/skeleton -Ilib/metrics -I../lib/metrics -Idrivers/net/bonding -I../drivers/net/bonding -Idrivers/net/ring -I../drivers/net/ring -Ilib/bitratestats -I../lib/bitratestats -Ilib/latencystats -I../lib/latencystats -Ilib/pdump -I../lib/pdump -Ilib/pcapng -I../lib/pcapng -Idrivers/net/null -I../drivers/net/null -Ilib/power -I../lib/power -Ilib/compressdev -I../lib/compressdev -Idrivers/crypto/scheduler -I../drivers/crypto/scheduler -Xclang -fcolor-diagnostics -pipe -D_FILE_OFFSET_BITS=64 -Wall -Winvalid-pch -Werror -O3 -include rte_config.h -Wextra -Wcast-qual -Wdeprecated -Wformat -Wformat-nonliteral -Wformat-security -Wmissing-declarations -Wmissing-prototypes -Wnested-externs -Wold-style-definition -Wpointer-arith -Wsign-compare -Wstrict-prototypes -Wundef -Wwrite-strings -Wno-address-of-packed-member -Wno-missing-field-initializers -D_GNU_SOURCE -march=armv8.1-a+crc+crypto -mcpu=thunderx2t99 -DALLOW_EXPERIMENTAL_API -fno-strict-aliasing -DALLOW_INTERNAL_API -MD -MQ 'app/test/3062f5d@@dpdk-test@exe/test_cryptodev_security_ipsec.c.o' -MF 'app/test/3062f5d@@dpdk-test@exe/test_cryptodev_security_ipsec.c.o.d' -o 'app/test/3062f5d@@dpdk-test@exe/test_cryptodev_security_ipsec.c.o' -c ../app/test/test_cryptodev_security_ipsec.c
../app/test/test_cryptodev_security_ipsec.c:964:17: error: converting the result of '<<' to a boolean always evaluates to true [-Werror,-Wtautological-constant-compare]
frag_off &= !RTE_IPV4_HDR_DF_FLAG;
^
../lib/net/rte_ip.h:93:33: note: expanded from macro 'RTE_IPV4_HDR_DF_FLAG'
#define RTE_IPV4_HDR_DF_FLAG (1 << RTE_IPV4_HDR_DF_SHIFT)
^
1 error generated.
[2822/2850] Generating rte_event_octeontx2.pmd.c with a custom command.
[2823/2850] Generating rte_event_cnxk.pmd.c with a custom command.
[2824/2850] Compiling C object 'app/test/3062f5d@@dpdk-test@exe/test_cryptodev.c.o'.
ninja: build stopped: subcommand failed.
==== End log output ====
Ubuntu 20.04 ARM SVE
Kernel: 5.4.0-80-generic
Compiler: gcc 10.3.0 (Ubuntu 10.3.0-1ubuntu1~20.04)
Ubuntu 20.04 ARM GCC Native
Kernel: 5.4.0-53-generic
Compiler: gcc 9.3
Ubuntu 20.04 ARM Clang Native
Kernel: 5.4.0-53-generic
Compiler: clang 10.0.0-4ubuntu1
To view detailed results, visit:
https://lab.dpdk.org/results/dashboard/patchsets/20445/
UNH-IOL DPDK Community Lab
To manage your email subscriptions, visit:
https://lab.dpdk.org/results/dashboard/preferences/subscriptions/
^ permalink raw reply [flat|nested] 4+ messages in thread
* |FAILURE| pw104877-104889 [PATCH] [13/13] test/crypto: add copy and set DF cases
@ 2021-12-06 9:09 dpdklab
0 siblings, 0 replies; 4+ messages in thread
From: dpdklab @ 2021-12-06 9:09 UTC (permalink / raw)
To: Test Report; +Cc: dpdk-test-reports, Anoob Joseph
[-- Attachment #1: Type: text/plain, Size: 5785 bytes --]
Test-Label: iol-x86_64-compile-testing
Test-Status: FAILURE
http://dpdk.org/patch/104889
_Testing issues_
Submitter: Anoob Joseph <anoobj@marvell.com>
Date: Monday, December 06 2021 07:58:48
DPDK git baseline: Repo:dpdk
Branch: master
CommitID:042f5a355a57b31a9f87824173a9d427b21abdb8
104877-104889 --> testing fail
Test environment and result as below:
+---------------------+--------------------+----------------------+
| Environment | dpdk_meson_compile | dpdk_mingw64_compile |
+=====================+====================+======================+
| Windows Server 2019 | PASS | PASS |
+---------------------+--------------------+----------------------+
| openSUSE Leap 15 | PASS | SKIPPED |
+---------------------+--------------------+----------------------+
| FreeBSD 13 | FAIL | SKIPPED |
+---------------------+--------------------+----------------------+
| Ubuntu 18.04 | PASS | SKIPPED |
+---------------------+--------------------+----------------------+
| CentOS 8 | PASS | SKIPPED |
+---------------------+--------------------+----------------------+
| Ubuntu 20.04 | PASS | SKIPPED |
+---------------------+--------------------+----------------------+
| Fedora 32 | PASS | SKIPPED |
+---------------------+--------------------+----------------------+
| Fedora 31 | PASS | SKIPPED |
+---------------------+--------------------+----------------------+
| CentOS Stream 8 | PASS | SKIPPED |
+---------------------+--------------------+----------------------+
| RHEL 7 | PASS | SKIPPED |
+---------------------+--------------------+----------------------+
| RHEL8 | PASS | SKIPPED |
+---------------------+--------------------+----------------------+
| Arch Linux | PASS | SKIPPED |
+---------------------+--------------------+----------------------+
| Fedora 34 | PASS | SKIPPED |
+---------------------+--------------------+----------------------+
| Fedora 33 | PASS | SKIPPED |
+---------------------+--------------------+----------------------+
| Alpine | PASS | SKIPPED |
+---------------------+--------------------+----------------------+
| Fedora 34 clang | FAIL | SKIPPED |
+---------------------+--------------------+----------------------+
==== 20 line log output for Fedora 34 clang (dpdk_meson_compile): ====
^
1 error generated.
[2936/3086] Compiling C object app/test/dpdk-test.p/test_errno.c.o
[2937/3086] Compiling C object app/test/dpdk-test.p/test_dmadev_api.c.o
[2938/3086] Compiling C object app/test/dpdk-test.p/test_eal_flags.c.o
[2939/3086] Compiling C object app/dpdk-testpmd.p/test-pmd_noisy_vnf.c.o
[2940/3086] Compiling C object app/test/dpdk-test.p/test_cryptodev_security_pdcp.c.o
[2941/3086] Compiling C object app/test/dpdk-test.p/test_distributor_perf.c.o
[2942/3086] Compiling C object app/test/dpdk-test.p/test_ethdev_link.c.o
[2943/3086] Compiling C object app/test/dpdk-test.p/test_efd.c.o
[2944/3086] Compiling C object app/test/dpdk-test.p/test_efd_perf.c.o
[2945/3086] Compiling C object app/test/dpdk-test.p/test_cryptodev_asym.c.o
[2946/3086] Compiling C object app/test/dpdk-test.p/test_cryptodev_blockcipher.c.o
[2947/3086] Compiling C object app/test/dpdk-test.p/test_dmadev.c.o
[2948/3086] Compiling C object app/test/dpdk-test.p/test_distributor.c.o
[2949/3086] Compiling C object app/test/dpdk-test.p/test_cryptodev.c.o
[2950/3086] Compiling C object drivers/libtmp_rte_event_cnxk.a.p/event_cnxk_cn10k_worker_tx_enq_seg.c.o
[2951/3086] Compiling C object drivers/libtmp_rte_event_octeontx2.a.p/event_octeontx2_otx2_worker.c.o
[2952/3086] Compiling C object drivers/libtmp_rte_event_octeontx2.a.p/event_octeontx2_otx2_worker_dual.c.o
ninja: build stopped: subcommand failed.
==== End log output ====
Windows Server 2019
Kernel: 10.0
Compiler: clang 9.0 and gcc 8.1.0 (MinGW)
openSUSE Leap 15
Kernel: 4.18.0-240.10.1.el8_3.x86_64
Compiler: gcc 7.5.0
FreeBSD 13
Kernel: 13.0
Compiler: clang 11.0.1
Ubuntu 18.04
Kernel: 4.18.0-240.10.1.el8_3.x86_64
Compiler: gcc 7.5.0-3ubuntu1~18.04
CentOS 8
Kernel: 4.18.0-240.10.1.el8_3.x86_64
Compiler: gcc 8.3.1 20191121 (Red Hat 8.3.1-5)
Ubuntu 20.04
Kernel: 4.18.0-240.10.1.el8_3.x86_64
Compiler: gcc 9.3.0-17ubuntu1~20.04
Fedora 32
Kernel: 4.18.0-240.10.1.el8_3.x86_64
Compiler: gcc 10.2.1
Fedora 31
Kernel: 4.18.0-240.10.1.el8_3.x86_64
Compiler: gcc 9.3.1
CentOS Stream 8
Kernel: 4.18.0-240.10.1.el8_3.x86_64
Compiler: gcc 8.4.1 20200928
RHEL 7
Kernel: 4.18.0-240.10.1.el8_3.x86_64
Compiler: gcc 4.8.5 20150623 (Red Hat 4.8.5-44)
RHEL8
Kernel: 4.18.0-240.10.1.el8_3.x86_64
Compiler: gcc 8.3.1 20191121 (Red Hat 8.3.1-5)
Arch Linux
Kernel: 5.4.0-73-generic
Compiler: gcc 11.1.0
Fedora 34
Kernel: 5.4.0-72-generic
Compiler: gcc 11.1.1 20210428 (Red Hat 11.1.1-1)
Fedora 33
Kernel: 5.4.0-72-generic
Compiler: gcc 10.3.1 20210422 (Red Hat 10.3.1-1)
Alpine
Kernel: 5.4.0-73-generic
Compiler: gcc (Alpine 10.3.1_git20210424) 10.3.1 20210424
Fedora 34 clang
Kernel: 5.4.0-72-generic
Compiler: clang 12.0.0 (Fedora 12.0.0-0.3.rc1.fc34)
To view detailed results, visit:
https://lab.dpdk.org/results/dashboard/patchsets/20445/
UNH-IOL DPDK Community Lab
To manage your email subscriptions, visit:
https://lab.dpdk.org/results/dashboard/preferences/subscriptions/
^ permalink raw reply [flat|nested] 4+ messages in thread
* |FAILURE| pw104877-104889 [PATCH] [13/13] test/crypto: add copy and set DF cases
@ 2021-12-06 9:05 dpdklab
0 siblings, 0 replies; 4+ messages in thread
From: dpdklab @ 2021-12-06 9:05 UTC (permalink / raw)
To: Test Report; +Cc: dpdklab, Anoob Joseph
[-- Attachment #1: Type: text/plain, Size: 4288 bytes --]
Test-Label: iol-x86_64-unit-testing
Test-Status: FAILURE
http://dpdk.org/patch/104889
_Testing issues_
Submitter: Anoob Joseph <anoobj@marvell.com>
Date: Monday, December 06 2021 07:58:48
DPDK git baseline: Repo:dpdk
Branch: master
CommitID:042f5a355a57b31a9f87824173a9d427b21abdb8
104877-104889 --> testing fail
Test environment and result as below:
+------------------+----------------+
| Environment | dpdk_unit_test |
+==================+================+
| Ubuntu 18.04 | PASS |
+------------------+----------------+
| Arch Linux | PASS |
+------------------+----------------+
| CentOS 8 | PASS |
+------------------+----------------+
| CentOS Stream 8 | PASS |
+------------------+----------------+
| Fedora 32 | PASS |
+------------------+----------------+
| Fedora 31 | PASS |
+------------------+----------------+
| openSUSE Leap 15 | PASS |
+------------------+----------------+
| RHEL 7 | PASS |
+------------------+----------------+
| Ubuntu 20.04 | PASS |
+------------------+----------------+
| Fedora 34 | PASS |
+------------------+----------------+
| Fedora 33 | PASS |
+------------------+----------------+
| RHEL8 | PASS |
+------------------+----------------+
| Fedora 34 clang | FAIL |
+------------------+----------------+
==== 20 line log output for Fedora 34 clang (dpdk_unit_test): ====
^
1 error generated.
[2894/3059] Compiling C object app/test/dpdk-test.p/test_errno.c.o
[2895/3059] Compiling C object app/test/dpdk-test.p/test_dmadev_api.c.o
[2896/3059] Compiling C object app/test/dpdk-test.p/test_eal_flags.c.o
[2897/3059] Compiling C object app/test/dpdk-test.p/test_distributor_perf.c.o
[2898/3059] Compiling C object app/test/dpdk-test.p/test_cryptodev_security_pdcp.c.o
[2899/3059] Compiling C object app/test/dpdk-test.p/test_ethdev_link.c.o
[2900/3059] Compiling C object app/test/dpdk-test.p/test_cryptodev_asym.c.o
[2901/3059] Compiling C object app/test/dpdk-test.p/test_efd.c.o
[2902/3059] Compiling C object app/test/dpdk-test.p/test_efd_perf.c.o
[2903/3059] Compiling C object app/test/dpdk-test.p/test_cryptodev_blockcipher.c.o
[2904/3059] Compiling C object app/test/dpdk-test.p/test_dmadev.c.o
[2905/3059] Compiling C object app/test/dpdk-test.p/test_event_crypto_adapter.c.o
[2906/3059] Compiling C object app/test/dpdk-test.p/test_distributor.c.o
[2907/3059] Compiling C object app/test/dpdk-test.p/test_cryptodev.c.o
[2908/3059] Compiling C object drivers/libtmp_rte_event_cnxk.a.p/event_cnxk_cn10k_worker_tx_enq_seg.c.o
[2909/3059] Compiling C object drivers/libtmp_rte_event_octeontx2.a.p/event_octeontx2_otx2_worker.c.o
[2910/3059] Compiling C object drivers/libtmp_rte_event_octeontx2.a.p/event_octeontx2_otx2_worker_dual.c.o
ninja: build stopped: subcommand failed.
==== End log output ====
Ubuntu 18.04
Kernel: 4.18.0-240.10.1.el8_3.x86_64
Compiler: gcc 7.5.0-3ubuntu1~18.04
Arch Linux
Kernel: 5.4.0-73-generic
Compiler: gcc 11.1.0
CentOS 8
Kernel: 4.18.0-240.10.1.el8_3.x86_64
Compiler: gcc 8.3.1 20191121 (Red Hat 8.3.1-5)
CentOS Stream 8
Kernel: 4.18.0-240.10.1.el8_3.x86_64
Compiler: gcc 8.4.1 20200928
Fedora 32
Kernel: 4.18.0-240.10.1.el8_3.x86_64
Compiler: gcc 10.2.1
Fedora 31
Kernel: 4.18.0-240.10.1.el8_3.x86_64
Compiler: gcc 9.3.1
openSUSE Leap 15
Kernel: 4.18.0-240.10.1.el8_3.x86_64
Compiler: gcc 7.5.0
RHEL 7
Kernel: 4.18.0-240.10.1.el8_3.x86_64
Compiler: gcc 4.8.5 20150623 (Red Hat 4.8.5-44)
Ubuntu 20.04
Kernel: 4.18.0-240.10.1.el8_3.x86_64
Compiler: gcc 9.3.0-17ubuntu1~20.04
Fedora 34
Kernel: 5.4.0-72-generic
Compiler: gcc 11.1.1 20210428 (Red Hat 11.1.1-1)
Fedora 33
Kernel: 5.4.0-72-generic
Compiler: gcc 10.3.1 20210422 (Red Hat 10.3.1-1)
RHEL8
Kernel: 4.18.0-240.10.1.el8_3.x86_64
Compiler: gcc 8.3.1 20191121 (Red Hat 8.3.1-5)
Fedora 34 clang
Kernel: 5.4.0-72-generic
Compiler: clang 12.0.0 (Fedora 12.0.0-0.3.rc1.fc34)
To view detailed results, visit:
https://lab.dpdk.org/results/dashboard/patchsets/20445/
UNH-IOL DPDK Community Lab
To manage your email subscriptions, visit:
https://lab.dpdk.org/results/dashboard/preferences/subscriptions/
^ permalink raw reply [flat|nested] 4+ messages in thread
* |FAILURE| pw104877-104889 [PATCH] [13/13] test/crypto: add copy and set DF cases
@ 2021-12-06 9:05 dpdklab
0 siblings, 0 replies; 4+ messages in thread
From: dpdklab @ 2021-12-06 9:05 UTC (permalink / raw)
To: Test Report; +Cc: dpdklab, Anoob Joseph
[-- Attachment #1: Type: text/plain, Size: 3746 bytes --]
Test-Label: iol-aarch64-compile-testing
Test-Status: FAILURE
http://dpdk.org/patch/104889
_Testing issues_
Submitter: Anoob Joseph <anoobj@marvell.com>
Date: Monday, December 06 2021 07:58:48
DPDK git baseline: Repo:dpdk
Branch: master
CommitID:042f5a355a57b31a9f87824173a9d427b21abdb8
104877-104889 --> testing fail
Test environment and result as below:
+----------------------------------------+--------------------+
| Environment | dpdk_meson_compile |
+========================================+====================+
| Ubuntu 20.04 ARM GCC Cross Compile | PASS |
+----------------------------------------+--------------------+
| Ubuntu 20.04 aarch32 GCC Cross Compile | PASS |
+----------------------------------------+--------------------+
| Ubuntu 20.04 ARM SVE | PASS |
+----------------------------------------+--------------------+
| Ubuntu 20.04 ARM Clang Cross Compile | FAIL |
+----------------------------------------+--------------------+
| Ubuntu 20.04 ARM GCC Native | PASS |
+----------------------------------------+--------------------+
| Ubuntu 20.04 ARM Clang Native | FAIL |
+----------------------------------------+--------------------+
==== 20 line log output for Ubuntu 20.04 ARM Clang Native (dpdk_meson_compile): ====
../lib/net/rte_ip.h:93:33: note: expanded from macro 'RTE_IPV4_HDR_DF_FLAG'
#define RTE_IPV4_HDR_DF_FLAG (1 << RTE_IPV4_HDR_DF_SHIFT)
^
1 error generated.
[2812/2849] Generating symbol file 'lib/76b5a35@@rte_pipeline@sha/librte_pipeline.so.22.1.symbols'.
[2813/2849] Compiling C object 'app/test/3062f5d@@dpdk-test@exe/test_pmd_ring_perf.c.o'.
[2814/2849] Compiling C object 'app/test/3062f5d@@dpdk-test@exe/test_bitratestats.c.o'.
[2815/2849] Compiling C object 'app/test/3062f5d@@dpdk-test@exe/test_latencystats.c.o'.
[2816/2849] Compiling C object 'app/test/3062f5d@@dpdk-test@exe/test_pmd_ring.c.o'.
[2817/2849] Compiling C object 'app/test/3062f5d@@dpdk-test@exe/test_pcapng.c.o'.
[2818/2849] Compiling C object 'app/test/3062f5d@@dpdk-test@exe/test_pdump.c.o'.
[2819/2849] Compiling C object 'app/test/3062f5d@@dpdk-test@exe/test_telemetry_data.c.o'.
[2820/2849] Linking static target drivers/librte_event_octeontx2.a.
[2821/2849] Compiling C object 'app/test/3062f5d@@dpdk-test@exe/test_link_bonding_rssconf.c.o'.
[2822/2849] Generating symbol file 'drivers/a715181@@rte_crypto_dpaa2_sec@sha/librte_crypto_dpaa2_sec.so.22.1.symbols'.
[2823/2849] Compiling C object 'app/test/3062f5d@@dpdk-test@exe/test_link_bonding.c.o'.
[2824/2849] Linking target drivers/librte_event_octeontx2.so.22.1.
[2825/2849] Generating rte_event_cnxk.pmd.c with a custom command.
[2826/2849] Compiling C object 'app/test/3062f5d@@dpdk-test@exe/test_cryptodev.c.o'.
ninja: build stopped: subcommand failed.
==== End log output ====
Ubuntu 20.04 ARM GCC Cross Compile
Kernel: 5.4.0-72-generic
Compiler: aarch64-linux-gnu-gcc (Ubuntu 9.3.0-17ubuntu1~20.04) 9.3.0
Ubuntu 20.04 aarch32 GCC Cross Compile
Kernel: 5.4.0-72-generic
Compiler: gcc 9.3.0
Ubuntu 20.04 ARM SVE
Kernel: 5.4.0-80-generic
Compiler: gcc 10.3.0 (Ubuntu 10.3.0-1ubuntu1~20.04)
Ubuntu 20.04 ARM Clang Cross Compile
Kernel: 5.4.0-72-generic
Compiler: clang version 10.0.0-4ubuntu1
Ubuntu 20.04 ARM GCC Native
Kernel: 5.4.0-53-generic
Compiler: gcc 9.3
Ubuntu 20.04 ARM Clang Native
Kernel: 5.4.0-53-generic
Compiler: clang 10.0.0-4ubuntu1
To view detailed results, visit:
https://lab.dpdk.org/results/dashboard/patchsets/20445/
UNH-IOL DPDK Community Lab
To manage your email subscriptions, visit:
https://lab.dpdk.org/results/dashboard/preferences/subscriptions/
^ permalink raw reply [flat|nested] 4+ messages in thread
end of thread, other threads:[~2021-12-06 9:09 UTC | newest]
Thread overview: 4+ messages (download: mbox.gz / follow: Atom feed)
-- links below jump to the message on this page --
2021-12-06 9:01 |FAILURE| pw104877-104889 [PATCH] [13/13] test/crypto: add copy and set DF cases dpdklab
2021-12-06 9:05 dpdklab
2021-12-06 9:05 dpdklab
2021-12-06 9:09 dpdklab
This is a public inbox, see mirroring instructions
for how to clone and mirror all data and code used for this inbox;
as well as URLs for NNTP newsgroup(s).