* |FAILURE| pw105131-105141 [PATCH] [12/12] examples/generator: line rate limiting
@ 2021-12-14 15:37 dpdklab
0 siblings, 0 replies; 2+ messages in thread
From: dpdklab @ 2021-12-14 15:37 UTC (permalink / raw)
To: Test Report; +Cc: dpdklab, Ronan Randles
[-- Attachment #1: Type: text/plain, Size: 3884 bytes --]
Test-Label: iol-aarch64-compile-testing
Test-Status: FAILURE
http://dpdk.org/patch/105141
_Testing issues_
Submitter: Ronan Randles <ronan.randles@intel.com>
Date: Tuesday, December 14 2021 14:12:42
DPDK git baseline: Repo:dpdk
Branch: master
CommitID:042f5a355a57b31a9f87824173a9d427b21abdb8
105131-105141 --> testing fail
Test environment and result as below:
+----------------------------------------+--------------------+
| Environment | dpdk_meson_compile |
+========================================+====================+
| Ubuntu 20.04 aarch32 GCC Cross Compile | FAIL |
+----------------------------------------+--------------------+
| Ubuntu 20.04 ARM GCC Cross Compile | PASS |
+----------------------------------------+--------------------+
| Ubuntu 20.04 ARM SVE | PASS |
+----------------------------------------+--------------------+
| Ubuntu 20.04 ARM Clang Cross Compile | PASS |
+----------------------------------------+--------------------+
| Ubuntu 20.04 ARM GCC Native | PASS |
+----------------------------------------+--------------------+
| Ubuntu 20.04 ARM Clang Native | PASS |
+----------------------------------------+--------------------+
==== 20 line log output for Ubuntu 20.04 aarch32 GCC Cross Compile (dpdk_meson_compile): ====
| %lli
cc1: all warnings being treated as errors
[2096/2238] Linking target examples/dpdk-flow_filtering.
[2097/2238] Compiling C object 'app/test/3062f5d@@dpdk-test@exe/test_mbuf.c.o'.
[2098/2238] Compiling C object 'examples/c590b3c@@dpdk-ip_pipeline@exe/ip_pipeline_parser.c.o'.
[2099/2238] Compiling C object 'examples/c590b3c@@dpdk-ip_pipeline@exe/ip_pipeline_mempool.c.o'.
[2100/2238] Compiling C object 'examples/c590b3c@@dpdk-dma@exe/dma_dmafwd.c.o'.
[2101/2238] Linking target examples/dpdk-flow_classify.
[2102/2238] Compiling C object 'examples/c590b3c@@dpdk-ip_pipeline@exe/ip_pipeline_kni.c.o'.
[2103/2238] Compiling C object 'examples/c590b3c@@dpdk-ip_pipeline@exe/ip_pipeline_pipeline.c.o'.
[2104/2238] Compiling C object 'examples/c590b3c@@dpdk-ip_pipeline@exe/ip_pipeline_link.c.o'.
[2105/2238] Compiling C object 'examples/c590b3c@@dpdk-ip_fragmentation@exe/ip_fragmentation_main.c.o'.
[2106/2238] Compiling C object 'app/test/3062f5d@@dpdk-test@exe/test_link_bonding_mode4.c.o'.
[2107/2238] Compiling C object 'app/test/3062f5d@@dpdk-test@exe/test_link_bonding.c.o'.
[2108/2238] Compiling C object 'examples/c590b3c@@dpdk-ip_reassembly@exe/ip_reassembly_main.c.o'.
[2109/2238] Compiling C object 'examples/c590b3c@@dpdk-bbdev_app@exe/bbdev_app_main.c.o'.
[2110/2238] Compiling C object 'examples/c590b3c@@dpdk-distributor@exe/distributor_main.c.o'.
[2111/2238] Compiling C object 'examples/c590b3c@@dpdk-ip_pipeline@exe/ip_pipeline_cli.c.o'.
[2112/2238] Compiling C object 'app/test/3062f5d@@dpdk-test@exe/test_cryptodev.c.o'.
ninja: build stopped: subcommand failed.
==== End log output ====
Ubuntu 20.04 aarch32 GCC Cross Compile
Kernel: 5.4.0-72-generic
Compiler: gcc 9.3.0
Ubuntu 20.04 ARM GCC Cross Compile
Kernel: 5.4.0-72-generic
Compiler: aarch64-linux-gnu-gcc (Ubuntu 9.3.0-17ubuntu1~20.04) 9.3.0
Ubuntu 20.04 ARM SVE
Kernel: 5.4.0-80-generic
Compiler: gcc 10.3.0 (Ubuntu 10.3.0-1ubuntu1~20.04)
Ubuntu 20.04 ARM Clang Cross Compile
Kernel: 5.4.0-72-generic
Compiler: clang version 10.0.0-4ubuntu1
Ubuntu 20.04 ARM GCC Native
Kernel: 5.4.0-53-generic
Compiler: gcc 9.3
Ubuntu 20.04 ARM Clang Native
Kernel: 5.4.0-53-generic
Compiler: clang 10.0.0-4ubuntu1
To view detailed results, visit:
https://lab.dpdk.org/results/dashboard/patchsets/20499/
UNH-IOL DPDK Community Lab
To manage your email subscriptions, visit:
https://lab.dpdk.org/results/dashboard/preferences/subscriptions/
^ permalink raw reply [flat|nested] 2+ messages in thread
* |FAILURE| pw105131-105141 [PATCH] [12/12] examples/generator: line rate limiting
@ 2021-12-14 14:59 dpdklab
0 siblings, 0 replies; 2+ messages in thread
From: dpdklab @ 2021-12-14 14:59 UTC (permalink / raw)
To: Test Report; +Cc: dpdklab, Ronan Randles
[-- Attachment #1: Type: text/plain, Size: 4489 bytes --]
Test-Label: iol-x86_64-unit-testing
Test-Status: FAILURE
http://dpdk.org/patch/105141
_Testing issues_
Submitter: Ronan Randles <ronan.randles@intel.com>
Date: Tuesday, December 14 2021 14:12:42
DPDK git baseline: Repo:dpdk
Branch: master
CommitID:042f5a355a57b31a9f87824173a9d427b21abdb8
105131-105141 --> testing fail
Test environment and result as below:
+------------------+----------------+
| Environment | dpdk_unit_test |
+==================+================+
| CentOS 8 | PASS |
+------------------+----------------+
| Fedora 32 | PASS |
+------------------+----------------+
| Fedora 34 | PASS |
+------------------+----------------+
| RHEL8 | PASS |
+------------------+----------------+
| Fedora 31 | PASS |
+------------------+----------------+
| CentOS Stream 8 | PASS |
+------------------+----------------+
| Ubuntu 18.04 | FAIL |
+------------------+----------------+
| RHEL 7 | PASS |
+------------------+----------------+
| Ubuntu 20.04 | PASS |
+------------------+----------------+
| openSUSE Leap 15 | FAIL |
+------------------+----------------+
| Arch Linux | PASS |
+------------------+----------------+
| Fedora 33 | PASS |
+------------------+----------------+
| Fedora 34 clang | PASS |
+------------------+----------------+
==== 20 line log output for openSUSE Leap 15 (dpdk_unit_test): ====
^
cc1: all warnings being treated as errors
[277/3055] Generating rte_ip_frag_def with a custom command
[278/3055] Generating efd.sym_chk with a custom command (wrapped by meson to capture output)
[279/3055] Compiling C object lib/librte_gso.a.p/gso_gso_tunnel_udp4.c.o
[280/3055] Compiling C object lib/librte_gso.a.p/gso_gso_tunnel_tcp4.c.o
[281/3055] Generating hash.sym_chk with a custom command (wrapped by meson to capture output)
[282/3055] Generating cmdline.sym_chk with a custom command (wrapped by meson to capture output)
[283/3055] Generating mempool.sym_chk with a custom command (wrapped by meson to capture output)
[284/3055] Generating gro.sym_chk with a custom command (wrapped by meson to capture output)
[285/3055] Compiling C object lib/librte_ip_frag.a.p/ip_frag_rte_ipv4_reassembly.c.o
[286/3055] Compiling C object lib/librte_ip_frag.a.p/ip_frag_rte_ipv6_reassembly.c.o
[287/3055] Compiling C object lib/librte_ip_frag.a.p/ip_frag_rte_ip_frag_common.c.o
[288/3055] Generating compressdev.sym_chk with a custom command (wrapped by meson to capture output)
[289/3055] Generating gpudev.sym_chk with a custom command (wrapped by meson to capture output)
[290/3055] Generating cryptodev.sym_chk with a custom command (wrapped by meson to capture output)
[291/3055] Generating eventdev.sym_chk with a custom command (wrapped by meson to capture output)
[292/3055] Generating ethdev.sym_chk with a custom command (wrapped by meson to capture output)
[293/3055] Generating eal.sym_chk with a custom command (wrapped by meson to capture output)
ninja: build stopped: subcommand failed.
==== End log output ====
CentOS 8
Kernel: 4.18.0-240.10.1.el8_3.x86_64
Compiler: gcc 8.3.1 20191121 (Red Hat 8.3.1-5)
Fedora 32
Kernel: 4.18.0-240.10.1.el8_3.x86_64
Compiler: gcc 10.2.1
Fedora 34
Kernel: 5.4.0-72-generic
Compiler: gcc 11.1.1 20210428 (Red Hat 11.1.1-1)
RHEL8
Kernel: 4.18.0-240.10.1.el8_3.x86_64
Compiler: gcc 8.3.1 20191121 (Red Hat 8.3.1-5)
Fedora 31
Kernel: 4.18.0-240.10.1.el8_3.x86_64
Compiler: gcc 9.3.1
CentOS Stream 8
Kernel: 4.18.0-240.10.1.el8_3.x86_64
Compiler: gcc 8.4.1 20200928
Ubuntu 18.04
Kernel: 4.18.0-240.10.1.el8_3.x86_64
Compiler: gcc 7.5.0-3ubuntu1~18.04
RHEL 7
Kernel: 4.18.0-240.10.1.el8_3.x86_64
Compiler: gcc 4.8.5 20150623 (Red Hat 4.8.5-44)
Ubuntu 20.04
Kernel: 4.18.0-240.10.1.el8_3.x86_64
Compiler: gcc 9.3.0-17ubuntu1~20.04
openSUSE Leap 15
Kernel: 4.18.0-240.10.1.el8_3.x86_64
Compiler: gcc 7.5.0
Arch Linux
Kernel: 5.4.0-73-generic
Compiler: gcc 11.1.0
Fedora 33
Kernel: 5.4.0-72-generic
Compiler: gcc 10.3.1 20210422 (Red Hat 10.3.1-1)
Fedora 34 clang
Kernel: 5.4.0-72-generic
Compiler: clang 12.0.0 (Fedora 12.0.0-0.3.rc1.fc34)
To view detailed results, visit:
https://lab.dpdk.org/results/dashboard/patchsets/20499/
UNH-IOL DPDK Community Lab
To manage your email subscriptions, visit:
https://lab.dpdk.org/results/dashboard/preferences/subscriptions/
^ permalink raw reply [flat|nested] 2+ messages in thread
end of thread, other threads:[~2021-12-14 15:37 UTC | newest]
Thread overview: 2+ messages (download: mbox.gz / follow: Atom feed)
-- links below jump to the message on this page --
2021-12-14 15:37 |FAILURE| pw105131-105141 [PATCH] [12/12] examples/generator: line rate limiting dpdklab
-- strict thread matches above, loose matches on Subject: below --
2021-12-14 14:59 dpdklab
This is a public inbox, see mirroring instructions
for how to clone and mirror all data and code used for this inbox;
as well as URLs for NNTP newsgroup(s).