* |WARNING| pw105163 [PATCH] [v2] build/eal: add OS defines for C conditional checks
@ 2021-12-16 16:01 dpdklab
0 siblings, 0 replies; only message in thread
From: dpdklab @ 2021-12-16 16:01 UTC (permalink / raw)
To: Test Report; +Cc: dpdk-test-reports, Bruce Richardson
[-- Attachment #1: Type: text/plain, Size: 7262 bytes --]
Test-Label: iol-x86_64-compile-testing
Test-Status: WARNING
http://dpdk.org/patch/105163
_Testing issues_
Submitter: Bruce Richardson <bruce.richardson@intel.com>
Date: Thursday, December 16 2021 15:21:07
DPDK git baseline: Repo:dpdk
Branch: master
CommitID:042f5a355a57b31a9f87824173a9d427b21abdb8
105163 --> testing fail
Test environment and result as below:
+---------------------+--------------------+----------------------+
| Environment | dpdk_meson_compile | dpdk_mingw64_compile |
+=====================+====================+======================+
| FreeBSD 13 | PASS | SKIPPED |
+---------------------+--------------------+----------------------+
| openSUSE Leap 15 | PASS | SKIPPED |
+---------------------+--------------------+----------------------+
| Windows Server 2019 | PASS | FAIL |
+---------------------+--------------------+----------------------+
| RHEL 7 | PASS | SKIPPED |
+---------------------+--------------------+----------------------+
| Fedora 31 | PASS | SKIPPED |
+---------------------+--------------------+----------------------+
| RHEL8 | PASS | SKIPPED |
+---------------------+--------------------+----------------------+
| Ubuntu 20.04 | PASS | SKIPPED |
+---------------------+--------------------+----------------------+
| CentOS 8 | PASS | SKIPPED |
+---------------------+--------------------+----------------------+
| Ubuntu 18.04 | PASS | SKIPPED |
+---------------------+--------------------+----------------------+
| Arch Linux | PASS | SKIPPED |
+---------------------+--------------------+----------------------+
| Fedora 34 | PASS | SKIPPED |
+---------------------+--------------------+----------------------+
| Alpine | PASS | SKIPPED |
+---------------------+--------------------+----------------------+
| Fedora 32 | PASS | SKIPPED |
+---------------------+--------------------+----------------------+
| CentOS Stream 8 | PASS | SKIPPED |
+---------------------+--------------------+----------------------+
| Fedora 34 clang | PASS | SKIPPED |
+---------------------+--------------------+----------------------+
| Fedora 33 | PASS | SKIPPED |
+---------------------+--------------------+----------------------+
==== 20 line log output for Windows Server 2019 (dpdk_mingw64_compile): ====
[113/541] Compiling C object lib/librte_stack.a.p/stack_rte_stack.c.obj
[114/541] Linking static target drivers/libtmp_rte_bus_auxiliary.a
[115/541] Compiling C object drivers/libtmp_rte_bus_pci.a.p/bus_pci_pci_common.c.obj
[116/541] Linking static target drivers/libtmp_rte_bus_pci.a
[117/541] Compiling C object lib/librte_stack.a.p/stack_rte_stack_lf.c.obj
[118/541] Compiling C object drivers/libtmp_rte_bus_vdev.a.p/bus_vdev_vdev_params.c.obj
[119/541] Linking static target lib/librte_stack.a
[120/541] Compiling C object drivers/libtmp_rte_dma_idxd.a.p/dma_idxd_idxd_pci.c.obj
[121/541] Generating rte_dma_idxd_def with a custom command
[122/541] Generating rte_dma_idxd_mingw with a custom command
[123/541] Compiling C object drivers/libtmp_rte_dma_idxd.a.p/dma_idxd_idxd_common.c.obj
FAILED: drivers/libtmp_rte_dma_idxd.a.p/dma_idxd_idxd_common.c.obj
"gcc" "-Idrivers\libtmp_rte_dma_idxd.a.p" "-Idrivers" "-I..\drivers" "-Idrivers\dma\idxd" "-I..\drivers\dma\idxd" "-Ilib\dmadev" "-I..\lib\dmadev" "-I." "-I.." "-Iconfig" "-I..\config" "-Ilib\eal\include" "-I..\lib\eal\include" "-Ilib\eal\windows\include" "-I..\lib\eal\windows\include" "-Ilib\eal\x86\include" "-I..\lib\eal\x86\include" "-Ilib\eal\common" "-I..\lib\eal\common" "-Ilib\eal" "-I..\lib\eal" "-Ilib\kvargs" "-I..\lib\kvargs" "-Idrivers\bus\pci" "-I..\drivers\bus\pci" "-I..\drivers\bus\pci\windows" "-Ilib\pci" "-I..\lib\pci" "-fdiagnostics-color=always" "-pipe" "-D_FILE_OFFSET_BITS=64" "-Wall" "-Winvalid-pch" "-Werror" "-O3" "-include" "rte_config.h" "-Wextra" "-Wcast-qual" "-Wdeprecated" "-Wformat" "-Wformat-nonliteral" "-Wformat-security" "-Wmissing-declarations" "-Wmissing-prototypes" "-Wnested-externs" "-Wold-style-definition" "-Wpointer-arith" "-Wsign-compare" "-Wstrict-prototypes" "-Wundef" "-Wwrite-strings" "-Wno-packed-not-aligned" "-Wno-missing-field-initializers" "-D_GNU_SOURCE" "-D_WIN32_WINNT=0x0A00" "-D__USE_MINGW_ANSI_STDIO" "-march=native" "-mno-avx512f" "-DALLOW_EXPERIMENTAL_API" "-DALLOW_INTERNAL_API" "-Wno-format-truncation" "-mavx2" "-DRTE_LOG_DEFAULT_LOGTYPE=pmd.dma.idxd" -MD -MQ drivers/libtmp_rte_dma_idxd.a.p/dma_idxd_idxd_common.c.obj -MF "drivers\libtmp_rte_dma_idxd.a.p\dma_idxd_idxd_common.c.obj.d" -o drivers/libtmp_rte_dma_idxd.a.p/dma_idxd_idxd_common.c.obj "-c" ../drivers/dma/idxd/idxd_common.c
deleting depfile: Permission denied
[124/541] Compiling C object drivers/libtmp_rte_mempool_stack.a.p/mempool_stack_rte_mempool_stack.c.obj
[125/541] Generating rte_bus_auxiliary.pmd.c with a custom command (wrapped by meson to set PATH)
[126/541] Generating rte_common_iavf.pmd.c with a custom command (wrapped by meson to set PATH)
[127/541] Generating rte_bus_pci.pmd.c with a custom command (wrapped by meson to set PATH)
[128/541] Compiling C object drivers/libtmp_rte_bus_vdev.a.p/bus_vdev_vdev.c.obj
ninja: build stopped: subcommand failed.
==== End log output ====
FreeBSD 13
Kernel: 13.0
Compiler: clang 11.0.1
openSUSE Leap 15
Kernel: 4.18.0-240.10.1.el8_3.x86_64
Compiler: gcc 7.5.0
Windows Server 2019
Kernel: 10.0
Compiler: clang 9.0 and gcc 8.1.0 (MinGW)
RHEL 7
Kernel: 4.18.0-240.10.1.el8_3.x86_64
Compiler: gcc 4.8.5 20150623 (Red Hat 4.8.5-44)
Fedora 31
Kernel: 4.18.0-240.10.1.el8_3.x86_64
Compiler: gcc 9.3.1
RHEL8
Kernel: 4.18.0-240.10.1.el8_3.x86_64
Compiler: gcc 8.3.1 20191121 (Red Hat 8.3.1-5)
Ubuntu 20.04
Kernel: 4.18.0-240.10.1.el8_3.x86_64
Compiler: gcc 9.3.0-17ubuntu1~20.04
CentOS 8
Kernel: 4.18.0-240.10.1.el8_3.x86_64
Compiler: gcc 8.3.1 20191121 (Red Hat 8.3.1-5)
Ubuntu 18.04
Kernel: 4.18.0-240.10.1.el8_3.x86_64
Compiler: gcc 7.5.0-3ubuntu1~18.04
Arch Linux
Kernel: 5.4.0-73-generic
Compiler: gcc 11.1.0
Fedora 34
Kernel: 5.4.0-72-generic
Compiler: gcc 11.1.1 20210428 (Red Hat 11.1.1-1)
Alpine
Kernel: 5.4.0-73-generic
Compiler: gcc (Alpine 10.3.1_git20210424) 10.3.1 20210424
Fedora 32
Kernel: 4.18.0-240.10.1.el8_3.x86_64
Compiler: gcc 10.2.1
CentOS Stream 8
Kernel: 4.18.0-240.10.1.el8_3.x86_64
Compiler: gcc 8.4.1 20200928
Fedora 34 clang
Kernel: 5.4.0-72-generic
Compiler: clang 12.0.0 (Fedora 12.0.0-0.3.rc1.fc34)
Fedora 33
Kernel: 5.4.0-72-generic
Compiler: gcc 10.3.1 20210422 (Red Hat 10.3.1-1)
To view detailed results, visit:
https://lab.dpdk.org/results/dashboard/patchsets/20507/
UNH-IOL DPDK Community Lab
To manage your email subscriptions, visit:
https://lab.dpdk.org/results/dashboard/preferences/subscriptions/
^ permalink raw reply [flat|nested] only message in thread
only message in thread, other threads:[~2021-12-16 16:01 UTC | newest]
Thread overview: (only message) (download: mbox.gz / follow: Atom feed)
-- links below jump to the message on this page --
2021-12-16 16:01 |WARNING| pw105163 [PATCH] [v2] build/eal: add OS defines for C conditional checks dpdklab
This is a public inbox, see mirroring instructions
for how to clone and mirror all data and code used for this inbox;
as well as URLs for NNTP newsgroup(s).