From: dpdklab@iol.unh.edu
To: Test Report <test-report@dpdk.org>
Cc: dpdklab@iol.unh.edu, Yanling Song <songyl@ramaxel.com>
Subject: |FAILURE| pw105330-105353 [PATCH] [v2, 25/25] net/spnic: add doc infrastructure
Date: Thu, 23 Dec 2021 09:17:55 +0000 (UTC) [thread overview]
Message-ID: <20211223091755.EECE9601F5@dpdk-ubuntu.dpdklab.iol.unh.edu> (raw)
[-- Attachment #1: Type: text/plain, Size: 4565 bytes --]
Test-Label: iol-x86_64-unit-testing
Test-Status: FAILURE
http://dpdk.org/patch/105353
_Testing issues_
Submitter: Yanling Song <songyl@ramaxel.com>
Date: Thursday, December 23 2021 08:24:08
DPDK git baseline: Repo:dpdk
Branch: master
CommitID:042f5a355a57b31a9f87824173a9d427b21abdb8
105330-105353 --> testing fail
Test environment and result as below:
+------------------+----------------+
| Environment | dpdk_unit_test |
+==================+================+
| CentOS 8 | PASS |
+------------------+----------------+
| Ubuntu 18.04 | PASS |
+------------------+----------------+
| RHEL8 | PASS |
+------------------+----------------+
| Arch Linux | PASS |
+------------------+----------------+
| openSUSE Leap 15 | PASS |
+------------------+----------------+
| Fedora 34 | PASS |
+------------------+----------------+
| Fedora 33 | PASS |
+------------------+----------------+
| Fedora 34 clang | FAIL |
+------------------+----------------+
| Fedora 31 | PASS |
+------------------+----------------+
| RHEL 7 | PASS |
+------------------+----------------+
| Ubuntu 20.04 | PASS |
+------------------+----------------+
| CentOS Stream 8 | PASS |
+------------------+----------------+
| Fedora 32 | PASS |
+------------------+----------------+
==== 20 line log output for Fedora 34 clang (dpdk_unit_test): ====
^
1 error generated.
[1974/2904] Compiling C object 'drivers/net/spnic/base/448fc72@@spnic_base@sta/spnic_nic_cfg.c.o'.
[1975/2904] Compiling C object 'drivers/a715181@@tmp_rte_net_tap@sta/net_tap_tap_tcmsgs.c.o'.
[1976/2904] Compiling C object 'drivers/a715181@@tmp_rte_net_softnic@sta/net_softnic_rte_eth_softnic_cli.c.o'.
[1977/2904] Compiling C object 'drivers/a715181@@tmp_rte_net_spnic@sta/net_spnic_spnic_io.c.o'.
[1978/2904] Compiling C object 'drivers/a715181@@tmp_rte_net_tap@sta/net_tap_tap_intr.c.o'.
[1979/2904] Compiling C object 'drivers/a715181@@tmp_rte_net_softnic@sta/net_softnic_rte_eth_softnic_thread.c.o'.
[1980/2904] Generating rte_net_sfc.pmd.c with a custom command.
[1981/2904] Compiling C object 'drivers/a715181@@tmp_rte_net_tap@sta/net_tap_tap_bpf_api.c.o'.
[1982/2904] Generating rte_net_mlx5.pmd.c with a custom command.
[1983/2904] Compiling C object 'drivers/a715181@@tmp_rte_net_spnic@sta/net_spnic_spnic_ethdev.c.o'.
[1984/2904] Compiling C object 'drivers/a715181@@tmp_rte_net_tap@sta/net_tap_tap_flow.c.o'.
[1985/2904] Compiling C object 'drivers/a715181@@tmp_rte_net_spnic@sta/net_spnic_spnic_tx.c.o'.
[1986/2904] Compiling C object 'drivers/net/thunderx/base/80ab7c6@@nicvf_base@sta/nicvf_mbox.c.o'.
[1987/2904] Compiling C object 'drivers/a715181@@tmp_rte_net_softnic@sta/net_softnic_rte_eth_softnic_tm.c.o'.
[1988/2904] Compiling C object 'drivers/net/thunderx/base/80ab7c6@@nicvf_base@sta/nicvf_hw.c.o'.
[1989/2904] Compiling C object 'drivers/a715181@@tmp_rte_net_tap@sta/net_tap_rte_eth_tap.c.o'.
[1990/2904] Compiling C object 'drivers/a715181@@tmp_rte_net_octeontx2@sta/net_octeontx2_otx2_rx.c.o'.
ninja: build stopped: subcommand failed.
==== End log output ====
CentOS 8
Kernel: 4.18.0-240.10.1.el8_3.x86_64
Compiler: gcc 8.3.1 20191121 (Red Hat 8.3.1-5)
Ubuntu 18.04
Kernel: 4.18.0-240.10.1.el8_3.x86_64
Compiler: gcc 7.5.0-3ubuntu1~18.04
RHEL8
Kernel: 4.18.0-240.10.1.el8_3.x86_64
Compiler: gcc 8.3.1 20191121 (Red Hat 8.3.1-5)
Arch Linux
Kernel: 5.4.0-73-generic
Compiler: gcc 11.1.0
openSUSE Leap 15
Kernel: 4.18.0-240.10.1.el8_3.x86_64
Compiler: gcc 7.5.0
Fedora 34
Kernel: 5.4.0-72-generic
Compiler: gcc 11.1.1 20210428 (Red Hat 11.1.1-1)
Fedora 33
Kernel: 5.4.0-72-generic
Compiler: gcc 10.3.1 20210422 (Red Hat 10.3.1-1)
Fedora 34 clang
Kernel: 5.4.0-72-generic
Compiler: clang 12.0.0 (Fedora 12.0.0-0.3.rc1.fc34)
Fedora 31
Kernel: 4.18.0-240.10.1.el8_3.x86_64
Compiler: gcc 9.3.1
RHEL 7
Kernel: 4.18.0-240.10.1.el8_3.x86_64
Compiler: gcc 4.8.5 20150623 (Red Hat 4.8.5-44)
Ubuntu 20.04
Kernel: 4.18.0-240.10.1.el8_3.x86_64
Compiler: gcc 9.3.0-17ubuntu1~20.04
CentOS Stream 8
Kernel: 4.18.0-240.10.1.el8_3.x86_64
Compiler: gcc 8.4.1 20200928
Fedora 32
Kernel: 4.18.0-240.10.1.el8_3.x86_64
Compiler: gcc 10.2.1
To view detailed results, visit:
https://lab.dpdk.org/results/dashboard/patchsets/20551/
UNH-IOL DPDK Community Lab
To manage your email subscriptions, visit:
https://lab.dpdk.org/results/dashboard/preferences/subscriptions/
next reply other threads:[~2021-12-23 9:17 UTC|newest]
Thread overview: 4+ messages / expand[flat|nested] mbox.gz Atom feed top
2021-12-23 9:17 dpdklab [this message]
-- strict thread matches above, loose matches on Subject: below --
2021-12-23 9:26 dpdklab
2021-12-23 9:24 dpdklab
2021-12-23 9:11 dpdklab
Reply instructions:
You may reply publicly to this message via plain-text email
using any one of the following methods:
* Save the following mbox file, import it into your mail client,
and reply-to-all from there: mbox
Avoid top-posting and favor interleaved quoting:
https://en.wikipedia.org/wiki/Posting_style#Interleaved_style
* Reply using the --to, --cc, and --in-reply-to
switches of git-send-email(1):
git send-email \
--in-reply-to=20211223091755.EECE9601F5@dpdk-ubuntu.dpdklab.iol.unh.edu \
--to=dpdklab@iol.unh.edu \
--cc=songyl@ramaxel.com \
--cc=test-report@dpdk.org \
/path/to/YOUR_REPLY
https://kernel.org/pub/software/scm/git/docs/git-send-email.html
* If your mail client supports setting the In-Reply-To header
via mailto: links, try the mailto: link
Be sure your reply has a Subject: header at the top and a blank line
before the message body.
This is a public inbox, see mirroring instructions
for how to clone and mirror all data and code used for this inbox;
as well as URLs for NNTP newsgroup(s).