From: dpdklab@iol.unh.edu
To: Test Report <test-report@dpdk.org>
Cc: dpdklab@iol.unh.edu, Yanling Song <songyl@ramaxel.com>
Subject: |FAILURE| pw105330-105353 [PATCH] [v2, 25/25] net/spnic: add doc infrastructure
Date: Thu, 23 Dec 2021 09:26:27 +0000 (UTC) [thread overview]
Message-ID: <20211223092627.2890C601F5@dpdk-ubuntu.dpdklab.iol.unh.edu> (raw)
[-- Attachment #1: Type: text/plain, Size: 4254 bytes --]
Test-Label: iol-aarch64-compile-testing
Test-Status: FAILURE
http://dpdk.org/patch/105353
_Testing issues_
Submitter: Yanling Song <songyl@ramaxel.com>
Date: Thursday, December 23 2021 08:24:08
DPDK git baseline: Repo:dpdk
Branch: master
CommitID:042f5a355a57b31a9f87824173a9d427b21abdb8
105330-105353 --> testing fail
Test environment and result as below:
+----------------------------------------+--------------------+
| Environment | dpdk_meson_compile |
+========================================+====================+
| Ubuntu 20.04 aarch32 GCC Cross Compile | PASS |
+----------------------------------------+--------------------+
| Ubuntu 20.04 ARM GCC Native | PASS |
+----------------------------------------+--------------------+
| Ubuntu 20.04 ARM GCC Cross Compile | PASS |
+----------------------------------------+--------------------+
| Ubuntu 20.04 ARM Clang Cross Compile | FAIL |
+----------------------------------------+--------------------+
| Ubuntu 20.04 ARM SVE | PASS |
+----------------------------------------+--------------------+
| Ubuntu 20.04 ARM Clang Native | FAIL |
+----------------------------------------+--------------------+
==== 20 line log output for Ubuntu 20.04 ARM Clang Native (dpdk_meson_compile): ====
[2070/2873] Compiling C object 'drivers/a715181@@tmp_rte_crypto_mlx5@sta/crypto_mlx5_mlx5_crypto.c.o'.
[2071/2873] Compiling C object 'drivers/a715181@@tmp_rte_crypto_nitrox@sta/crypto_nitrox_nitrox_qp.c.o'.
[2072/2873] Generating rte_raw_ntb.pmd.c with a custom command.
[2073/2873] Compiling C object 'drivers/a715181@@tmp_rte_crypto_mlx5@sta/crypto_mlx5_mlx5_crypto_dek.c.o'.
[2074/2873] Compiling C object 'drivers/a715181@@tmp_rte_crypto_octeontx@sta/crypto_octeontx_otx_cryptodev_hw_access.c.o'.
[2075/2873] Compiling C object 'drivers/a715181@@tmp_rte_crypto_dpaa_sec@sta/crypto_dpaa_sec_dpaa_sec_raw_dp.c.o'.
[2076/2873] Compiling C object 'drivers/a715181@@tmp_rte_crypto_octeontx2@sta/crypto_octeontx2_otx2_cryptodev_capabilities.c.o'.
[2077/2873] Generating rte_raw_ifpga.pmd.c with a custom command.
[2078/2873] Compiling C object 'drivers/a715181@@tmp_rte_crypto_octeontx@sta/crypto_octeontx_otx_cryptodev_ops.c.o'.
[2079/2873] Generating rte_raw_skeleton.pmd.c with a custom command.
[2080/2873] Compiling C object 'drivers/a715181@@tmp_rte_crypto_nitrox@sta/crypto_nitrox_nitrox_sym_reqmgr.c.o'.
[2081/2873] Compiling C object 'drivers/a715181@@tmp_rte_crypto_nitrox@sta/crypto_nitrox_nitrox_sym.c.o'.
[2082/2873] Compiling C object 'drivers/a715181@@tmp_rte_crypto_octeontx@sta/crypto_octeontx_otx_cryptodev_mbox.c.o'.
[2083/2873] Compiling C object 'drivers/a715181@@tmp_rte_crypto_octeontx@sta/crypto_octeontx_otx_cryptodev.c.o'.
[2084/2873] Compiling C object 'drivers/a715181@@tmp_rte_crypto_octeontx2@sta/crypto_octeontx2_otx2_cryptodev.c.o'.
[2085/2873] Compiling C object 'drivers/a715181@@tmp_rte_crypto_octeontx2@sta/crypto_octeontx2_otx2_cryptodev_hw_access.c.o'.
[2086/2873] Generating symbol file 'drivers/a715181@@rte_common_mlx5@sha/librte_common_mlx5.so.22.1.symbols'.
[2087/2873] Generating symbol file 'lib/76b5a35@@rte_lpm@sha/librte_lpm.so.22.1.symbols'.
[2088/2873] Generating rte_net_virtio.pmd.c with a custom command.
ninja: build stopped: subcommand failed.
==== End log output ====
Ubuntu 20.04 aarch32 GCC Cross Compile
Kernel: 5.4.0-72-generic
Compiler: gcc 9.3.0
Ubuntu 20.04 ARM GCC Native
Kernel: 5.4.0-53-generic
Compiler: gcc 9.3
Ubuntu 20.04 ARM GCC Cross Compile
Kernel: 5.4.0-72-generic
Compiler: aarch64-linux-gnu-gcc (Ubuntu 9.3.0-17ubuntu1~20.04) 9.3.0
Ubuntu 20.04 ARM Clang Cross Compile
Kernel: 5.4.0-72-generic
Compiler: clang version 10.0.0-4ubuntu1
Ubuntu 20.04 ARM SVE
Kernel: 5.4.0-80-generic
Compiler: gcc 10.3.0 (Ubuntu 10.3.0-1ubuntu1~20.04)
Ubuntu 20.04 ARM Clang Native
Kernel: 5.4.0-53-generic
Compiler: clang 10.0.0-4ubuntu1
To view detailed results, visit:
https://lab.dpdk.org/results/dashboard/patchsets/20551/
UNH-IOL DPDK Community Lab
To manage your email subscriptions, visit:
https://lab.dpdk.org/results/dashboard/preferences/subscriptions/
next reply other threads:[~2021-12-23 9:26 UTC|newest]
Thread overview: 4+ messages / expand[flat|nested] mbox.gz Atom feed top
2021-12-23 9:26 dpdklab [this message]
-- strict thread matches above, loose matches on Subject: below --
2021-12-23 9:24 dpdklab
2021-12-23 9:17 dpdklab
2021-12-23 9:11 dpdklab
Reply instructions:
You may reply publicly to this message via plain-text email
using any one of the following methods:
* Save the following mbox file, import it into your mail client,
and reply-to-all from there: mbox
Avoid top-posting and favor interleaved quoting:
https://en.wikipedia.org/wiki/Posting_style#Interleaved_style
* Reply using the --to, --cc, and --in-reply-to
switches of git-send-email(1):
git send-email \
--in-reply-to=20211223092627.2890C601F5@dpdk-ubuntu.dpdklab.iol.unh.edu \
--to=dpdklab@iol.unh.edu \
--cc=songyl@ramaxel.com \
--cc=test-report@dpdk.org \
/path/to/YOUR_REPLY
https://kernel.org/pub/software/scm/git/docs/git-send-email.html
* If your mail client supports setting the In-Reply-To header
via mailto: links, try the mailto: link
Be sure your reply has a Subject: header at the top and a blank line
before the message body.
This is a public inbox, see mirroring instructions
for how to clone and mirror all data and code used for this inbox;
as well as URLs for NNTP newsgroup(s).