* |WARNING| pw105547 [PATCH] net/enic: support GENEVE flow item
@ 2022-01-03 3:51 dpdklab
0 siblings, 0 replies; only message in thread
From: dpdklab @ 2022-01-03 3:51 UTC (permalink / raw)
To: Test Report; +Cc: dpdklab, Hyong Youb Kim
[-- Attachment #1: Type: text/plain, Size: 2675 bytes --]
Test-Label: iol-aarch64-unit-testing
Test-Status: WARNING
http://dpdk.org/patch/105547
_Testing issues_
Submitter: Hyong Youb Kim <hyonkim@cisco.com>
Date: Monday, January 03 2022 02:58:06
DPDK git baseline: Repo:dpdk
Branch: master
CommitID:042f5a355a57b31a9f87824173a9d427b21abdb8
105547 --> testing fail
Test environment and result as below:
+-------------------------------+----------------+--------------+
| Environment | dpdk_unit_test | lpm_autotest |
+===============================+================+==============+
| Ubuntu 20.04 ARM GCC Native | PASS | SKIPPED |
+-------------------------------+----------------+--------------+
| Ubuntu 20.04 ARM Clang Native | PASS | SKIPPED |
+-------------------------------+----------------+--------------+
| Ubuntu 20.04 ARM SVE | SKIPPED | FAIL |
+-------------------------------+----------------+--------------+
==== 20 line log output for Ubuntu 20.04 ARM SVE (lpm_autotest): ====
[720/736] Generating symbol file 'lib/76b5a35@@rte_bpf@sha/librte_bpf.so.22.1.symbols'.
[721/736] Linking target app/dpdk-test-eventdev.
[722/736] Linking target lib/librte_node.so.22.1.
[723/736] Linking target app/dpdk-test-fib.
[724/736] Linking target app/dpdk-test-sad.
[725/736] Linking target lib/librte_port.so.22.1.
[726/736] Linking target app/dpdk-testpmd.
[727/736] Generating symbol file 'lib/76b5a35@@rte_port@sha/librte_port.so.22.1.symbols'.
[728/736] Generating symbol file 'lib/76b5a35@@rte_node@sha/librte_node.so.22.1.symbols'.
[729/736] Linking target lib/librte_table.so.22.1.
[730/736] Generating symbol file 'lib/76b5a35@@rte_table@sha/librte_table.so.22.1.symbols'.
[731/736] Linking target lib/librte_flow_classify.so.22.1.
[732/736] Linking target lib/librte_pipeline.so.22.1.
[733/736] Generating symbol file 'lib/76b5a35@@rte_flow_classify@sha/librte_flow_classify.so.22.1.symbols'.
[734/736] Generating symbol file 'lib/76b5a35@@rte_pipeline@sha/librte_pipeline.so.22.1.symbols'.
[735/736] Linking target app/dpdk-test-pipeline.
[736/736] Linking target app/test/dpdk-test.
RTE>>lpm_autotest
Test OK
RTE>>
==== End log output ====
Ubuntu 20.04 ARM GCC Native
Kernel: 5.4.0-53-generic
Compiler: gcc 9.3
Ubuntu 20.04 ARM Clang Native
Kernel: 5.4.0-53-generic
Compiler: clang 10.0.0-4ubuntu1
Ubuntu 20.04 ARM SVE
Kernel: 5.4.0-80-generic
Compiler: gcc 10.3.0 (Ubuntu 10.3.0-1ubuntu1~20.04)
To view detailed results, visit:
https://lab.dpdk.org/results/dashboard/patchsets/20584/
UNH-IOL DPDK Community Lab
To manage your email subscriptions, visit:
https://lab.dpdk.org/results/dashboard/preferences/subscriptions/
^ permalink raw reply [flat|nested] only message in thread
only message in thread, other threads:[~2022-01-03 3:51 UTC | newest]
Thread overview: (only message) (download: mbox.gz / follow: Atom feed)
-- links below jump to the message on this page --
2022-01-03 3:51 |WARNING| pw105547 [PATCH] net/enic: support GENEVE flow item dpdklab
This is a public inbox, see mirroring instructions
for how to clone and mirror all data and code used for this inbox;
as well as URLs for NNTP newsgroup(s).