* |FAILURE| pw105709-105712 [PATCH] [v1, 6/6] net/axgbe: alter the port speed bit range
@ 2022-01-10 12:38 dpdklab
0 siblings, 0 replies; 3+ messages in thread
From: dpdklab @ 2022-01-10 12:38 UTC (permalink / raw)
To: Test Report; +Cc: dpdklab, Selwin Sebastian
[-- Attachment #1: Type: text/plain, Size: 2984 bytes --]
Test-Label: iol-aarch64-unit-testing
Test-Status: FAILURE
http://dpdk.org/patch/105712
_Testing issues_
Submitter: Selwin Sebastian <ssebasti@amd.com>
Date: Monday, January 10 2022 11:35:09
DPDK git baseline: Repo:dpdk
Branch: master
CommitID:042f5a355a57b31a9f87824173a9d427b21abdb8
105709-105712 --> testing fail
Test environment and result as below:
+-------------------------------+----------------+--------------+
| Environment | dpdk_unit_test | lpm_autotest |
+===============================+================+==============+
| Ubuntu 20.04 ARM Clang Native | PASS | SKIPPED |
+-------------------------------+----------------+--------------+
| Ubuntu 20.04 ARM GCC Native | FAIL | SKIPPED |
+-------------------------------+----------------+--------------+
| Ubuntu 20.04 ARM SVE | SKIPPED | PASS |
+-------------------------------+----------------+--------------+
==== 20 line log output for Ubuntu 20.04 ARM GCC Native (dpdk_unit_test): ====
[1275/2850] Compiling C object 'drivers/a715181@@tmp_rte_net_hns3@sta/net_hns3_hns3_fdir.c.o'.
[1276/2850] Compiling C object 'drivers/a715181@@tmp_rte_net_hns3@sta/net_hns3_hns3_rss.c.o'.
[1277/2850] Linking target lib/librte_cryptodev.so.22.1.
[1278/2850] Compiling C object 'drivers/a715181@@tmp_rte_net_hns3@sta/net_hns3_hns3_ethdev_vf.c.o'.
[1279/2850] Linking static target drivers/libtmp_rte_net_enic.a.
[1280/2850] Generating rte_net_fm10k_mingw with a custom command.
[1281/2850] Compiling C object 'drivers/a715181@@tmp_rte_net_hinic@sta/net_hinic_hinic_pmd_rx.c.o'.
[1282/2850] Linking target lib/librte_net.so.22.1.
[1283/2850] Generating rte_net_bond.pmd.c with a custom command.
[1284/2850] Generating rte_net_hinic_def with a custom command.
[1285/2850] Compiling C object 'drivers/a715181@@tmp_rte_net_hns3@sta/net_hns3_hns3_mbx.c.o'.
[1286/2850] Linking target lib/librte_sched.so.22.1.
[1287/2850] Generating rte_net_hinic_mingw with a custom command.
[1288/2850] Generating symbol file 'lib/76b5a35@@rte_rib@sha/librte_rib.so.22.1.symbols'.
[1289/2850] Generating rte_net_cxgbe.pmd.c with a custom command.
[1290/2850] Generating rte_net_dpaa.pmd.c with a custom command.
[1291/2850] Generating rte_net_dpaa2.pmd.c with a custom command.
[1292/2850] Generating rte_net_cnxk.pmd.c with a custom command.
[1293/2850] Generating rte_net_bnxt.pmd.c with a custom command.
ninja: build stopped: subcommand failed.
==== End log output ====
Ubuntu 20.04 ARM Clang Native
Kernel: 5.4.0-53-generic
Compiler: clang 10.0.0-4ubuntu1
Ubuntu 20.04 ARM GCC Native
Kernel: 5.4.0-53-generic
Compiler: gcc 9.3
Ubuntu 20.04 ARM SVE
Kernel: 5.4.0-80-generic
Compiler: gcc 10.3.0 (Ubuntu 10.3.0-1ubuntu1~20.04)
To view detailed results, visit:
https://lab.dpdk.org/results/dashboard/patchsets/20626/
UNH-IOL DPDK Community Lab
To manage your email subscriptions, visit:
https://lab.dpdk.org/results/dashboard/preferences/subscriptions/
^ permalink raw reply [flat|nested] 3+ messages in thread
* |FAILURE| pw105709-105712 [PATCH] [v1, 6/6] net/axgbe: alter the port speed bit range
@ 2022-01-10 12:47 dpdklab
0 siblings, 0 replies; 3+ messages in thread
From: dpdklab @ 2022-01-10 12:47 UTC (permalink / raw)
To: Test Report; +Cc: dpdklab, Selwin Sebastian
[-- Attachment #1: Type: text/plain, Size: 3985 bytes --]
Test-Label: iol-aarch64-compile-testing
Test-Status: FAILURE
http://dpdk.org/patch/105712
_Testing issues_
Submitter: Selwin Sebastian <ssebasti@amd.com>
Date: Monday, January 10 2022 11:35:09
DPDK git baseline: Repo:dpdk
Branch: master
CommitID:042f5a355a57b31a9f87824173a9d427b21abdb8
105709-105712 --> testing fail
Test environment and result as below:
+----------------------------------------+--------------------+
| Environment | dpdk_meson_compile |
+========================================+====================+
| Ubuntu 20.04 ARM Clang Native | PASS |
+----------------------------------------+--------------------+
| Ubuntu 20.04 ARM GCC Native | FAIL |
+----------------------------------------+--------------------+
| Ubuntu 20.04 ARM GCC Cross Compile | FAIL |
+----------------------------------------+--------------------+
| Ubuntu 20.04 aarch32 GCC Cross Compile | FAIL |
+----------------------------------------+--------------------+
| Ubuntu 20.04 ARM SVE | PASS |
+----------------------------------------+--------------------+
| Ubuntu 20.04 ARM Clang Cross Compile | PASS |
+----------------------------------------+--------------------+
==== 20 line log output for Ubuntu 20.04 aarch32 GCC Cross Compile (dpdk_meson_compile): ====
| ^~~~
cc1: all warnings being treated as errors
[816/2227] Compiling C object 'drivers/a715181@@rte_mempool_bucket@sta/meson-generated_.._rte_mempool_bucket.pmd.c.o'.
[817/2227] Compiling C object 'drivers/a715181@@rte_mempool_bucket@sha/meson-generated_.._rte_mempool_bucket.pmd.c.o'.
[818/2227] Compiling C object 'drivers/a715181@@tmp_rte_net_txgbe@sta/net_txgbe_txgbe_rxtx.c.o'.
[819/2227] Compiling C object 'drivers/a715181@@tmp_rte_net_bnxt@sta/net_bnxt_bnxt_rxq.c.o'.
[820/2227] Compiling C object 'drivers/a715181@@tmp_rte_net_avp@sta/net_avp_avp_ethdev.c.o'.
[821/2227] Compiling C object 'drivers/a715181@@tmp_rte_net_bnxt@sta/net_bnxt_bnxt_irq.c.o'.
[822/2227] Compiling C object 'drivers/a715181@@tmp_rte_net_axgbe@sta/net_axgbe_axgbe_rxtx.c.o'.
[823/2227] Compiling C object 'drivers/a715181@@tmp_rte_net_bnxt@sta/net_bnxt_bnxt_util.c.o'.
[824/2227] Generating rte_net_atlantic.pmd.c with a custom command.
[825/2227] Compiling C object 'drivers/a715181@@tmp_rte_net_bnxt@sta/net_bnxt_bnxt_stats.c.o'.
[826/2227] Compiling C object 'drivers/a715181@@tmp_rte_net_bnxt@sta/net_bnxt_bnxt_ring.c.o'.
[827/2227] Compiling C object 'drivers/a715181@@tmp_rte_net_bnxt@sta/net_bnxt_rte_pmd_bnxt.c.o'.
[828/2227] Compiling C object 'drivers/a715181@@tmp_rte_net_bnxt@sta/net_bnxt_bnxt_reps.c.o'.
[829/2227] Compiling C object 'drivers/a715181@@tmp_rte_net_bnxt@sta/net_bnxt_bnxt_rxr.c.o'.
[830/2227] Compiling C object 'drivers/a715181@@tmp_rte_net_bnxt@sta/net_bnxt_bnxt_flow.c.o'.
[831/2227] Compiling C object 'drivers/a715181@@tmp_rte_net_bnxt@sta/net_bnxt_bnxt_ethdev.c.o'.
[832/2227] Compiling C object 'drivers/a715181@@tmp_rte_net_bnxt@sta/net_bnxt_bnxt_hwrm.c.o'.
ninja: build stopped: subcommand failed.
==== End log output ====
Ubuntu 20.04 ARM Clang Native
Kernel: 5.4.0-53-generic
Compiler: clang 10.0.0-4ubuntu1
Ubuntu 20.04 ARM GCC Native
Kernel: 5.4.0-53-generic
Compiler: gcc 9.3
Ubuntu 20.04 ARM GCC Cross Compile
Kernel: 5.4.0-72-generic
Compiler: aarch64-linux-gnu-gcc (Ubuntu 9.3.0-17ubuntu1~20.04) 9.3.0
Ubuntu 20.04 aarch32 GCC Cross Compile
Kernel: 5.4.0-72-generic
Compiler: gcc 9.3.0
Ubuntu 20.04 ARM SVE
Kernel: 5.4.0-80-generic
Compiler: gcc 10.3.0 (Ubuntu 10.3.0-1ubuntu1~20.04)
Ubuntu 20.04 ARM Clang Cross Compile
Kernel: 5.4.0-72-generic
Compiler: clang version 10.0.0-4ubuntu1
To view detailed results, visit:
https://lab.dpdk.org/results/dashboard/patchsets/20626/
UNH-IOL DPDK Community Lab
To manage your email subscriptions, visit:
https://lab.dpdk.org/results/dashboard/preferences/subscriptions/
^ permalink raw reply [flat|nested] 3+ messages in thread
* |FAILURE| pw105709-105712 [PATCH] [v1, 6/6] net/axgbe: alter the port speed bit range
@ 2022-01-10 12:46 dpdklab
0 siblings, 0 replies; 3+ messages in thread
From: dpdklab @ 2022-01-10 12:46 UTC (permalink / raw)
To: Test Report; +Cc: dpdklab, Selwin Sebastian
[-- Attachment #1: Type: text/plain, Size: 4245 bytes --]
Test-Label: iol-x86_64-unit-testing
Test-Status: FAILURE
http://dpdk.org/patch/105712
_Testing issues_
Submitter: Selwin Sebastian <ssebasti@amd.com>
Date: Monday, January 10 2022 11:35:09
DPDK git baseline: Repo:dpdk
Branch: master
CommitID:042f5a355a57b31a9f87824173a9d427b21abdb8
105709-105712 --> testing fail
Test environment and result as below:
+------------------+----------------+
| Environment | dpdk_unit_test |
+==================+================+
| Ubuntu 18.04 | FAIL |
+------------------+----------------+
| CentOS Stream 8 | FAIL |
+------------------+----------------+
| Fedora 34 | FAIL |
+------------------+----------------+
| Fedora 33 | FAIL |
+------------------+----------------+
| openSUSE Leap 15 | FAIL |
+------------------+----------------+
| Ubuntu 20.04 | FAIL |
+------------------+----------------+
| Fedora 31 | FAIL |
+------------------+----------------+
| RHEL 7 | PASS |
+------------------+----------------+
| RHEL8 | FAIL |
+------------------+----------------+
| CentOS 8 | FAIL |
+------------------+----------------+
| Arch Linux | FAIL |
+------------------+----------------+
| Fedora 32 | FAIL |
+------------------+----------------+
| Fedora 34 clang | PASS |
+------------------+----------------+
==== 20 line log output for Fedora 32 (dpdk_unit_test): ====
| ^~~~
cc1: all warnings being treated as errors
[1394/2880] Linking target drivers/librte_net_dpaa.so.22.1.
[1395/2880] Generating rte_net_enetfec.pmd.c with a custom command.
[1396/2880] Generating rte_net_ena.pmd.c with a custom command.
[1397/2880] Compiling C object 'drivers/net/hinic/base/12a4447@@hinic_base@sta/hinic_pmd_hwif.c.o'.
[1398/2880] Compiling C object 'drivers/net/hinic/base/12a4447@@hinic_base@sta/hinic_pmd_mgmt.c.o'.
[1399/2880] Compiling C object 'drivers/net/hinic/base/12a4447@@hinic_base@sta/hinic_pmd_niccfg.c.o'.
[1400/2880] Linking static target drivers/librte_net_enetc.a.
[1401/2880] Compiling C object 'drivers/net/hinic/base/12a4447@@hinic_base@sta/hinic_pmd_nicio.c.o'.
[1402/2880] Generating rte_net_dpaa2.pmd.c with a custom command.
[1403/2880] Generating rte_net_e1000.pmd.c with a custom command.
[1404/2880] Generating symbol file 'lib/76b5a35@@rte_pipeline@sha/librte_pipeline.so.22.1.symbols'.
[1405/2880] Linking target drivers/librte_net_enetc.so.22.1.
[1406/2880] Generating rte_net_failsafe.pmd.c with a custom command.
[1407/2880] Generating rte_net_fm10k.pmd.c with a custom command.
[1408/2880] Generating rte_net_cnxk.pmd.c with a custom command.
[1409/2880] Generating rte_net_enic.pmd.c with a custom command.
[1410/2880] Generating rte_net_bnxt.pmd.c with a custom command.
ninja: build stopped: subcommand failed.
==== End log output ====
Ubuntu 18.04
Kernel: 4.18.0-240.10.1.el8_3.x86_64
Compiler: gcc 7.5.0-3ubuntu1~18.04
CentOS Stream 8
Kernel: 4.18.0-240.10.1.el8_3.x86_64
Compiler: gcc 8.4.1 20200928
Fedora 34
Kernel: 5.4.0-72-generic
Compiler: gcc 11.1.1 20210428 (Red Hat 11.1.1-1)
Fedora 33
Kernel: 5.4.0-72-generic
Compiler: gcc 10.3.1 20210422 (Red Hat 10.3.1-1)
openSUSE Leap 15
Kernel: 4.18.0-240.10.1.el8_3.x86_64
Compiler: gcc 7.5.0
Ubuntu 20.04
Kernel: 4.18.0-240.10.1.el8_3.x86_64
Compiler: gcc 9.3.0-17ubuntu1~20.04
Fedora 31
Kernel: 4.18.0-240.10.1.el8_3.x86_64
Compiler: gcc 9.3.1
RHEL 7
Kernel: 4.18.0-240.10.1.el8_3.x86_64
Compiler: gcc 4.8.5 20150623 (Red Hat 4.8.5-44)
RHEL8
Kernel: 4.18.0-240.10.1.el8_3.x86_64
Compiler: gcc 8.3.1 20191121 (Red Hat 8.3.1-5)
CentOS 8
Kernel: 4.18.0-240.10.1.el8_3.x86_64
Compiler: gcc 8.3.1 20191121 (Red Hat 8.3.1-5)
Arch Linux
Kernel: 5.4.0-73-generic
Compiler: gcc 11.1.0
Fedora 32
Kernel: 4.18.0-240.10.1.el8_3.x86_64
Compiler: gcc 10.2.1
Fedora 34 clang
Kernel: 5.4.0-72-generic
Compiler: clang 12.0.0 (Fedora 12.0.0-0.3.rc1.fc34)
To view detailed results, visit:
https://lab.dpdk.org/results/dashboard/patchsets/20626/
UNH-IOL DPDK Community Lab
To manage your email subscriptions, visit:
https://lab.dpdk.org/results/dashboard/preferences/subscriptions/
^ permalink raw reply [flat|nested] 3+ messages in thread
end of thread, other threads:[~2022-01-10 12:47 UTC | newest]
Thread overview: 3+ messages (download: mbox.gz / follow: Atom feed)
-- links below jump to the message on this page --
2022-01-10 12:38 |FAILURE| pw105709-105712 [PATCH] [v1, 6/6] net/axgbe: alter the port speed bit range dpdklab
2022-01-10 12:46 dpdklab
2022-01-10 12:47 dpdklab
This is a public inbox, see mirroring instructions
for how to clone and mirror all data and code used for this inbox;
as well as URLs for NNTP newsgroup(s).