* |FAILURE| pw106012 [PATCH] [v2] app/testpmd: fix dereference before null check
@ 2022-01-18 18:50 dpdklab
0 siblings, 0 replies; only message in thread
From: dpdklab @ 2022-01-18 18:50 UTC (permalink / raw)
To: Test Report; +Cc: dpdklab, Sean Morrissey
[-- Attachment #1: Type: text/plain, Size: 2619 bytes --]
Test-Label: iol-aarch64-unit-testing
Test-Status: FAILURE
http://dpdk.org/patch/106012
_Testing issues_
Submitter: Sean Morrissey <sean.morrissey@intel.com>
Date: Tuesday, January 18 2022 10:53:09
DPDK git baseline: Repo:dpdk
Branch: master
CommitID:cadb255e25d690d719d6f159e0a63f8be60650a5
106012 --> testing fail
Test environment and result as below:
+-------------------------------+----------------+--------------+
| Environment | dpdk_unit_test | lpm_autotest |
+===============================+================+==============+
| Ubuntu 20.04 ARM GCC Native | FAIL | SKIPPED |
+-------------------------------+----------------+--------------+
| Ubuntu 20.04 ARM Clang Native | PASS | SKIPPED |
+-------------------------------+----------------+--------------+
| Ubuntu 20.04 ARM SVE | SKIPPED | PASS |
+-------------------------------+----------------+--------------+
==== 20 line log output for Ubuntu 20.04 ARM GCC Native (dpdk_unit_test): ====
90/99 DPDK:fast-tests / metrics_autotest OK 0.68s
91/99 DPDK:fast-tests / telemetry_json_autotest OK 0.68s
92/99 DPDK:fast-tests / telemetry_data_autotest OK 0.66s
93/99 DPDK:fast-tests / ring_pmd_autotest OK 0.38s
94/99 DPDK:fast-tests / event_eth_tx_adapter_autotest OK 3.05s
95/99 DPDK:fast-tests / bitratestats_autotest OK 0.38s
96/99 DPDK:fast-tests / latencystats_autotest OK 0.38s
97/99 DPDK:fast-tests / pdump_autotest OK 5.71s
98/99 DPDK:fast-tests / vdev_autotest OK 0.38s
99/99 DPDK:fast-tests / compressdev_autotest SKIP 1.00s exit status 77
Ok: 94
Expected Fail: 0
Fail: 1
Unexpected Pass: 0
Skipped: 4
Timeout: 0
Full log written to /home-local/jenkins-local/jenkins-agent/workspace/Generic-VM-Unit-Test-DPDK/dpdk/build/meson-logs/testlog.txt
==== End log output ====
Ubuntu 20.04 ARM GCC Native
Kernel: 5.4.0-53-generic
Compiler: gcc 9.3
Ubuntu 20.04 ARM Clang Native
Kernel: 5.4.0-53-generic
Compiler: clang 10.0.0-4ubuntu1
Ubuntu 20.04 ARM SVE
Kernel: 5.4.0-80-generic
Compiler: gcc 10.3.0 (Ubuntu 10.3.0-1ubuntu1~20.04)
To view detailed results, visit:
https://lab.dpdk.org/results/dashboard/patchsets/20708/
UNH-IOL DPDK Community Lab
To manage your email subscriptions, visit:
https://lab.dpdk.org/results/dashboard/preferences/subscriptions/
^ permalink raw reply [flat|nested] only message in thread
only message in thread, other threads:[~2022-01-18 18:50 UTC | newest]
Thread overview: (only message) (download: mbox.gz / follow: Atom feed)
-- links below jump to the message on this page --
2022-01-18 18:50 |FAILURE| pw106012 [PATCH] [v2] app/testpmd: fix dereference before null check dpdklab
This is a public inbox, see mirroring instructions
for how to clone and mirror all data and code used for this inbox;
as well as URLs for NNTP newsgroup(s).