* |FAILURE| pw106003-106006 [PATCH] [v2, 4/4] raw/ifpga/base: fix port feature ID
@ 2022-01-18 19:05 dpdklab
0 siblings, 0 replies; only message in thread
From: dpdklab @ 2022-01-18 19:05 UTC (permalink / raw)
To: Test Report; +Cc: dpdklab, Wei Huang
[-- Attachment #1: Type: text/plain, Size: 2616 bytes --]
Test-Label: iol-aarch64-unit-testing
Test-Status: FAILURE
http://dpdk.org/patch/106006
_Testing issues_
Submitter: Wei Huang <wei.huang@intel.com>
Date: Tuesday, January 18 2022 07:37:39
DPDK git baseline: Repo:dpdk
Branch: master
CommitID:cadb255e25d690d719d6f159e0a63f8be60650a5
106003-106006 --> testing fail
Test environment and result as below:
+-------------------------------+--------------+----------------+
| Environment | lpm_autotest | dpdk_unit_test |
+===============================+==============+================+
| Ubuntu 20.04 ARM SVE | PASS | SKIPPED |
+-------------------------------+--------------+----------------+
| Ubuntu 20.04 ARM GCC Native | SKIPPED | FAIL |
+-------------------------------+--------------+----------------+
| Ubuntu 20.04 ARM Clang Native | SKIPPED | PASS |
+-------------------------------+--------------+----------------+
==== 20 line log output for Ubuntu 20.04 ARM GCC Native (dpdk_unit_test): ====
90/99 DPDK:fast-tests / metrics_autotest OK 2.41s
91/99 DPDK:fast-tests / telemetry_json_autotest OK 2.33s
92/99 DPDK:fast-tests / telemetry_data_autotest OK 2.42s
93/99 DPDK:fast-tests / ring_pmd_autotest OK 2.33s
94/99 DPDK:fast-tests / event_eth_tx_adapter_autotest OK 3.82s
95/99 DPDK:fast-tests / bitratestats_autotest OK 2.41s
96/99 DPDK:fast-tests / latencystats_autotest OK 2.34s
97/99 DPDK:fast-tests / pdump_autotest OK 7.82s
98/99 DPDK:fast-tests / vdev_autotest OK 2.41s
99/99 DPDK:fast-tests / compressdev_autotest SKIP 2.34s exit status 77
Ok: 93
Expected Fail: 0
Fail: 2
Unexpected Pass: 0
Skipped: 4
Timeout: 0
Full log written to /home-local/jenkins-local/jenkins-agent/workspace/Generic-VM-Unit-Test-DPDK/dpdk/build/meson-logs/testlog.txt
==== End log output ====
Ubuntu 20.04 ARM SVE
Kernel: 5.4.0-80-generic
Compiler: gcc 10.3.0 (Ubuntu 10.3.0-1ubuntu1~20.04)
Ubuntu 20.04 ARM GCC Native
Kernel: 5.4.0-53-generic
Compiler: gcc 9.3
Ubuntu 20.04 ARM Clang Native
Kernel: 5.4.0-53-generic
Compiler: clang 10.0.0-4ubuntu1
To view detailed results, visit:
https://lab.dpdk.org/results/dashboard/patchsets/20702/
UNH-IOL DPDK Community Lab
To manage your email subscriptions, visit:
https://lab.dpdk.org/results/dashboard/preferences/subscriptions/
^ permalink raw reply [flat|nested] only message in thread
only message in thread, other threads:[~2022-01-18 19:05 UTC | newest]
Thread overview: (only message) (download: mbox.gz / follow: Atom feed)
-- links below jump to the message on this page --
2022-01-18 19:05 |FAILURE| pw106003-106006 [PATCH] [v2, 4/4] raw/ifpga/base: fix port feature ID dpdklab
This is a public inbox, see mirroring instructions
for how to clone and mirror all data and code used for this inbox;
as well as URLs for NNTP newsgroup(s).