* |FAILURE| [GIT MASTER] 4d47f374314997c7f0be9bb5e3f9f757b5ed15e5
@ 2022-01-19 6:53 dpdklab
0 siblings, 0 replies; 7+ messages in thread
From: dpdklab @ 2022-01-19 6:53 UTC (permalink / raw)
To: Test Report; +Cc: dpdklab
[-- Attachment #1: Type: text/plain, Size: 2392 bytes --]
_Testing issues_
Branch: tags/v20.11
4d47f374314997c7f0be9bb5e3f9f757b5ed15e5 --> testing fail
Test environment and result as below:
+-------------------------------+----------------+--------------+
| Environment | dpdk_unit_test | lpm_autotest |
+===============================+================+==============+
| Ubuntu 20.04 ARM GCC Native | FAIL | SKIPPED |
+-------------------------------+----------------+--------------+
| Ubuntu 20.04 ARM Clang Native | PASS | SKIPPED |
+-------------------------------+----------------+--------------+
| Ubuntu 20.04 ARM SVE | SKIPPED | PASS |
+-------------------------------+----------------+--------------+
==== 20 line log output for Ubuntu 20.04 ARM GCC Native (dpdk_unit_test): ====
85/94 DPDK:fast-tests / thash_autotest OK 0.92s
86/94 DPDK:fast-tests / trace_autotest OK 0.75s
87/94 DPDK:fast-tests / telemetry_json_autotest OK 0.80s
88/94 DPDK:fast-tests / telemetry_data_autotest OK 0.79s
89/94 DPDK:fast-tests / ring_pmd_autotest OK 0.51s
90/94 DPDK:fast-tests / event_eth_tx_adapter_autotest OK 2.90s
91/94 DPDK:fast-tests / bitratestats_autotest OK 0.50s
92/94 DPDK:fast-tests / latencystats_autotest OK 0.50s
93/94 DPDK:fast-tests / pdump_autotest OK 5.80s
94/94 DPDK:fast-tests / compressdev_autotest SKIP 0.78s exit status 77
Ok: 88
Expected Fail: 0
Fail: 0
Unexpected Pass: 0
Skipped: 5
Timeout: 1
Full log written to /home-local/jenkins-local/jenkins-agent/workspace/Generic-VM-Unit-Test-DPDK/dpdk/build/meson-logs/testlog.txt
==== End log output ====
Ubuntu 20.04 ARM GCC Native
Kernel: 5.4.0-53-generic
Compiler: gcc 9.3
Ubuntu 20.04 ARM Clang Native
Kernel: 5.4.0-53-generic
Compiler: clang 10.0.0-4ubuntu1
Ubuntu 20.04 ARM SVE
Kernel: 5.4.0-80-generic
Compiler: gcc 10.3.0 (Ubuntu 10.3.0-1ubuntu1~20.04)
To view detailed results, visit:
https://lab.dpdk.org/results/dashboard/tarballs/18333/
UNH-IOL DPDK Community Lab
To manage your email subscriptions, visit:
https://lab.dpdk.org/results/dashboard/preferences/subscriptions/
^ permalink raw reply [flat|nested] 7+ messages in thread
* |FAILURE| [GIT MASTER] 4d47f374314997c7f0be9bb5e3f9f757b5ed15e5
@ 2022-01-21 7:16 dpdklab
0 siblings, 0 replies; 7+ messages in thread
From: dpdklab @ 2022-01-21 7:16 UTC (permalink / raw)
To: Test Report; +Cc: dpdklab
[-- Attachment #1: Type: text/plain, Size: 2394 bytes --]
_Testing issues_
Branch: tags/v20.11
4d47f374314997c7f0be9bb5e3f9f757b5ed15e5 --> testing fail
Test environment and result as below:
+-------------------------------+----------------+--------------+
| Environment | dpdk_unit_test | lpm_autotest |
+===============================+================+==============+
| Ubuntu 20.04 ARM GCC Native | PASS | SKIPPED |
+-------------------------------+----------------+--------------+
| Ubuntu 20.04 ARM Clang Native | FAIL | SKIPPED |
+-------------------------------+----------------+--------------+
| Ubuntu 20.04 ARM SVE | SKIPPED | PASS |
+-------------------------------+----------------+--------------+
==== 20 line log output for Ubuntu 20.04 ARM Clang Native (dpdk_unit_test): ====
85/94 DPDK:fast-tests / thash_autotest OK 0.77s
86/94 DPDK:fast-tests / trace_autotest OK 0.85s
87/94 DPDK:fast-tests / telemetry_json_autotest OK 0.92s
88/94 DPDK:fast-tests / telemetry_data_autotest OK 0.69s
89/94 DPDK:fast-tests / ring_pmd_autotest OK 0.48s
90/94 DPDK:fast-tests / event_eth_tx_adapter_autotest OK 1.73s
91/94 DPDK:fast-tests / bitratestats_autotest OK 0.48s
92/94 DPDK:fast-tests / latencystats_autotest OK 0.48s
93/94 DPDK:fast-tests / pdump_autotest OK 5.68s
94/94 DPDK:fast-tests / compressdev_autotest SKIP 0.80s exit status 77
Ok: 88
Expected Fail: 0
Fail: 0
Unexpected Pass: 0
Skipped: 5
Timeout: 1
Full log written to /home-local/jenkins-local/jenkins-agent/workspace/Generic-VM-Unit-Test-DPDK/dpdk/build/meson-logs/testlog.txt
==== End log output ====
Ubuntu 20.04 ARM GCC Native
Kernel: 5.4.0-53-generic
Compiler: gcc 9.3
Ubuntu 20.04 ARM Clang Native
Kernel: 5.4.0-53-generic
Compiler: clang 10.0.0-4ubuntu1
Ubuntu 20.04 ARM SVE
Kernel: 5.4.0-80-generic
Compiler: gcc 10.3.0 (Ubuntu 10.3.0-1ubuntu1~20.04)
To view detailed results, visit:
https://lab.dpdk.org/results/dashboard/tarballs/18375/
UNH-IOL DPDK Community Lab
To manage your email subscriptions, visit:
https://lab.dpdk.org/results/dashboard/preferences/subscriptions/
^ permalink raw reply [flat|nested] 7+ messages in thread
* |FAILURE| [GIT MASTER] 4d47f374314997c7f0be9bb5e3f9f757b5ed15e5
@ 2022-01-20 7:16 dpdklab
0 siblings, 0 replies; 7+ messages in thread
From: dpdklab @ 2022-01-20 7:16 UTC (permalink / raw)
To: Test Report; +Cc: dpdklab
[-- Attachment #1: Type: text/plain, Size: 2392 bytes --]
_Testing issues_
Branch: tags/v20.11
4d47f374314997c7f0be9bb5e3f9f757b5ed15e5 --> testing fail
Test environment and result as below:
+-------------------------------+--------------+----------------+
| Environment | lpm_autotest | dpdk_unit_test |
+===============================+==============+================+
| Ubuntu 20.04 ARM SVE | PASS | SKIPPED |
+-------------------------------+--------------+----------------+
| Ubuntu 20.04 ARM GCC Native | SKIPPED | FAIL |
+-------------------------------+--------------+----------------+
| Ubuntu 20.04 ARM Clang Native | SKIPPED | PASS |
+-------------------------------+--------------+----------------+
==== 20 line log output for Ubuntu 20.04 ARM GCC Native (dpdk_unit_test): ====
85/94 DPDK:fast-tests / thash_autotest OK 0.77s
86/94 DPDK:fast-tests / trace_autotest OK 0.84s
87/94 DPDK:fast-tests / telemetry_json_autotest OK 0.95s
88/94 DPDK:fast-tests / telemetry_data_autotest OK 0.70s
89/94 DPDK:fast-tests / ring_pmd_autotest OK 0.48s
90/94 DPDK:fast-tests / event_eth_tx_adapter_autotest OK 1.68s
91/94 DPDK:fast-tests / bitratestats_autotest OK 0.46s
92/94 DPDK:fast-tests / latencystats_autotest OK 0.49s
93/94 DPDK:fast-tests / pdump_autotest OK 5.68s
94/94 DPDK:fast-tests / compressdev_autotest SKIP 0.94s exit status 77
Ok: 88
Expected Fail: 0
Fail: 0
Unexpected Pass: 0
Skipped: 5
Timeout: 1
Full log written to /home-local/jenkins-local/jenkins-agent/workspace/Generic-VM-Unit-Test-DPDK/dpdk/build/meson-logs/testlog.txt
==== End log output ====
Ubuntu 20.04 ARM SVE
Kernel: 5.4.0-80-generic
Compiler: gcc 10.3.0 (Ubuntu 10.3.0-1ubuntu1~20.04)
Ubuntu 20.04 ARM GCC Native
Kernel: 5.4.0-53-generic
Compiler: gcc 9.3
Ubuntu 20.04 ARM Clang Native
Kernel: 5.4.0-53-generic
Compiler: clang 10.0.0-4ubuntu1
To view detailed results, visit:
https://lab.dpdk.org/results/dashboard/tarballs/18355/
UNH-IOL DPDK Community Lab
To manage your email subscriptions, visit:
https://lab.dpdk.org/results/dashboard/preferences/subscriptions/
^ permalink raw reply [flat|nested] 7+ messages in thread
* |FAILURE| [GIT MASTER] 4d47f374314997c7f0be9bb5e3f9f757b5ed15e5
@ 2022-01-20 6:17 dpdklab
0 siblings, 0 replies; 7+ messages in thread
From: dpdklab @ 2022-01-20 6:17 UTC (permalink / raw)
To: Ferruh Yigit, Test Report, Georgii Tkachuk, Qian Xu, Lijuan Tu
Cc: dpdk-test-reports
[-- Attachment #1: Type: text/plain, Size: 983 bytes --]
_Functional Testing issues_
Branch: tags/v20.11
4d47f374314997c7f0be9bb5e3f9f757b5ed15e5 --> functional testing fail
Test environment and result as below:
Ubuntu 20.04 ARM
Kernel: 4.15.0-132-generic
Compiler: gcc 7.5
NIC: Arm Intel Corporation Ethernet Converged Network Adapter XL710-QDA2 40000 Mbps
Target: x86_64-native-linuxapp-gcc
Fail/Total: 0/2
Ubuntu 20.04
Kernel: 4.15.0-generic
Compiler: gcc 7.4
NIC: Intel Corporation Ethernet Converged Network Adapter XL710-QDA2 40000 Mbps
Target: x86_64-native-linuxapp-gcc
Fail/Total: 1/2
Failed Tests:
- scatter
Ubuntu 20.04
Kernel: 4.15.0-generic
Compiler: gcc 7.4
NIC: Intel Corporation Ethernet Converged Network Adapter 82599ES 10000 Mbps
Target: x86_64-native-linuxapp-gcc
Fail/Total: 0/2
To view detailed results, visit:
https://lab.dpdk.org/results/dashboard/tarballs/18355/
UNH-IOL DPDK Community Lab
To manage your email subscriptions, visit:
https://lab.dpdk.org/results/dashboard/preferences/subscriptions/
^ permalink raw reply [flat|nested] 7+ messages in thread
* |FAILURE| [GIT MASTER] 4d47f374314997c7f0be9bb5e3f9f757b5ed15e5
@ 2022-01-20 6:10 dpdklab
0 siblings, 0 replies; 7+ messages in thread
From: dpdklab @ 2022-01-20 6:10 UTC (permalink / raw)
To: Ferruh Yigit, Test Report, Georgii Tkachuk, Qian Xu, Lijuan Tu
Cc: dpdk-test-reports
[-- Attachment #1: Type: text/plain, Size: 799 bytes --]
_Functional Testing issues_
Branch: tags/v20.11
4d47f374314997c7f0be9bb5e3f9f757b5ed15e5 --> functional testing fail
Test environment and result as below:
Ubuntu 20.04 ARM
Kernel: 4.15.0-132-generic
Compiler: gcc 7.5
NIC: Arm Intel Corporation Ethernet Converged Network Adapter XL710-QDA2 40000 Mbps
Target: x86_64-native-linuxapp-gcc
Fail/Total: 0/2
Ubuntu 20.04
Kernel: 4.15.0-generic
Compiler: gcc 7.4
NIC: Intel Corporation Ethernet Converged Network Adapter XL710-QDA2 40000 Mbps
Target: x86_64-native-linuxapp-gcc
Fail/Total: 1/2
Failed Tests:
- scatter
To view detailed results, visit:
https://lab.dpdk.org/results/dashboard/tarballs/18355/
UNH-IOL DPDK Community Lab
To manage your email subscriptions, visit:
https://lab.dpdk.org/results/dashboard/preferences/subscriptions/
^ permalink raw reply [flat|nested] 7+ messages in thread
* |FAILURE| [GIT MASTER] 4d47f374314997c7f0be9bb5e3f9f757b5ed15e5
@ 2022-01-18 7:24 dpdklab
0 siblings, 0 replies; 7+ messages in thread
From: dpdklab @ 2022-01-18 7:24 UTC (permalink / raw)
To: Test Report; +Cc: dpdk-test-reports
[-- Attachment #1: Type: text/plain, Size: 6040 bytes --]
_Testing issues_
Branch: tags/v20.11
4d47f374314997c7f0be9bb5e3f9f757b5ed15e5 --> testing fail
Test environment and result as below:
+---------------------+--------------------+----------------------+
| Environment | dpdk_meson_compile | dpdk_mingw64_compile |
+=====================+====================+======================+
| Windows Server 2019 | PASS | PASS |
+---------------------+--------------------+----------------------+
| FreeBSD 13 | PASS | SKIPPED |
+---------------------+--------------------+----------------------+
| Ubuntu 18.04 | PASS | SKIPPED |
+---------------------+--------------------+----------------------+
| openSUSE Leap 15 | PASS | SKIPPED |
+---------------------+--------------------+----------------------+
| CentOS 8 | PASS | SKIPPED |
+---------------------+--------------------+----------------------+
| CentOS Stream 8 | PASS | SKIPPED |
+---------------------+--------------------+----------------------+
| Ubuntu 20.04 | PASS | SKIPPED |
+---------------------+--------------------+----------------------+
| Fedora 32 | PASS | SKIPPED |
+---------------------+--------------------+----------------------+
| Fedora 31 | PASS | SKIPPED |
+---------------------+--------------------+----------------------+
| RHEL 7 | PASS | SKIPPED |
+---------------------+--------------------+----------------------+
| RHEL8 | PASS | SKIPPED |
+---------------------+--------------------+----------------------+
| Arch Linux | PASS | SKIPPED |
+---------------------+--------------------+----------------------+
| Fedora 33 | PASS | SKIPPED |
+---------------------+--------------------+----------------------+
| Alpine | FAIL | SKIPPED |
+---------------------+--------------------+----------------------+
| Fedora 34 | PASS | SKIPPED |
+---------------------+--------------------+----------------------+
| Fedora 34 clang | PASS | SKIPPED |
+---------------------+--------------------+----------------------+
==== 20 line log output for Alpine (dpdk_meson_compile): ====
|
cc1: all warnings being treated as errors
[267/2472] Compiling C object 'drivers/a715181@@tmp_rte_event_octeontx@sta/event_octeontx_ssovf_evdev_selftest.c.o'.
[268/2472] Compiling C object 'drivers/a715181@@tmp_rte_event_dpaa@sta/event_dpaa_dpaa_eventdev.c.o'.
[269/2472] Compiling C object 'drivers/a715181@@tmp_rte_event_octeontx@sta/event_octeontx_ssovf_worker.c.o'.
[270/2472] Compiling C object 'drivers/a715181@@tmp_rte_event_octeontx2@sta/event_octeontx2_otx2_evdev_irq.c.o'.
[271/2472] Compiling C object 'drivers/a715181@@tmp_rte_event_sw@sta/event_sw_sw_evdev_selftest.c.o'.
[272/2472] Compiling C object 'drivers/a715181@@tmp_rte_event_dpaa2@sta/event_dpaa2_dpaa2_eventdev.c.o'.
[273/2472] Compiling C object 'drivers/a715181@@tmp_rte_event_dpaa2@sta/event_dpaa2_dpaa2_eventdev_selftest.c.o'.
[274/2472] Compiling C object 'drivers/a715181@@tmp_rte_event_octeontx2@sta/event_octeontx2_otx2_evdev_adptr.c.o'.
[275/2472] Compiling C object 'app/a172ced@@dpdk-test-bbdev@exe/test-bbdev_test_bbdev_perf.c.o'.
[276/2472] Compiling C object 'drivers/a715181@@tmp_rte_event_octeontx2@sta/event_octeontx2_otx2_evdev_crypto_adptr.c.o'.
[277/2472] Compiling C object 'drivers/a715181@@tmp_rte_event_dsw@sta/event_dsw_dsw_event.c.o'.
[278/2472] Compiling C object 'drivers/a715181@@tmp_rte_event_octeontx2@sta/event_octeontx2_otx2_evdev_selftest.c.o'.
[279/2472] Compiling C object 'app/test/3062f5d@@dpdk-test@exe/test_ring_perf.c.o'.
[280/2472] Compiling C object 'drivers/a715181@@tmp_rte_event_octeontx2@sta/event_octeontx2_otx2_evdev.c.o'.
[281/2472] Compiling C object 'app/test/3062f5d@@dpdk-test@exe/test_ring.c.o'.
[282/2472] Compiling C object 'drivers/a715181@@tmp_rte_event_octeontx2@sta/event_octeontx2_otx2_worker.c.o'.
[283/2472] Compiling C object 'drivers/a715181@@tmp_rte_event_octeontx2@sta/event_octeontx2_otx2_worker_dual.c.o'.
ninja: build stopped: subcommand failed.
==== End log output ====
Windows Server 2019
Kernel: 10.0
Compiler: clang 9.0 and gcc 8.1.0 (MinGW)
FreeBSD 13
Kernel: 13.0
Compiler: clang 11.0.1
Ubuntu 18.04
Kernel: 4.18.0-240.10.1.el8_3.x86_64
Compiler: gcc 7.5.0-3ubuntu1~18.04
openSUSE Leap 15
Kernel: 4.18.0-240.10.1.el8_3.x86_64
Compiler: gcc 7.5.0
CentOS 8
Kernel: 4.18.0-240.10.1.el8_3.x86_64
Compiler: gcc 8.3.1 20191121 (Red Hat 8.3.1-5)
CentOS Stream 8
Kernel: 4.18.0-240.10.1.el8_3.x86_64
Compiler: gcc 8.4.1 20200928
Ubuntu 20.04
Kernel: 4.18.0-240.10.1.el8_3.x86_64
Compiler: gcc 9.3.0-17ubuntu1~20.04
Fedora 32
Kernel: 4.18.0-240.10.1.el8_3.x86_64
Compiler: gcc 10.2.1
Fedora 31
Kernel: 4.18.0-240.10.1.el8_3.x86_64
Compiler: gcc 9.3.1
RHEL 7
Kernel: 4.18.0-240.10.1.el8_3.x86_64
Compiler: gcc 4.8.5 20150623 (Red Hat 4.8.5-44)
RHEL8
Kernel: 4.18.0-240.10.1.el8_3.x86_64
Compiler: gcc 8.3.1 20191121 (Red Hat 8.3.1-5)
Arch Linux
Kernel: 5.4.0-73-generic
Compiler: gcc 11.1.0
Fedora 33
Kernel: 5.4.0-72-generic
Compiler: gcc 10.3.1 20210422 (Red Hat 10.3.1-1)
Alpine
Kernel: 5.4.0-73-generic
Compiler: gcc (Alpine 10.3.1_git20210424) 10.3.1 20210424
Fedora 34
Kernel: 5.4.0-72-generic
Compiler: gcc 11.1.1 20210428 (Red Hat 11.1.1-1)
Fedora 34 clang
Kernel: 5.4.0-72-generic
Compiler: clang 12.0.0 (Fedora 12.0.0-0.3.rc1.fc34)
To view detailed results, visit:
https://lab.dpdk.org/results/dashboard/tarballs/18317/
UNH-IOL DPDK Community Lab
To manage your email subscriptions, visit:
https://lab.dpdk.org/results/dashboard/preferences/subscriptions/
^ permalink raw reply [flat|nested] 7+ messages in thread
* |FAILURE| [GIT MASTER] 4d47f374314997c7f0be9bb5e3f9f757b5ed15e5
@ 2022-01-17 12:30 dpdklab
0 siblings, 0 replies; 7+ messages in thread
From: dpdklab @ 2022-01-17 12:30 UTC (permalink / raw)
To: Test Report; +Cc: dpdk-test-reports
[-- Attachment #1: Type: text/plain, Size: 5356 bytes --]
_Testing issues_
Branch: tags/v20.11
4d47f374314997c7f0be9bb5e3f9f757b5ed15e5 --> testing fail
Test environment and result as below:
+---------------------+--------------------+----------------------+
| Environment | dpdk_meson_compile | dpdk_mingw64_compile |
+=====================+====================+======================+
| Windows Server 2019 | PASS | PASS |
+---------------------+--------------------+----------------------+
| FreeBSD 13 | PASS | SKIPPED |
+---------------------+--------------------+----------------------+
| openSUSE Leap 15 | PASS | SKIPPED |
+---------------------+--------------------+----------------------+
| Ubuntu 18.04 | PASS | SKIPPED |
+---------------------+--------------------+----------------------+
| CentOS 8 | PASS | SKIPPED |
+---------------------+--------------------+----------------------+
| CentOS Stream 8 | PASS | SKIPPED |
+---------------------+--------------------+----------------------+
| Fedora 34 | PASS | SKIPPED |
+---------------------+--------------------+----------------------+
| Ubuntu 20.04 | PASS | SKIPPED |
+---------------------+--------------------+----------------------+
| RHEL8 | PASS | SKIPPED |
+---------------------+--------------------+----------------------+
| Fedora 33 | PASS | SKIPPED |
+---------------------+--------------------+----------------------+
| Arch Linux | PASS | SKIPPED |
+---------------------+--------------------+----------------------+
| Fedora 34 clang | PASS | SKIPPED |
+---------------------+--------------------+----------------------+
| Fedora 32 | PASS | SKIPPED |
+---------------------+--------------------+----------------------+
| Alpine | FAIL | SKIPPED |
+---------------------+--------------------+----------------------+
| RHEL 7 | PASS | SKIPPED |
+---------------------+--------------------+----------------------+
| Fedora 31 | PASS | SKIPPED |
+---------------------+--------------------+----------------------+
==== 20 line log output for Alpine (dpdk_meson_compile): ====
../drivers/event/dlb/dlb_priv.h:79: error: "PAGE_SIZE" redefined [-Werror]
79 | #define PAGE_SIZE (sysconf(_SC_PAGESIZE))
|
In file included from /usr/include/fortify/stdlib.h:29,
from /usr/lib/gcc/x86_64-alpine-linux-musl/10.3.1/include/mm_malloc.h:27,
from /usr/lib/gcc/x86_64-alpine-linux-musl/10.3.1/include/xmmintrin.h:34,
from /usr/lib/gcc/x86_64-alpine-linux-musl/10.3.1/include/emmintrin.h:31,
from /usr/lib/gcc/x86_64-alpine-linux-musl/10.3.1/include/pmmintrin.h:31,
from /usr/lib/gcc/x86_64-alpine-linux-musl/10.3.1/include/tmmintrin.h:31,
from /usr/lib/gcc/x86_64-alpine-linux-musl/10.3.1/include/smmintrin.h:32,
from /usr/lib/gcc/x86_64-alpine-linux-musl/10.3.1/include/nmmintrin.h:31,
from ../drivers/event/dlb/dlb.c:7:
/usr/include/limits.h:97: note: this is the location of the previous definition
97 | #define PAGE_SIZE PAGESIZE
|
cc1: all warnings being treated as errors
[297/2472] Compiling C object 'app/test/3062f5d@@dpdk-test@exe/test_ring_perf.c.o'.
[298/2472] Compiling C object 'app/test/3062f5d@@dpdk-test@exe/test_ring.c.o'.
[299/2472] Compiling C object 'drivers/a715181@@tmp_rte_event_octeontx2@sta/event_octeontx2_otx2_worker_dual.c.o'.
ninja: build stopped: subcommand failed.
==== End log output ====
Windows Server 2019
Kernel: 10.0
Compiler: clang 9.0 and gcc 8.1.0 (MinGW)
FreeBSD 13
Kernel: 13.0
Compiler: clang 11.0.1
openSUSE Leap 15
Kernel: 4.18.0-240.10.1.el8_3.x86_64
Compiler: gcc 7.5.0
Ubuntu 18.04
Kernel: 4.18.0-240.10.1.el8_3.x86_64
Compiler: gcc 7.5.0-3ubuntu1~18.04
CentOS 8
Kernel: 4.18.0-240.10.1.el8_3.x86_64
Compiler: gcc 8.3.1 20191121 (Red Hat 8.3.1-5)
CentOS Stream 8
Kernel: 4.18.0-240.10.1.el8_3.x86_64
Compiler: gcc 8.4.1 20200928
Fedora 34
Kernel: 5.4.0-72-generic
Compiler: gcc 11.1.1 20210428 (Red Hat 11.1.1-1)
Ubuntu 20.04
Kernel: 4.18.0-240.10.1.el8_3.x86_64
Compiler: gcc 9.3.0-17ubuntu1~20.04
RHEL8
Kernel: 4.18.0-240.10.1.el8_3.x86_64
Compiler: gcc 8.3.1 20191121 (Red Hat 8.3.1-5)
Fedora 33
Kernel: 5.4.0-72-generic
Compiler: gcc 10.3.1 20210422 (Red Hat 10.3.1-1)
Arch Linux
Kernel: 5.4.0-73-generic
Compiler: gcc 11.1.0
Fedora 34 clang
Kernel: 5.4.0-72-generic
Compiler: clang 12.0.0 (Fedora 12.0.0-0.3.rc1.fc34)
Fedora 32
Kernel: 4.18.0-240.10.1.el8_3.x86_64
Compiler: gcc 10.2.1
Alpine
Kernel: 5.4.0-73-generic
Compiler: gcc (Alpine 10.3.1_git20210424) 10.3.1 20210424
RHEL 7
Kernel: 4.18.0-240.10.1.el8_3.x86_64
Compiler: gcc 4.8.5 20150623 (Red Hat 4.8.5-44)
Fedora 31
Kernel: 4.18.0-240.10.1.el8_3.x86_64
Compiler: gcc 9.3.1
To view detailed results, visit:
https://lab.dpdk.org/results/dashboard/tarballs/18298/
UNH-IOL DPDK Community Lab
To manage your email subscriptions, visit:
https://lab.dpdk.org/results/dashboard/preferences/subscriptions/
^ permalink raw reply [flat|nested] 7+ messages in thread
end of thread, other threads:[~2022-01-21 7:16 UTC | newest]
Thread overview: 7+ messages (download: mbox.gz / follow: Atom feed)
-- links below jump to the message on this page --
2022-01-19 6:53 |FAILURE| [GIT MASTER] 4d47f374314997c7f0be9bb5e3f9f757b5ed15e5 dpdklab
-- strict thread matches above, loose matches on Subject: below --
2022-01-21 7:16 dpdklab
2022-01-20 7:16 dpdklab
2022-01-20 6:17 dpdklab
2022-01-20 6:10 dpdklab
2022-01-18 7:24 dpdklab
2022-01-17 12:30 dpdklab
This is a public inbox, see mirroring instructions
for how to clone and mirror all data and code used for this inbox;
as well as URLs for NNTP newsgroup(s).