* |SUCCESS| pw106233 [PATCH v3] eventdev/eth_rx: add event port get api
[not found] <20220122171420.879392-1-s.v.naga.harish.k@intel.com>
@ 2022-01-22 17:16 ` checkpatch
2022-01-22 18:59 ` |FAILURE| " 0-day Robot
1 sibling, 0 replies; 13+ messages in thread
From: checkpatch @ 2022-01-22 17:16 UTC (permalink / raw)
To: test-report
Test-Label: checkpatch
Test-Status: SUCCESS
http://dpdk.org/patch/106233
_coding style OK_
^ permalink raw reply [flat|nested] 13+ messages in thread
* |FAILURE| pw106233 [PATCH v3] eventdev/eth_rx: add event port get api
[not found] <20220122171420.879392-1-s.v.naga.harish.k@intel.com>
2022-01-22 17:16 ` |SUCCESS| pw106233 [PATCH v3] eventdev/eth_rx: add event port get api checkpatch
@ 2022-01-22 18:59 ` 0-day Robot
1 sibling, 0 replies; 13+ messages in thread
From: 0-day Robot @ 2022-01-22 18:59 UTC (permalink / raw)
To: test-report; +Cc: s.v.naga.harish.k, robot
From: robot@bytheb.org
Test-Label: github-robot: build
Test-Status: FAILURE
http://patchwork.dpdk.org/patch/106233/
_github build: failed_
Build URL: https://github.com/ovsrobot/dpdk/actions/runs/1733573639
Build Logs:
-----------------------Summary of failed steps-----------------------
"ubuntu-18.04-gcc-shared-abi+doc+tests" failed at step Build and test
"ubuntu-18.04-clang-shared-doc+tests" failed at step Build and test
----------------------End summary of failed steps--------------------
-------------------------------BEGIN LOGS----------------------------
####################################################################################
#### [Begin job log] "ubuntu-18.04-gcc-shared-abi+doc+tests" at step Build and test
####################################################################################
[3054/3524] Linking target examples/dpdk-qos_sched.
[3055/3524] Linking target examples/dpdk-rxtx_callbacks.
[3056/3524] Compiling C object 'examples/c590b3c@@dpdk-efd_server@exe/server_node_efd_server_init.c.o'.
[3057/3524] Compiling C object 'examples/c590b3c@@dpdk-efd_server@exe/server_node_efd_server_main.c.o'.
[3058/3524] Linking target examples/dpdk-efd_node.
[3059/3524] Compiling C object 'examples/c590b3c@@dpdk-service_cores@exe/service_cores_main.c.o'.
[3060/3524] Compiling C object 'examples/c590b3c@@dpdk-skeleton@exe/skeleton_basicfwd.c.o'.
[3061/3524] Linking target examples/dpdk-efd_server.
[3062/3524] Linking target examples/dpdk-service_cores.
[3063/3524] Linking target examples/dpdk-skeleton.
[3064/3524] Compiling C object 'examples/c590b3c@@dpdk-vdpa@exe/vdpa_main.c.o'.
[3065/3524] Compiling C object 'examples/c590b3c@@dpdk-timer@exe/timer_main.c.o'.
[3066/3524] Linking target examples/dpdk-timer.
[3067/3524] Compiling C object 'examples/c590b3c@@dpdk-vhost@exe/vhost_main.c.o'.
[3068/3524] Linking target examples/dpdk-vdpa.
[3069/3524] Generating html_guides with a custom command.
FAILED: doc/guides/html
/usr/bin/python3 ../buildtools/call-sphinx-build.py /usr/bin/sphinx-build 22.03.0-rc0 /home/runner/work/dpdk/dpdk/doc/guides /home/runner/work/dpdk/dpdk/build/doc/guides -W
Warning, treated as error:
/home/runner/work/dpdk/dpdk/doc/guides/rel_notes/release_22_03.rst:88:Explicit markup ends without a blank line; unexpected unindent.
[3070/3524] Compiling C object 'examples/c590b3c@@dpdk-vhost_blk@exe/vhost_blk_blk.c.o'.
[3071/3524] Compiling C object 'examples/c590b3c@@dpdk-vhost@exe/vhost_virtio_net.c.o'.
ninja: build stopped: subcommand failed.
##[error]Process completed with exit code 1.
####################################################################################
#### [End job log] "ubuntu-18.04-gcc-shared-abi+doc+tests" at step Build and test
####################################################################################
####################################################################################
#### [Begin job log] "ubuntu-18.04-clang-shared-doc+tests" at step Build and test
####################################################################################
[3295/3526] Compiling C object 'buildtools/chkincs/fe389a9@@chkincs@exe/meson-generated_rte_mcslock.c.o'.
[3296/3526] Compiling C object 'buildtools/chkincs/fe389a9@@chkincs@exe/meson-generated_rte_pause.c.o'.
[3297/3526] Compiling C object 'buildtools/chkincs/fe389a9@@chkincs@exe/meson-generated_rte_pflock.c.o'.
[3298/3526] Compiling C object 'buildtools/chkincs/fe389a9@@chkincs@exe/meson-generated_rte_power_intrinsics.c.o'.
[3299/3526] Compiling C object 'buildtools/chkincs/fe389a9@@chkincs@exe/meson-generated_rte_prefetch.c.o'.
[3300/3526] Compiling C object 'buildtools/chkincs/fe389a9@@chkincs@exe/meson-generated_rte_rtm.c.o'.
[3301/3526] Compiling C object 'buildtools/chkincs/fe389a9@@chkincs@exe/meson-generated_rte_rwlock.c.o'.
[3302/3526] Compiling C object 'buildtools/chkincs/fe389a9@@chkincs@exe/meson-generated_rte_spinlock.c.o'.
[3303/3526] Compiling C object 'buildtools/chkincs/fe389a9@@chkincs@exe/meson-generated_rte_ticketlock.c.o'.
[3304/3526] Compiling C object 'buildtools/chkincs/fe389a9@@chkincs@exe/meson-generated_rte_vect.c.o'.
[3305/3526] Compiling C object 'buildtools/chkincs/fe389a9@@chkincs@exe/meson-generated_rte_alarm.c.o'.
[3306/3526] Compiling C object 'buildtools/chkincs/fe389a9@@chkincs@exe/meson-generated_rte_bitops.c.o'.
[3307/3526] Compiling C object 'buildtools/chkincs/fe389a9@@chkincs@exe/meson-generated_rte_bitmap.c.o'.
[3308/3526] Compiling C object 'buildtools/chkincs/fe389a9@@chkincs@exe/meson-generated_rte_branch_prediction.c.o'.
[3309/3526] Compiling C object 'buildtools/chkincs/fe389a9@@chkincs@exe/meson-generated_rte_bus.c.o'.
[3310/3526] Generating html_guides with a custom command.
FAILED: doc/guides/html
/usr/bin/python3 ../buildtools/call-sphinx-build.py /usr/bin/sphinx-build 22.03.0-rc0 /home/runner/work/dpdk/dpdk/doc/guides /home/runner/work/dpdk/dpdk/build/doc/guides -W
Warning, treated as error:
/home/runner/work/dpdk/dpdk/doc/guides/rel_notes/release_22_03.rst:88:Explicit markup ends without a blank line; unexpected unindent.
[3311/3526] Compiling C object 'buildtools/chkincs/fe389a9@@chkincs@exe/meson-generated_rte_class.c.o'.
[3312/3526] Compiling C object 'buildtools/chkincs/fe389a9@@chkincs@exe/meson-generated_rte_common.c.o'.
ninja: build stopped: subcommand failed.
##[error]Process completed with exit code 1.
####################################################################################
#### [End job log] "ubuntu-18.04-clang-shared-doc+tests" at step Build and test
####################################################################################
--------------------------------END LOGS-----------------------------
^ permalink raw reply [flat|nested] 13+ messages in thread
* |SUCCESS| pw106233 [PATCH] [v3] eventdev/eth_rx: add event port get api
@ 2022-01-22 18:35 dpdklab
0 siblings, 0 replies; 13+ messages in thread
From: dpdklab @ 2022-01-22 18:35 UTC (permalink / raw)
To: Test Report; +Cc: dpdk-test-reports
[-- Attachment #1: Type: text/plain, Size: 2793 bytes --]
Test-Label: iol-x86_64-unit-testing
Test-Status: SUCCESS
http://dpdk.org/patch/106233
_Testing PASS_
Submitter: Naga Harish K S V <s.v.naga.harish.k@intel.com>
Date: Saturday, January 22 2022 17:14:20
DPDK git baseline: Repo:dpdk
Branch: master
CommitID:8a5a91401dc23ddab1ddea3667a17a615a25077f
106233 --> testing pass
Test environment and result as below:
+------------------+----------------+
| Environment | dpdk_unit_test |
+==================+================+
| RHEL8 | PASS |
+------------------+----------------+
| Fedora 32 | PASS |
+------------------+----------------+
| Ubuntu 20.04 | PASS |
+------------------+----------------+
| Fedora 34 | PASS |
+------------------+----------------+
| Fedora 31 | PASS |
+------------------+----------------+
| Fedora 34 clang | PASS |
+------------------+----------------+
| openSUSE Leap 15 | PASS |
+------------------+----------------+
| RHEL 7 | PASS |
+------------------+----------------+
| Arch Linux | PASS |
+------------------+----------------+
| CentOS 8 | PASS |
+------------------+----------------+
| CentOS Stream 8 | PASS |
+------------------+----------------+
| Fedora 33 | PASS |
+------------------+----------------+
| Ubuntu 18.04 | PASS |
+------------------+----------------+
RHEL8
Kernel: 4.18.0-240.10.1.el8_3.x86_64
Compiler: gcc 8.3.1 20191121 (Red Hat 8.3.1-5)
Fedora 32
Kernel: 4.18.0-240.10.1.el8_3.x86_64
Compiler: gcc 10.2.1
Ubuntu 20.04
Kernel: 4.18.0-240.10.1.el8_3.x86_64
Compiler: gcc 9.3.0-17ubuntu1~20.04
Fedora 34
Kernel: 5.4.0-72-generic
Compiler: gcc 11.1.1 20210428 (Red Hat 11.1.1-1)
Fedora 31
Kernel: 4.18.0-240.10.1.el8_3.x86_64
Compiler: gcc 9.3.1
Fedora 34 clang
Kernel: 5.4.0-72-generic
Compiler: clang 12.0.0 (Fedora 12.0.0-0.3.rc1.fc34)
openSUSE Leap 15
Kernel: 4.18.0-240.10.1.el8_3.x86_64
Compiler: gcc 7.5.0
RHEL 7
Kernel: 4.18.0-240.10.1.el8_3.x86_64
Compiler: gcc 4.8.5 20150623 (Red Hat 4.8.5-44)
Arch Linux
Kernel: 5.4.0-73-generic
Compiler: gcc 11.1.0
CentOS 8
Kernel: 4.18.0-240.10.1.el8_3.x86_64
Compiler: gcc 8.3.1 20191121 (Red Hat 8.3.1-5)
CentOS Stream 8
Kernel: 4.18.0-240.10.1.el8_3.x86_64
Compiler: gcc 8.4.1 20200928
Fedora 33
Kernel: 5.4.0-72-generic
Compiler: gcc 10.3.1 20210422 (Red Hat 10.3.1-1)
Ubuntu 18.04
Kernel: 4.18.0-240.10.1.el8_3.x86_64
Compiler: gcc 7.5.0-3ubuntu1~18.04
To view detailed results, visit:
https://lab.dpdk.org/results/dashboard/patchsets/20772/
UNH-IOL DPDK Community Lab
To manage your email subscriptions, visit:
https://lab.dpdk.org/results/dashboard/preferences/subscriptions/
^ permalink raw reply [flat|nested] 13+ messages in thread
* |SUCCESS| pw106233 [PATCH] [v3] eventdev/eth_rx: add event port get api
@ 2022-01-22 18:27 dpdklab
0 siblings, 0 replies; 13+ messages in thread
From: dpdklab @ 2022-01-22 18:27 UTC (permalink / raw)
To: Test Report; +Cc: dpdk-test-reports
[-- Attachment #1: Type: text/plain, Size: 4295 bytes --]
Test-Label: iol-x86_64-compile-testing
Test-Status: SUCCESS
http://dpdk.org/patch/106233
_Testing PASS_
Submitter: Naga Harish K S V <s.v.naga.harish.k@intel.com>
Date: Saturday, January 22 2022 17:14:20
DPDK git baseline: Repo:dpdk
Branch: master
CommitID:8a5a91401dc23ddab1ddea3667a17a615a25077f
106233 --> testing pass
Test environment and result as below:
+---------------------+--------------------+----------------------+
| Environment | dpdk_meson_compile | dpdk_mingw64_compile |
+=====================+====================+======================+
| Windows Server 2019 | PASS | PASS |
+---------------------+--------------------+----------------------+
| FreeBSD 13 | PASS | SKIPPED |
+---------------------+--------------------+----------------------+
| Ubuntu 18.04 | PASS | SKIPPED |
+---------------------+--------------------+----------------------+
| CentOS Stream 8 | PASS | SKIPPED |
+---------------------+--------------------+----------------------+
| openSUSE Leap 15 | PASS | SKIPPED |
+---------------------+--------------------+----------------------+
| Fedora 31 | PASS | SKIPPED |
+---------------------+--------------------+----------------------+
| RHEL8 | PASS | SKIPPED |
+---------------------+--------------------+----------------------+
| RHEL 7 | PASS | SKIPPED |
+---------------------+--------------------+----------------------+
| CentOS 8 | PASS | SKIPPED |
+---------------------+--------------------+----------------------+
| Fedora 32 | PASS | SKIPPED |
+---------------------+--------------------+----------------------+
| Ubuntu 20.04 | PASS | SKIPPED |
+---------------------+--------------------+----------------------+
| Fedora 33 | PASS | SKIPPED |
+---------------------+--------------------+----------------------+
| Fedora 34 | PASS | SKIPPED |
+---------------------+--------------------+----------------------+
| Arch Linux | PASS | SKIPPED |
+---------------------+--------------------+----------------------+
| Fedora 34 clang | PASS | SKIPPED |
+---------------------+--------------------+----------------------+
| Alpine | PASS | SKIPPED |
+---------------------+--------------------+----------------------+
Windows Server 2019
Kernel: 10.0
Compiler: clang 9.0 and gcc 8.1.0 (MinGW)
FreeBSD 13
Kernel: 13.0
Compiler: clang 11.0.1
Ubuntu 18.04
Kernel: 4.18.0-240.10.1.el8_3.x86_64
Compiler: gcc 7.5.0-3ubuntu1~18.04
CentOS Stream 8
Kernel: 4.18.0-240.10.1.el8_3.x86_64
Compiler: gcc 8.4.1 20200928
openSUSE Leap 15
Kernel: 4.18.0-240.10.1.el8_3.x86_64
Compiler: gcc 7.5.0
Fedora 31
Kernel: 4.18.0-240.10.1.el8_3.x86_64
Compiler: gcc 9.3.1
RHEL8
Kernel: 4.18.0-240.10.1.el8_3.x86_64
Compiler: gcc 8.3.1 20191121 (Red Hat 8.3.1-5)
RHEL 7
Kernel: 4.18.0-240.10.1.el8_3.x86_64
Compiler: gcc 4.8.5 20150623 (Red Hat 4.8.5-44)
CentOS 8
Kernel: 4.18.0-240.10.1.el8_3.x86_64
Compiler: gcc 8.3.1 20191121 (Red Hat 8.3.1-5)
Fedora 32
Kernel: 4.18.0-240.10.1.el8_3.x86_64
Compiler: gcc 10.2.1
Ubuntu 20.04
Kernel: 4.18.0-240.10.1.el8_3.x86_64
Compiler: gcc 9.3.0-17ubuntu1~20.04
Fedora 33
Kernel: 5.4.0-72-generic
Compiler: gcc 10.3.1 20210422 (Red Hat 10.3.1-1)
Fedora 34
Kernel: 5.4.0-72-generic
Compiler: gcc 11.1.1 20210428 (Red Hat 11.1.1-1)
Arch Linux
Kernel: 5.4.0-73-generic
Compiler: gcc 11.1.0
Fedora 34 clang
Kernel: 5.4.0-72-generic
Compiler: clang 12.0.0 (Fedora 12.0.0-0.3.rc1.fc34)
Alpine
Kernel: 5.4.0-73-generic
Compiler: gcc (Alpine 10.3.1_git20210424) 10.3.1 20210424
To view detailed results, visit:
https://lab.dpdk.org/results/dashboard/patchsets/20772/
UNH-IOL DPDK Community Lab
To manage your email subscriptions, visit:
https://lab.dpdk.org/results/dashboard/preferences/subscriptions/
^ permalink raw reply [flat|nested] 13+ messages in thread
* |SUCCESS| pw106233 [PATCH] [v3] eventdev/eth_rx: add event port get api
@ 2022-01-22 18:23 dpdklab
0 siblings, 0 replies; 13+ messages in thread
From: dpdklab @ 2022-01-22 18:23 UTC (permalink / raw)
To: Test Report; +Cc: dpdklab
[-- Attachment #1: Type: text/plain, Size: 1457 bytes --]
Test-Label: iol-aarch64-unit-testing
Test-Status: SUCCESS
http://dpdk.org/patch/106233
_Testing PASS_
Submitter: Naga Harish K S V <s.v.naga.harish.k@intel.com>
Date: Saturday, January 22 2022 17:14:20
DPDK git baseline: Repo:dpdk
Branch: master
CommitID:8a5a91401dc23ddab1ddea3667a17a615a25077f
106233 --> testing pass
Test environment and result as below:
+-------------------------------+----------------+--------------+
| Environment | dpdk_unit_test | lpm_autotest |
+===============================+================+==============+
| Ubuntu 20.04 ARM Clang Native | PASS | SKIPPED |
+-------------------------------+----------------+--------------+
| Ubuntu 20.04 ARM GCC Native | PASS | SKIPPED |
+-------------------------------+----------------+--------------+
| Ubuntu 20.04 ARM SVE | SKIPPED | PASS |
+-------------------------------+----------------+--------------+
Ubuntu 20.04 ARM Clang Native
Kernel: 5.4.0-53-generic
Compiler: clang 10.0.0-4ubuntu1
Ubuntu 20.04 ARM GCC Native
Kernel: 5.4.0-53-generic
Compiler: gcc 9.3
Ubuntu 20.04 ARM SVE
Kernel: 5.4.0-80-generic
Compiler: gcc 10.3.0 (Ubuntu 10.3.0-1ubuntu1~20.04)
To view detailed results, visit:
https://lab.dpdk.org/results/dashboard/patchsets/20772/
UNH-IOL DPDK Community Lab
To manage your email subscriptions, visit:
https://lab.dpdk.org/results/dashboard/preferences/subscriptions/
^ permalink raw reply [flat|nested] 13+ messages in thread
* |SUCCESS| pw106233 [PATCH] [v3] eventdev/eth_rx: add event port get api
@ 2022-01-22 18:14 dpdklab
0 siblings, 0 replies; 13+ messages in thread
From: dpdklab @ 2022-01-22 18:14 UTC (permalink / raw)
To: Test Report; +Cc: dpdklab
[-- Attachment #1: Type: text/plain, Size: 3226 bytes --]
Test-Label: iol-abi-testing
Test-Status: SUCCESS
http://dpdk.org/patch/106233
_Testing PASS_
Submitter: Naga Harish K S V <s.v.naga.harish.k@intel.com>
Date: Saturday, January 22 2022 17:14:20
DPDK git baseline: Repo:dpdk
Branch: master
CommitID:8a5a91401dc23ddab1ddea3667a17a615a25077f
106233 --> testing pass
Test environment and result as below:
+-----------------------------+----------+
| Environment | abi_test |
+=============================+==========+
| FreeBSD 13 | PASS |
+-----------------------------+----------+
| Ubuntu 20.04 ARM GCC Native | PASS |
+-----------------------------+----------+
| Ubuntu 18.04 | PASS |
+-----------------------------+----------+
| RHEL 7 | PASS |
+-----------------------------+----------+
| Arch Linux | PASS |
+-----------------------------+----------+
| Fedora 32 | PASS |
+-----------------------------+----------+
| RHEL8 | PASS |
+-----------------------------+----------+
| CentOS Stream 8 | PASS |
+-----------------------------+----------+
| Ubuntu 20.04 | PASS |
+-----------------------------+----------+
| CentOS 8 | PASS |
+-----------------------------+----------+
| openSUSE Leap 15 | PASS |
+-----------------------------+----------+
| Fedora 34 | PASS |
+-----------------------------+----------+
| Fedora 33 | PASS |
+-----------------------------+----------+
| Fedora 31 | PASS |
+-----------------------------+----------+
| Fedora 34 clang | PASS |
+-----------------------------+----------+
FreeBSD 13
Kernel: 13.0
Compiler: clang 11.0.1
Ubuntu 20.04 ARM GCC Native
Kernel: 5.4.0-53-generic
Compiler: gcc 9.3
Ubuntu 18.04
Kernel: 4.18.0-240.10.1.el8_3.x86_64
Compiler: gcc 7.5.0-3ubuntu1~18.04
RHEL 7
Kernel: 4.18.0-240.10.1.el8_3.x86_64
Compiler: gcc 4.8.5 20150623 (Red Hat 4.8.5-44)
Arch Linux
Kernel: 5.4.0-73-generic
Compiler: gcc 11.1.0
Fedora 32
Kernel: 4.18.0-240.10.1.el8_3.x86_64
Compiler: gcc 10.2.1
RHEL8
Kernel: 4.18.0-240.10.1.el8_3.x86_64
Compiler: gcc 8.3.1 20191121 (Red Hat 8.3.1-5)
CentOS Stream 8
Kernel: 4.18.0-240.10.1.el8_3.x86_64
Compiler: gcc 8.4.1 20200928
Ubuntu 20.04
Kernel: 4.18.0-240.10.1.el8_3.x86_64
Compiler: gcc 9.3.0-17ubuntu1~20.04
CentOS 8
Kernel: 4.18.0-240.10.1.el8_3.x86_64
Compiler: gcc 8.3.1 20191121 (Red Hat 8.3.1-5)
openSUSE Leap 15
Kernel: 4.18.0-240.10.1.el8_3.x86_64
Compiler: gcc 7.5.0
Fedora 34
Kernel: 5.4.0-72-generic
Compiler: gcc 11.1.1 20210428 (Red Hat 11.1.1-1)
Fedora 33
Kernel: 5.4.0-72-generic
Compiler: gcc 10.3.1 20210422 (Red Hat 10.3.1-1)
Fedora 31
Kernel: 4.18.0-240.10.1.el8_3.x86_64
Compiler: gcc 9.3.1
Fedora 34 clang
Kernel: 5.4.0-72-generic
Compiler: clang 12.0.0 (Fedora 12.0.0-0.3.rc1.fc34)
To view detailed results, visit:
https://lab.dpdk.org/results/dashboard/patchsets/20772/
UNH-IOL DPDK Community Lab
To manage your email subscriptions, visit:
https://lab.dpdk.org/results/dashboard/preferences/subscriptions/
^ permalink raw reply [flat|nested] 13+ messages in thread
* |SUCCESS| pw106233 [PATCH] [v3] eventdev/eth_rx: add event port get api
@ 2022-01-22 18:12 dpdklab
0 siblings, 0 replies; 13+ messages in thread
From: dpdklab @ 2022-01-22 18:12 UTC (permalink / raw)
To: Test Report; +Cc: dpdklab
[-- Attachment #1: Type: text/plain, Size: 2150 bytes --]
Test-Label: iol-aarch64-compile-testing
Test-Status: SUCCESS
http://dpdk.org/patch/106233
_Testing PASS_
Submitter: Naga Harish K S V <s.v.naga.harish.k@intel.com>
Date: Saturday, January 22 2022 17:14:20
DPDK git baseline: Repo:dpdk
Branch: master
CommitID:8a5a91401dc23ddab1ddea3667a17a615a25077f
106233 --> testing pass
Test environment and result as below:
+----------------------------------------+--------------------+
| Environment | dpdk_meson_compile |
+========================================+====================+
| Ubuntu 20.04 ARM Clang Native | PASS |
+----------------------------------------+--------------------+
| Ubuntu 20.04 ARM GCC Native | PASS |
+----------------------------------------+--------------------+
| Ubuntu 20.04 aarch32 GCC Cross Compile | PASS |
+----------------------------------------+--------------------+
| Ubuntu 20.04 ARM SVE | PASS |
+----------------------------------------+--------------------+
| Ubuntu 20.04 ARM Clang Cross Compile | PASS |
+----------------------------------------+--------------------+
| Ubuntu 20.04 ARM GCC Cross Compile | PASS |
+----------------------------------------+--------------------+
Ubuntu 20.04 ARM Clang Native
Kernel: 5.4.0-53-generic
Compiler: clang 10.0.0-4ubuntu1
Ubuntu 20.04 ARM GCC Native
Kernel: 5.4.0-53-generic
Compiler: gcc 9.3
Ubuntu 20.04 aarch32 GCC Cross Compile
Kernel: 5.4.0-72-generic
Compiler: gcc 9.3.0
Ubuntu 20.04 ARM SVE
Kernel: 5.4.0-80-generic
Compiler: gcc 10.3.0 (Ubuntu 10.3.0-1ubuntu1~20.04)
Ubuntu 20.04 ARM Clang Cross Compile
Kernel: 5.4.0-72-generic
Compiler: clang version 10.0.0-4ubuntu1
Ubuntu 20.04 ARM GCC Cross Compile
Kernel: 5.4.0-72-generic
Compiler: aarch64-linux-gnu-gcc (Ubuntu 9.3.0-17ubuntu1~20.04) 9.3.0
To view detailed results, visit:
https://lab.dpdk.org/results/dashboard/patchsets/20772/
UNH-IOL DPDK Community Lab
To manage your email subscriptions, visit:
https://lab.dpdk.org/results/dashboard/preferences/subscriptions/
^ permalink raw reply [flat|nested] 13+ messages in thread
* |SUCCESS| pw106233 [PATCH] [v3] eventdev/eth_rx: add event port get api
@ 2022-01-22 17:51 dpdklab
0 siblings, 0 replies; 13+ messages in thread
From: dpdklab @ 2022-01-22 17:51 UTC (permalink / raw)
To: Ajit Khaparde, Test Report; +Cc: dpdk-test-reports
[-- Attachment #1: Type: text/plain, Size: 806 bytes --]
Test-Label: iol-broadcom-Functional
Test-Status: SUCCESS
http://dpdk.org/patch/106233
_Functional Testing PASS_
Submitter: Naga Harish K S V <s.v.naga.harish.k@intel.com>
Date: Saturday, January 22 2022 17:14:20
DPDK git baseline: Repo:dpdk
Branch: master
CommitID:8a5a91401dc23ddab1ddea3667a17a615a25077f
106233 --> functional testing pass
Test environment and result as below:
Ubuntu 20.04
Kernel: 4.15.0-65-generic
Compiler: gcc gcc (Ubuntu 7.4.0-1ubuntu1~18.04.1) 7.4.0
NIC: Broadcom Inc. brcm_57414 25000 Mbps
Target: x86_64-native-linuxapp-gcc
Fail/Total: 0/3
To view detailed results, visit:
https://lab.dpdk.org/results/dashboard/patchsets/20772/
UNH-IOL DPDK Community Lab
To manage your email subscriptions, visit:
https://lab.dpdk.org/results/dashboard/preferences/subscriptions/
^ permalink raw reply [flat|nested] 13+ messages in thread
* |SUCCESS| pw106233 [PATCH] [v3] eventdev/eth_rx: add event port get api
@ 2022-01-22 17:50 dpdklab
0 siblings, 0 replies; 13+ messages in thread
From: dpdklab @ 2022-01-22 17:50 UTC (permalink / raw)
To: Test Report; +Cc: dpdk-test-reports
[-- Attachment #1: Type: text/plain, Size: 1184 bytes --]
Test-Label: iol-intel-Functional
Test-Status: SUCCESS
http://dpdk.org/patch/106233
_Functional Testing PASS_
Submitter: Naga Harish K S V <s.v.naga.harish.k@intel.com>
Date: Saturday, January 22 2022 17:14:20
DPDK git baseline: Repo:dpdk
Branch: master
CommitID:8a5a91401dc23ddab1ddea3667a17a615a25077f
106233 --> functional testing pass
Test environment and result as below:
Ubuntu 20.04
Kernel: 4.15.0-generic
Compiler: gcc 7.4
NIC: Intel Corporation Ethernet Converged Network Adapter 82599ES 10000 Mbps
Target: x86_64-native-linuxapp-gcc
Fail/Total: 0/2
Ubuntu 20.04
Kernel: 4.15.0-generic
Compiler: gcc 7.4
NIC: Intel Corporation Ethernet Converged Network Adapter XL710-QDA2 40000 Mbps
Target: x86_64-native-linuxapp-gcc
Fail/Total: 0/2
Ubuntu 20.04 ARM
Kernel: 4.15.0-132-generic
Compiler: gcc 7.5
NIC: Arm Intel Corporation Ethernet Converged Network Adapter XL710-QDA2 40000 Mbps
Target: x86_64-native-linuxapp-gcc
Fail/Total: 0/2
To view detailed results, visit:
https://lab.dpdk.org/results/dashboard/patchsets/20772/
UNH-IOL DPDK Community Lab
To manage your email subscriptions, visit:
https://lab.dpdk.org/results/dashboard/preferences/subscriptions/
^ permalink raw reply [flat|nested] 13+ messages in thread
* |SUCCESS| pw106233 [PATCH] [v3] eventdev/eth_rx: add event port get api
@ 2022-01-22 17:49 dpdklab
0 siblings, 0 replies; 13+ messages in thread
From: dpdklab @ 2022-01-22 17:49 UTC (permalink / raw)
To: Test Report; +Cc: dpdk-test-reports
[-- Attachment #1: Type: text/plain, Size: 997 bytes --]
Test-Label: iol-intel-Functional
Test-Status: SUCCESS
http://dpdk.org/patch/106233
_Functional Testing PASS_
Submitter: Naga Harish K S V <s.v.naga.harish.k@intel.com>
Date: Saturday, January 22 2022 17:14:20
DPDK git baseline: Repo:dpdk
Branch: master
CommitID:8a5a91401dc23ddab1ddea3667a17a615a25077f
106233 --> functional testing pass
Test environment and result as below:
Ubuntu 20.04
Kernel: 4.15.0-generic
Compiler: gcc 7.4
NIC: Intel Corporation Ethernet Converged Network Adapter 82599ES 10000 Mbps
Target: x86_64-native-linuxapp-gcc
Fail/Total: 0/2
Ubuntu 20.04 ARM
Kernel: 4.15.0-132-generic
Compiler: gcc 7.5
NIC: Arm Intel Corporation Ethernet Converged Network Adapter XL710-QDA2 40000 Mbps
Target: x86_64-native-linuxapp-gcc
Fail/Total: 0/2
To view detailed results, visit:
https://lab.dpdk.org/results/dashboard/patchsets/20772/
UNH-IOL DPDK Community Lab
To manage your email subscriptions, visit:
https://lab.dpdk.org/results/dashboard/preferences/subscriptions/
^ permalink raw reply [flat|nested] 13+ messages in thread
* |SUCCESS| pw106233 [PATCH] [v3] eventdev/eth_rx: add event port get api
@ 2022-01-22 17:46 dpdklab
0 siblings, 0 replies; 13+ messages in thread
From: dpdklab @ 2022-01-22 17:46 UTC (permalink / raw)
To: Ali Alnubani, Test Report; +Cc: dpdk-test-reports
[-- Attachment #1: Type: text/plain, Size: 2089 bytes --]
Test-Label: iol-mellanox-Performance
Test-Status: SUCCESS
http://dpdk.org/patch/106233
_Performance Testing PASS_
Submitter: Naga Harish K S V <s.v.naga.harish.k@intel.com>
Date: Saturday, January 22 2022 17:14:20
DPDK git baseline: Repo:dpdk
Branch: master
CommitID:8a5a91401dc23ddab1ddea3667a17a615a25077f
106233 --> performance testing pass
Test environment and result as below:
Ubuntu 20.04
Kernel: 4.15.0-generic
Compiler: gcc 7.4
NIC: Mellanox ConnectX-5 100000 Mbps
Target: x86_64-native-linuxapp-gcc
Fail/Total: 0/6
Detail performance results:
+------------+---------+----------+-------------+------------------------------+
| frame_size | txd/rxd | num_cpus | num_threads | throughput difference from |
| | | | | expected |
+============+=========+==========+=============+==============================+
| 64 | 256 | 1 | 1 | -0.1% |
+------------+---------+----------+-------------+------------------------------+
| 128 | 256 | 1 | 1 | 0.2% |
+------------+---------+----------+-------------+------------------------------+
| 1024 | 256 | 1 | 1 | 0.1% |
+------------+---------+----------+-------------+------------------------------+
| 256 | 256 | 1 | 1 | -0.5% |
+------------+---------+----------+-------------+------------------------------+
| 1518 | 256 | 1 | 1 | -0.0% |
+------------+---------+----------+-------------+------------------------------+
| 512 | 256 | 1 | 1 | -0.3% |
+------------+---------+----------+-------------+------------------------------+
To view detailed results, visit:
https://lab.dpdk.org/results/dashboard/patchsets/20772/
UNH-IOL DPDK Community Lab
To manage your email subscriptions, visit:
https://lab.dpdk.org/results/dashboard/preferences/subscriptions/
^ permalink raw reply [flat|nested] 13+ messages in thread
* |SUCCESS| pw106233 [PATCH] [v3] eventdev/eth_rx: add event port get api
@ 2022-01-22 17:43 dpdklab
0 siblings, 0 replies; 13+ messages in thread
From: dpdklab @ 2022-01-22 17:43 UTC (permalink / raw)
To: Ajit Khaparde, Test Report; +Cc: dpdk-test-reports
[-- Attachment #1: Type: text/plain, Size: 1810 bytes --]
Test-Label: iol-broadcom-Performance
Test-Status: SUCCESS
http://dpdk.org/patch/106233
_Performance Testing PASS_
Submitter: Naga Harish K S V <s.v.naga.harish.k@intel.com>
Date: Saturday, January 22 2022 17:14:20
DPDK git baseline: Repo:dpdk
Branch: master
CommitID:8a5a91401dc23ddab1ddea3667a17a615a25077f
106233 --> performance testing pass
Test environment and result as below:
Ubuntu 20.04
Kernel: 4.15.0-65-generic
Compiler: gcc gcc (Ubuntu 7.4.0-1ubuntu1~18.04.1) 7.4.0
NIC: Broadcom Inc. brcm_57414 25000 Mbps
Target: x86_64-native-linuxapp-gcc
Fail/Total: 0/4
Detail performance results:
+----------+-------------+---------+------------+------------------------------+
| num_cpus | num_threads | txd/rxd | frame_size | throughput difference from |
| | | | | expected |
+==========+=============+=========+============+==============================+
| 1 | 2 | 512 | 64 | 0.2% |
+----------+-------------+---------+------------+------------------------------+
| 1 | 2 | 2048 | 64 | -0.2% |
+----------+-------------+---------+------------+------------------------------+
| 1 | 1 | 512 | 64 | -0.1% |
+----------+-------------+---------+------------+------------------------------+
| 1 | 1 | 2048 | 64 | -0.1% |
+----------+-------------+---------+------------+------------------------------+
To view detailed results, visit:
https://lab.dpdk.org/results/dashboard/patchsets/20772/
UNH-IOL DPDK Community Lab
To manage your email subscriptions, visit:
https://lab.dpdk.org/results/dashboard/preferences/subscriptions/
^ permalink raw reply [flat|nested] 13+ messages in thread
* |SUCCESS| pw106233 [PATCH] [v3] eventdev/eth_rx: add event port get api
@ 2022-01-22 17:37 dpdklab
0 siblings, 0 replies; 13+ messages in thread
From: dpdklab @ 2022-01-22 17:37 UTC (permalink / raw)
To: Test Report; +Cc: dpdk-test-reports
[-- Attachment #1: Type: text/plain, Size: 798 bytes --]
Test-Label: iol-intel-Functional
Test-Status: SUCCESS
http://dpdk.org/patch/106233
_Functional Testing PASS_
Submitter: Naga Harish K S V <s.v.naga.harish.k@intel.com>
Date: Saturday, January 22 2022 17:14:20
DPDK git baseline: Repo:dpdk
Branch: master
CommitID:8a5a91401dc23ddab1ddea3667a17a615a25077f
106233 --> functional testing pass
Test environment and result as below:
Ubuntu 20.04
Kernel: 4.15.0-generic
Compiler: gcc 7.4
NIC: Intel Corporation Ethernet Converged Network Adapter 82599ES 10000 Mbps
Target: x86_64-native-linuxapp-gcc
Fail/Total: 0/2
To view detailed results, visit:
https://lab.dpdk.org/results/dashboard/patchsets/20772/
UNH-IOL DPDK Community Lab
To manage your email subscriptions, visit:
https://lab.dpdk.org/results/dashboard/preferences/subscriptions/
^ permalink raw reply [flat|nested] 13+ messages in thread
end of thread, other threads:[~2022-01-22 18:35 UTC | newest]
Thread overview: 13+ messages (download: mbox.gz / follow: Atom feed)
-- links below jump to the message on this page --
[not found] <20220122171420.879392-1-s.v.naga.harish.k@intel.com>
2022-01-22 17:16 ` |SUCCESS| pw106233 [PATCH v3] eventdev/eth_rx: add event port get api checkpatch
2022-01-22 18:59 ` |FAILURE| " 0-day Robot
2022-01-22 18:35 |SUCCESS| pw106233 [PATCH] [v3] " dpdklab
-- strict thread matches above, loose matches on Subject: below --
2022-01-22 18:27 dpdklab
2022-01-22 18:23 dpdklab
2022-01-22 18:14 dpdklab
2022-01-22 18:12 dpdklab
2022-01-22 17:51 dpdklab
2022-01-22 17:50 dpdklab
2022-01-22 17:49 dpdklab
2022-01-22 17:46 dpdklab
2022-01-22 17:43 dpdklab
2022-01-22 17:37 dpdklab
This is a public inbox, see mirroring instructions
for how to clone and mirror all data and code used for this inbox;
as well as URLs for NNTP newsgroup(s).