* |FAILURE| [GIT MASTER] d6321ffd9c8315ec6b32dc255017e5146b1421b1
@ 2022-01-27 20:59 dpdklab
0 siblings, 0 replies; 2+ messages in thread
From: dpdklab @ 2022-01-27 20:59 UTC (permalink / raw)
To: Test Report; +Cc: dpdk-test-reports
[-- Attachment #1: Type: text/plain, Size: 6047 bytes --]
_Testing issues_
Branch: dpdk-next-virtio
d6321ffd9c8315ec6b32dc255017e5146b1421b1 --> testing fail
Test environment and result as below:
+---------------------+--------------------+----------------------+
| Environment | dpdk_meson_compile | dpdk_mingw64_compile |
+=====================+====================+======================+
| FreeBSD 13 | FAIL | SKIPPED |
+---------------------+--------------------+----------------------+
| Windows Server 2019 | PASS | PASS |
+---------------------+--------------------+----------------------+
| CentOS Stream 8 | PASS | SKIPPED |
+---------------------+--------------------+----------------------+
| Fedora 31 | PASS | SKIPPED |
+---------------------+--------------------+----------------------+
| CentOS 8 | PASS | SKIPPED |
+---------------------+--------------------+----------------------+
| Ubuntu 20.04 | PASS | SKIPPED |
+---------------------+--------------------+----------------------+
| openSUSE Leap 15 | PASS | SKIPPED |
+---------------------+--------------------+----------------------+
| Ubuntu 18.04 | PASS | SKIPPED |
+---------------------+--------------------+----------------------+
| RHEL 7 | PASS | SKIPPED |
+---------------------+--------------------+----------------------+
| Fedora 32 | PASS | SKIPPED |
+---------------------+--------------------+----------------------+
| RHEL8 | PASS | SKIPPED |
+---------------------+--------------------+----------------------+
| Arch Linux | PASS | SKIPPED |
+---------------------+--------------------+----------------------+
| Fedora 34 | PASS | SKIPPED |
+---------------------+--------------------+----------------------+
| Fedora 33 | PASS | SKIPPED |
+---------------------+--------------------+----------------------+
| Fedora 34 clang | PASS | SKIPPED |
+---------------------+--------------------+----------------------+
| Alpine | FAIL | SKIPPED |
+---------------------+--------------------+----------------------+
==== 20 line log output for Alpine (dpdk_meson_compile): ====
|
cc1: all warnings being treated as errors
[1697/3170] Compiling C object 'drivers/a715181@@tmp_rte_net_dpaa2@sta/net_dpaa2_mc_dpni.c.o'.
[1698/3170] Compiling C object 'drivers/a715181@@tmp_rte_net_failsafe@sta/net_failsafe_failsafe_ops.c.o'.
[1699/3170] Compiling C object 'drivers/a715181@@tmp_rte_net_cnxk@sta/net_cnxk_tx_cn10k_tx_0_15_vec_mseg.c.o'.
[1700/3170] Compiling C object 'drivers/a715181@@tmp_rte_net_cnxk@sta/net_cnxk_tx_cn10k_tx_32_47_vec_mseg.c.o'.
[1701/3170] Compiling C object 'drivers/a715181@@tmp_rte_net_cnxk@sta/net_cnxk_tx_cn10k_tx_16_31_vec_mseg.c.o'.
[1702/3170] Compiling C object 'drivers/a715181@@tmp_rte_net_cnxk@sta/net_cnxk_tx_cn10k_tx_96_111_vec.c.o'.
[1703/3170] Compiling C object 'drivers/a715181@@tmp_rte_net_cnxk@sta/net_cnxk_tx_cn10k_tx_80_95_vec_mseg.c.o'.
[1704/3170] Compiling C object 'drivers/a715181@@tmp_rte_net_cnxk@sta/net_cnxk_tx_cn10k_tx_64_79_vec_mseg.c.o'.
[1705/3170] Compiling C object 'drivers/a715181@@tmp_rte_net_cnxk@sta/net_cnxk_tx_cn10k_tx_48_63_vec_mseg.c.o'.
[1706/3170] Compiling C object 'drivers/a715181@@tmp_rte_net_cnxk@sta/net_cnxk_tx_cn10k_tx_112_127_vec.c.o'.
[1707/3170] Compiling C object 'drivers/a715181@@tmp_rte_net_cnxk@sta/net_cnxk_tx_cn10k_tx_96_111_vec_mseg.c.o'.
[1708/3170] Compiling C object 'drivers/a715181@@tmp_rte_net_dpaa2@sta/net_dpaa2_dpaa2_ethdev.c.o'.
[1709/3170] Compiling C object 'drivers/a715181@@tmp_rte_net_cxgbe@sta/net_cxgbe_cxgbevf_ethdev.c.o'.
[1710/3170] Compiling C object 'drivers/a715181@@tmp_rte_net_cnxk@sta/net_cnxk_tx_cn10k_tx_112_127_vec_mseg.c.o'.
[1711/3170] Compiling C object 'drivers/a715181@@tmp_rte_net_dpaa2@sta/net_dpaa2_dpaa2_rxtx.c.o'.
[1712/3170] Compiling C object 'drivers/a715181@@tmp_rte_net_dpaa@sta/net_dpaa_dpaa_rxtx.c.o'.
[1713/3170] Compiling C object 'drivers/a715181@@tmp_rte_net_dpaa2@sta/net_dpaa2_dpaa2_flow.c.o'.
ninja: build stopped: subcommand failed.
==== End log output ====
FreeBSD 13
Kernel: 13.0
Compiler: clang 11.0.1
Windows Server 2019
Kernel: 10.0
Compiler: clang 9.0 and gcc 8.1.0 (MinGW)
CentOS Stream 8
Kernel: 4.18.0-240.10.1.el8_3.x86_64
Compiler: gcc 8.4.1 20200928
Fedora 31
Kernel: 4.18.0-240.10.1.el8_3.x86_64
Compiler: gcc 9.3.1
CentOS 8
Kernel: 4.18.0-240.10.1.el8_3.x86_64
Compiler: gcc 8.3.1 20191121 (Red Hat 8.3.1-5)
Ubuntu 20.04
Kernel: 4.18.0-240.10.1.el8_3.x86_64
Compiler: gcc 9.3.0-17ubuntu1~20.04
openSUSE Leap 15
Kernel: 4.18.0-240.10.1.el8_3.x86_64
Compiler: gcc 7.5.0
Ubuntu 18.04
Kernel: 4.18.0-240.10.1.el8_3.x86_64
Compiler: gcc 7.5.0-3ubuntu1~18.04
RHEL 7
Kernel: 4.18.0-240.10.1.el8_3.x86_64
Compiler: gcc 4.8.5 20150623 (Red Hat 4.8.5-44)
Fedora 32
Kernel: 4.18.0-240.10.1.el8_3.x86_64
Compiler: gcc 10.2.1
RHEL8
Kernel: 4.18.0-240.10.1.el8_3.x86_64
Compiler: gcc 8.3.1 20191121 (Red Hat 8.3.1-5)
Arch Linux
Kernel: 5.4.0-73-generic
Compiler: gcc 11.1.0
Fedora 34
Kernel: 5.4.0-72-generic
Compiler: gcc 11.1.1 20210428 (Red Hat 11.1.1-1)
Fedora 33
Kernel: 5.4.0-72-generic
Compiler: gcc 10.3.1 20210422 (Red Hat 10.3.1-1)
Fedora 34 clang
Kernel: 5.4.0-72-generic
Compiler: clang 12.0.0 (Fedora 12.0.0-0.3.rc1.fc34)
Alpine
Kernel: 5.4.0-73-generic
Compiler: gcc (Alpine 10.3.1_git20210424) 10.3.1 20210424
To view detailed results, visit:
https://lab.dpdk.org/results/dashboard/tarballs/18461/
UNH-IOL DPDK Community Lab
To manage your email subscriptions, visit:
https://lab.dpdk.org/results/dashboard/preferences/subscriptions/
^ permalink raw reply [flat|nested] 2+ messages in thread
* |FAILURE| [GIT MASTER] d6321ffd9c8315ec6b32dc255017e5146b1421b1
@ 2022-01-27 16:38 dpdklab
0 siblings, 0 replies; 2+ messages in thread
From: dpdklab @ 2022-01-27 16:38 UTC (permalink / raw)
To: Ajit Khaparde, Test Report; +Cc: dpdk-test-reports
[-- Attachment #1: Type: text/plain, Size: 607 bytes --]
_Functional Testing issues_
Branch: dpdk-next-virtio
d6321ffd9c8315ec6b32dc255017e5146b1421b1 --> functional testing fail
Test environment and result as below:
Ubuntu 20.04
Kernel: 4.15.0-65-generic
Compiler: gcc gcc (Ubuntu 7.4.0-1ubuntu1~18.04.1) 7.4.0
NIC: Broadcom Inc. brcm_57414 25000 Mbps
Target: x86_64-native-linuxapp-gcc
Fail/Total: 1/3
Failed Tests:
- scatter
To view detailed results, visit:
https://lab.dpdk.org/results/dashboard/tarballs/18461/
UNH-IOL DPDK Community Lab
To manage your email subscriptions, visit:
https://lab.dpdk.org/results/dashboard/preferences/subscriptions/
^ permalink raw reply [flat|nested] 2+ messages in thread
end of thread, other threads:[~2022-01-27 20:59 UTC | newest]
Thread overview: 2+ messages (download: mbox.gz / follow: Atom feed)
-- links below jump to the message on this page --
2022-01-27 20:59 |FAILURE| [GIT MASTER] d6321ffd9c8315ec6b32dc255017e5146b1421b1 dpdklab
-- strict thread matches above, loose matches on Subject: below --
2022-01-27 16:38 dpdklab
This is a public inbox, see mirroring instructions
for how to clone and mirror all data and code used for this inbox;
as well as URLs for NNTP newsgroup(s).