* |WARNING| pw106599-106601 [PATCH] [3/3] net/ice: Add / Remove VF mac address on DCF representor
@ 2022-01-28 8:14 dpdklab
0 siblings, 0 replies; only message in thread
From: dpdklab @ 2022-01-28 8:14 UTC (permalink / raw)
To: Test Report; +Cc: dpdklab, David Marchand, Thomas Monjalon, Ke Zhang
[-- Attachment #1: Type: text/plain, Size: 4382 bytes --]
Test-Label: iol-abi-testing
Test-Status: WARNING
http://dpdk.org/patch/106601
_Testing issues_
Submitter: Ke Zhang <ke1x.zhang@intel.com>
Date: Thursday, January 27 2022 09:03:12
DPDK git baseline: Repo:dpdk
Branch: master
CommitID:5f6bc8a4edc50ba74eb28f974b6ebacdb799a5db
106599-106601 --> testing fail
Test environment and result as below:
+-----------------------------+----------+
| Environment | abi_test |
+=============================+==========+
| FreeBSD 13 | FAIL |
+-----------------------------+----------+
| Ubuntu 20.04 ARM GCC Native | PASS |
+-----------------------------+----------+
| openSUSE Leap 15 | PASS |
+-----------------------------+----------+
| Arch Linux | PASS |
+-----------------------------+----------+
| Fedora 33 | PASS |
+-----------------------------+----------+
| RHEL8 | PASS |
+-----------------------------+----------+
| RHEL 7 | PASS |
+-----------------------------+----------+
| CentOS 8 | PASS |
+-----------------------------+----------+
| Fedora 31 | PASS |
+-----------------------------+----------+
| Fedora 32 | PASS |
+-----------------------------+----------+
| CentOS Stream 8 | PASS |
+-----------------------------+----------+
| Fedora 34 | PASS |
+-----------------------------+----------+
| Ubuntu 18.04 | PASS |
+-----------------------------+----------+
| Fedora 34 clang | PASS |
+-----------------------------+----------+
| Ubuntu 20.04 | PASS |
+-----------------------------+----------+
==== 20 line log output for FreeBSD 13 (abi_test): ====
^
../lib/bpf/bpf_convert.c:540:15: error: use of undeclared identifier 'ERR'
RTE_BPF_LOG(ERR, "%s: cannot get eBPF length\n", __func__);
^
../lib/bpf/bpf_convert.c:545:2: warning: implicit declaration of function 'RTE_BPF_LOG' is invalid in C99 [-Wimplicit-function-declaration]
RTE_BPF_LOG(DEBUG, "%s: prog len cBPF=%u -> eBPF=%u\n",
^
../lib/bpf/bpf_convert.c:545:14: error: use of undeclared identifier 'DEBUG'
RTE_BPF_LOG(DEBUG, "%s: prog len cBPF=%u -> eBPF=%u\n",
^
../lib/bpf/bpf_convert.c:561:15: error: use of undeclared identifier 'ERR'
RTE_BPF_LOG(ERR, "%s: cannot convert cBPF to eBPF\n", __func__);
^
6 warnings and 7 errors generated.
[242/1950] Linking target lib/librte_net.so.22.1.
[243/1950] Linking target lib/librte_bbdev.so.22.1.
[244/1950] Compiling C object 'lib/76b5a35@@rte_eventdev@sta/eventdev_rte_event_eth_tx_adapter.c.o'.
[245/1950] Compiling C object 'lib/76b5a35@@rte_eventdev@sta/eventdev_rte_event_timer_adapter.c.o'.
[246/1950] Compiling C object 'lib/76b5a35@@rte_eventdev@sta/eventdev_rte_eventdev.c.o'.
ninja: build stopped: subcommand failed.
==== End log output ====
FreeBSD 13
Kernel: 13.0
Compiler: clang 11.0.1
Ubuntu 20.04 ARM GCC Native
Kernel: 5.4.0-53-generic
Compiler: gcc 9.3
openSUSE Leap 15
Kernel: 4.18.0-240.10.1.el8_3.x86_64
Compiler: gcc 7.5.0
Arch Linux
Kernel: 5.4.0-73-generic
Compiler: gcc 11.1.0
Fedora 33
Kernel: 5.4.0-72-generic
Compiler: gcc 10.3.1 20210422 (Red Hat 10.3.1-1)
RHEL8
Kernel: 4.18.0-240.10.1.el8_3.x86_64
Compiler: gcc 8.3.1 20191121 (Red Hat 8.3.1-5)
RHEL 7
Kernel: 4.18.0-240.10.1.el8_3.x86_64
Compiler: gcc 4.8.5 20150623 (Red Hat 4.8.5-44)
CentOS 8
Kernel: 4.18.0-240.10.1.el8_3.x86_64
Compiler: gcc 8.3.1 20191121 (Red Hat 8.3.1-5)
Fedora 31
Kernel: 4.18.0-240.10.1.el8_3.x86_64
Compiler: gcc 9.3.1
Fedora 32
Kernel: 4.18.0-240.10.1.el8_3.x86_64
Compiler: gcc 10.2.1
CentOS Stream 8
Kernel: 4.18.0-240.10.1.el8_3.x86_64
Compiler: gcc 8.4.1 20200928
Fedora 34
Kernel: 5.4.0-72-generic
Compiler: gcc 11.1.1 20210428 (Red Hat 11.1.1-1)
Ubuntu 18.04
Kernel: 4.18.0-240.10.1.el8_3.x86_64
Compiler: gcc 7.5.0-3ubuntu1~18.04
Fedora 34 clang
Kernel: 5.4.0-72-generic
Compiler: clang 12.0.0 (Fedora 12.0.0-0.3.rc1.fc34)
Ubuntu 20.04
Kernel: 4.18.0-240.10.1.el8_3.x86_64
Compiler: gcc 9.3.0-17ubuntu1~20.04
To view detailed results, visit:
https://lab.dpdk.org/results/dashboard/patchsets/20837/
UNH-IOL DPDK Community Lab
To manage your email subscriptions, visit:
https://lab.dpdk.org/results/dashboard/preferences/subscriptions/
^ permalink raw reply [flat|nested] only message in thread
only message in thread, other threads:[~2022-01-28 8:14 UTC | newest]
Thread overview: (only message) (download: mbox.gz / follow: Atom feed)
-- links below jump to the message on this page --
2022-01-28 8:14 |WARNING| pw106599-106601 [PATCH] [3/3] net/ice: Add / Remove VF mac address on DCF representor dpdklab
This is a public inbox, see mirroring instructions
for how to clone and mirror all data and code used for this inbox;
as well as URLs for NNTP newsgroup(s).