* |WARNING| pw106654 [PATCH] app/testpmd: fix bonding mode set
@ 2022-01-28 14:38 dpdklab
0 siblings, 0 replies; 2+ messages in thread
From: dpdklab @ 2022-01-28 14:38 UTC (permalink / raw)
To: Test Report; +Cc: dpdklab, David Marchand, Thomas Monjalon, Min Hu (Connor)
[-- Attachment #1: Type: text/plain, Size: 4430 bytes --]
Test-Label: iol-abi-testing
Test-Status: WARNING
http://dpdk.org/patch/106654
_Testing issues_
Submitter: Min Hu (Connor) <humin29@huawei.com>
Date: Friday, January 28 2022 02:35:19
DPDK git baseline: Repo:dpdk
Branch: master
CommitID:d91998ff68fe23f351523235e5f37ec679de6b65
106654 --> testing fail
Test environment and result as below:
+-----------------------------+----------+
| Environment | abi_test |
+=============================+==========+
| FreeBSD 13 | FAIL |
+-----------------------------+----------+
| Ubuntu 20.04 ARM GCC Native | PASS |
+-----------------------------+----------+
| Fedora 32 | PASS |
+-----------------------------+----------+
| Ubuntu 18.04 | PASS |
+-----------------------------+----------+
| RHEL 7 | PASS |
+-----------------------------+----------+
| Arch Linux | PASS |
+-----------------------------+----------+
| CentOS Stream 8 | PASS |
+-----------------------------+----------+
| Fedora 34 clang | PASS |
+-----------------------------+----------+
| RHEL8 | PASS |
+-----------------------------+----------+
| CentOS 8 | PASS |
+-----------------------------+----------+
| Fedora 31 | PASS |
+-----------------------------+----------+
| Ubuntu 20.04 | PASS |
+-----------------------------+----------+
| Fedora 34 | PASS |
+-----------------------------+----------+
| openSUSE Leap 15 | PASS |
+-----------------------------+----------+
| Fedora 33 | PASS |
+-----------------------------+----------+
==== 20 line log output for FreeBSD 13 (abi_test): ====
^
../lib/bpf/bpf_convert.c:540:15: error: use of undeclared identifier 'ERR'
RTE_BPF_LOG(ERR, "%s: cannot get eBPF length\n", __func__);
^
../lib/bpf/bpf_convert.c:545:2: warning: implicit declaration of function 'RTE_BPF_LOG' is invalid in C99 [-Wimplicit-function-declaration]
RTE_BPF_LOG(DEBUG, "%s: prog len cBPF=%u -> eBPF=%u\n",
^
../lib/bpf/bpf_convert.c:545:14: error: use of undeclared identifier 'DEBUG'
RTE_BPF_LOG(DEBUG, "%s: prog len cBPF=%u -> eBPF=%u\n",
^
../lib/bpf/bpf_convert.c:561:15: error: use of undeclared identifier 'ERR'
RTE_BPF_LOG(ERR, "%s: cannot convert cBPF to eBPF\n", __func__);
^
6 warnings and 7 errors generated.
[255/1950] Generating symbol file 'lib/76b5a35@@rte_net@sha/librte_net.so.22.1.symbols'.
[256/1950] Generating symbol file 'lib/76b5a35@@rte_compressdev@sha/librte_compressdev.so.22.1.symbols'.
[257/1950] Linking static target lib/librte_eventdev.a.
[258/1950] Generating symbol file 'lib/76b5a35@@rte_bbdev@sha/librte_bbdev.so.22.1.symbols'.
[259/1950] Generating symbol file 'lib/76b5a35@@rte_cryptodev@sha/librte_cryptodev.so.22.1.symbols'.
ninja: build stopped: subcommand failed.
==== End log output ====
FreeBSD 13
Kernel: 13.0
Compiler: clang 11.0.1
Ubuntu 20.04 ARM GCC Native
Kernel: 5.4.0-53-generic
Compiler: gcc 9.3
Fedora 32
Kernel: 4.18.0-240.10.1.el8_3.x86_64
Compiler: gcc 10.2.1
Ubuntu 18.04
Kernel: 4.18.0-240.10.1.el8_3.x86_64
Compiler: gcc 7.5.0-3ubuntu1~18.04
RHEL 7
Kernel: 4.18.0-240.10.1.el8_3.x86_64
Compiler: gcc 4.8.5 20150623 (Red Hat 4.8.5-44)
Arch Linux
Kernel: 5.4.0-73-generic
Compiler: gcc 11.1.0
CentOS Stream 8
Kernel: 4.18.0-240.10.1.el8_3.x86_64
Compiler: gcc 8.4.1 20200928
Fedora 34 clang
Kernel: 5.4.0-72-generic
Compiler: clang 12.0.0 (Fedora 12.0.0-0.3.rc1.fc34)
RHEL8
Kernel: 4.18.0-240.10.1.el8_3.x86_64
Compiler: gcc 8.3.1 20191121 (Red Hat 8.3.1-5)
CentOS 8
Kernel: 4.18.0-240.10.1.el8_3.x86_64
Compiler: gcc 8.3.1 20191121 (Red Hat 8.3.1-5)
Fedora 31
Kernel: 4.18.0-240.10.1.el8_3.x86_64
Compiler: gcc 9.3.1
Ubuntu 20.04
Kernel: 4.18.0-240.10.1.el8_3.x86_64
Compiler: gcc 9.3.0-17ubuntu1~20.04
Fedora 34
Kernel: 5.4.0-72-generic
Compiler: gcc 11.1.1 20210428 (Red Hat 11.1.1-1)
openSUSE Leap 15
Kernel: 4.18.0-240.10.1.el8_3.x86_64
Compiler: gcc 7.5.0
Fedora 33
Kernel: 5.4.0-72-generic
Compiler: gcc 10.3.1 20210422 (Red Hat 10.3.1-1)
To view detailed results, visit:
https://lab.dpdk.org/results/dashboard/patchsets/20852/
UNH-IOL DPDK Community Lab
To manage your email subscriptions, visit:
https://lab.dpdk.org/results/dashboard/preferences/subscriptions/
^ permalink raw reply [flat|nested] 2+ messages in thread
* |WARNING| pw106654 [PATCH] app/testpmd: fix bonding mode set
[not found] <20220128023519.10027-1-humin29@huawei.com>
@ 2022-01-28 2:36 ` checkpatch
0 siblings, 0 replies; 2+ messages in thread
From: checkpatch @ 2022-01-28 2:36 UTC (permalink / raw)
To: test-report; +Cc: Min Hu (Connor)
Test-Label: checkpatch
Test-Status: WARNING
http://dpdk.org/patch/106654
_coding style issues_
WARNING:TYPO_SPELLING: 'slave' may be misspelled - perhaps 'secondary'?
#55:
testpmd> add bonding slave 0 2
WARNING:TYPO_SPELLING: 'slave' may be misspelled - perhaps 'secondary'?
#56:
testpmd> add bonding slave 1 2
total: 0 errors, 2 warnings, 19 lines checked
^ permalink raw reply [flat|nested] 2+ messages in thread
end of thread, other threads:[~2022-01-28 14:38 UTC | newest]
Thread overview: 2+ messages (download: mbox.gz / follow: Atom feed)
-- links below jump to the message on this page --
2022-01-28 14:38 |WARNING| pw106654 [PATCH] app/testpmd: fix bonding mode set dpdklab
[not found] <20220128023519.10027-1-humin29@huawei.com>
2022-01-28 2:36 ` checkpatch
This is a public inbox, see mirroring instructions
for how to clone and mirror all data and code used for this inbox;
as well as URLs for NNTP newsgroup(s).