* |FAILURE| pw107350 [PATCH] [v3] net/ice: fix missing clock initialization
@ 2022-02-11 16:43 dpdklab
0 siblings, 0 replies; only message in thread
From: dpdklab @ 2022-02-11 16:43 UTC (permalink / raw)
To: Test Report; +Cc: dpdk-test-reports, David Marchand, Thomas Monjalon, Simei Su
[-- Attachment #1: Type: text/plain, Size: 5678 bytes --]
Test-Label: iol-x86_64-compile-testing
Test-Status: FAILURE
http://dpdk.org/patch/107350
_Testing issues_
Submitter: Simei Su <simei.su@intel.com>
Date: Friday, February 11 2022 06:41:00
DPDK git baseline: Repo:dpdk
Branch: master
CommitID:1d1126ad436e8c7c015fb3f67ad3af05c3b397d5
107350 --> testing fail
Test environment and result as below:
+---------------------+--------------------+----------------------+
| Environment | dpdk_meson_compile | dpdk_mingw64_compile |
+=====================+====================+======================+
| Windows Server 2019 | FAIL | PASS |
+---------------------+--------------------+----------------------+
| openSUSE Leap 15 | PASS | SKIPPED |
+---------------------+--------------------+----------------------+
| Ubuntu 18.04 | PASS | SKIPPED |
+---------------------+--------------------+----------------------+
| CentOS 8 | PASS | SKIPPED |
+---------------------+--------------------+----------------------+
| CentOS Stream 8 | PASS | SKIPPED |
+---------------------+--------------------+----------------------+
| Fedora 31 | PASS | SKIPPED |
+---------------------+--------------------+----------------------+
| Fedora 32 | PASS | SKIPPED |
+---------------------+--------------------+----------------------+
| Ubuntu 20.04 | PASS | SKIPPED |
+---------------------+--------------------+----------------------+
| RHEL 7 | PASS | SKIPPED |
+---------------------+--------------------+----------------------+
| RHEL8 | PASS | SKIPPED |
+---------------------+--------------------+----------------------+
| Arch Linux | PASS | SKIPPED |
+---------------------+--------------------+----------------------+
| Fedora 34 | PASS | SKIPPED |
+---------------------+--------------------+----------------------+
| Fedora 34 clang | PASS | SKIPPED |
+---------------------+--------------------+----------------------+
| Fedora 33 | PASS | SKIPPED |
+---------------------+--------------------+----------------------+
| Alpine | PASS | SKIPPED |
+---------------------+--------------------+----------------------+
==== 20 line log output for Windows Server 2019 (dpdk_meson_compile): ====
[680/756] Compiling C object drivers/a715181@@tmp_rte_net_ice@sta/net_ice_ice_rxtx_vec_avx2.c.obj.
[681/756] Compiling C object drivers/net/ice/base/a42f040@@ice_base@sta/ice_pg_cam.c.obj.
[682/756] Compiling C object drivers/a715181@@tmp_rte_net_ice@sta/net_ice_ice_rxtx.c.obj.
[683/756] Compiling C object drivers/net/ice/base/a42f040@@ice_base@sta/ice_bst_tcam.c.obj.
[684/756] Generating rte_net_ice_def with a custom command.
[685/756] Compiling C object drivers/a715181@@tmp_rte_net_ice@sta/net_ice_ice_dcf_parent.c.obj.
[686/756] Compiling C object drivers/net/ice/base/a42f040@@ice_base@sta/ice_parser.c.obj.
[687/756] Compiling C object drivers/a715181@@tmp_rte_net_ice@sta/net_ice_ice_ethdev.c.obj.
FAILED: drivers/a715181@@tmp_rte_net_ice@sta/net_ice_ice_ethdev.c.obj
clang @drivers/a715181@@tmp_rte_net_ice@sta/net_ice_ice_ethdev.c.obj.rsp
../drivers/net/ice/ice_ethdev.c:11:10: fatal error: 'sys/time.h' file not found
#include <sys/time.h>
^~~~~~~~~~~~
1 error generated.
[688/756] Compiling C object drivers/a715181@@tmp_rte_net_ice@sta/net_ice_ice_dcf_ethdev.c.obj.
[689/756] Compiling C object drivers/net/ixgbe/base/4debe61@@ixgbe_base@sta/ixgbe_82598.c.obj.
[690/756] Compiling C object drivers/net/ice/base/a42f040@@ice_base@sta/ice_ptp_hw.c.obj.
[691/756] Compiling C object drivers/net/ixgbe/base/4debe61@@ixgbe_base@sta/ixgbe_82599.c.obj.
[692/756] Compiling C object app/test/4a468dd@@dpdk-test@exe/test_ring_perf.c.obj.
ninja: build stopped: subcommand failed.
==== End log output ====
Windows Server 2019
Kernel: 10.0
Compiler: clang 9.0 and gcc 8.1.0 (MinGW)
openSUSE Leap 15
Kernel: 4.18.0-240.10.1.el8_3.x86_64
Compiler: gcc 7.5.0
Ubuntu 18.04
Kernel: 4.18.0-240.10.1.el8_3.x86_64
Compiler: gcc 7.5.0-3ubuntu1~18.04
CentOS 8
Kernel: 4.18.0-240.10.1.el8_3.x86_64
Compiler: gcc 8.3.1 20191121 (Red Hat 8.3.1-5)
CentOS Stream 8
Kernel: 4.18.0-240.10.1.el8_3.x86_64
Compiler: gcc 8.4.1 20200928
Fedora 31
Kernel: 4.18.0-240.10.1.el8_3.x86_64
Compiler: gcc 9.3.1
Fedora 32
Kernel: 4.18.0-240.10.1.el8_3.x86_64
Compiler: gcc 10.2.1
Ubuntu 20.04
Kernel: 4.18.0-240.10.1.el8_3.x86_64
Compiler: gcc 9.3.0-17ubuntu1~20.04
RHEL 7
Kernel: 4.18.0-240.10.1.el8_3.x86_64
Compiler: gcc 4.8.5 20150623 (Red Hat 4.8.5-44)
RHEL8
Kernel: 4.18.0-240.10.1.el8_3.x86_64
Compiler: gcc 8.3.1 20191121 (Red Hat 8.3.1-5)
Arch Linux
Kernel: 5.4.0-73-generic
Compiler: gcc 11.1.0
Fedora 34
Kernel: 5.4.0-72-generic
Compiler: gcc 11.1.1 20210428 (Red Hat 11.1.1-1)
Fedora 34 clang
Kernel: 5.4.0-72-generic
Compiler: clang 12.0.0 (Fedora 12.0.0-0.3.rc1.fc34)
Fedora 33
Kernel: 5.4.0-72-generic
Compiler: gcc 10.3.1 20210422 (Red Hat 10.3.1-1)
Alpine
Kernel: 5.4.0-73-generic
Compiler: gcc (Alpine 10.3.1_git20210424) 10.3.1 20210424
To view detailed results, visit:
https://lab.dpdk.org/results/dashboard/patchsets/21027/
UNH-IOL DPDK Community Lab
To manage your email subscriptions, visit:
https://lab.dpdk.org/results/dashboard/preferences/subscriptions/
^ permalink raw reply [flat|nested] only message in thread
only message in thread, other threads:[~2022-02-11 16:43 UTC | newest]
Thread overview: (only message) (download: mbox.gz / follow: Atom feed)
-- links below jump to the message on this page --
2022-02-11 16:43 |FAILURE| pw107350 [PATCH] [v3] net/ice: fix missing clock initialization dpdklab
This is a public inbox, see mirroring instructions
for how to clone and mirror all data and code used for this inbox;
as well as URLs for NNTP newsgroup(s).