* |FAILURE| pw107505 [PATCH] [v22.07] ethdev: mtr: support input color selection
@ 2022-02-14 17:34 dpdklab
0 siblings, 0 replies; only message in thread
From: dpdklab @ 2022-02-14 17:34 UTC (permalink / raw)
To: Test Report
Cc: dpdk-test-reports, David Marchand, Thomas Monjalon,
Jerin Jacob Kollanukkaran
[-- Attachment #1: Type: text/plain, Size: 5645 bytes --]
Test-Label: iol-x86_64-compile-testing
Test-Status: FAILURE
http://dpdk.org/patch/107505
_Testing issues_
Submitter: Jerin Jacob Kollanukkaran <jerinj@marvell.com>
Date: Monday, February 14 2022 11:56:11
DPDK git baseline: Repo:dpdk
Branch: master
CommitID:cecf5ed9e4038e44dba832df2181edee35ccf556
107505 --> testing fail
Test environment and result as below:
+---------------------+--------------------+----------------------+
| Environment | dpdk_meson_compile | dpdk_mingw64_compile |
+=====================+====================+======================+
| Windows Server 2019 | FAIL | PASS |
+---------------------+--------------------+----------------------+
| openSUSE Leap 15 | PASS | SKIPPED |
+---------------------+--------------------+----------------------+
| Ubuntu 18.04 | PASS | SKIPPED |
+---------------------+--------------------+----------------------+
| CentOS Stream 8 | PASS | SKIPPED |
+---------------------+--------------------+----------------------+
| Fedora 31 | PASS | SKIPPED |
+---------------------+--------------------+----------------------+
| CentOS 8 | PASS | SKIPPED |
+---------------------+--------------------+----------------------+
| RHEL 7 | PASS | SKIPPED |
+---------------------+--------------------+----------------------+
| RHEL8 | PASS | SKIPPED |
+---------------------+--------------------+----------------------+
| Fedora 32 | PASS | SKIPPED |
+---------------------+--------------------+----------------------+
| Arch Linux | PASS | SKIPPED |
+---------------------+--------------------+----------------------+
| Fedora 34 | PASS | SKIPPED |
+---------------------+--------------------+----------------------+
| Ubuntu 20.04 | PASS | SKIPPED |
+---------------------+--------------------+----------------------+
| Alpine | PASS | SKIPPED |
+---------------------+--------------------+----------------------+
| Fedora 34 clang | PASS | SKIPPED |
+---------------------+--------------------+----------------------+
| Fedora 33 | PASS | SKIPPED |
+---------------------+--------------------+----------------------+
==== 20 line log output for Windows Server 2019 (dpdk_meson_compile): ====
LINK : warning LNK4044: unrecognized option '/-end-group'; ignored
rte_ethdev_exports.def : error LNK2001: unresolved external symbol rte_mtr_meter_vlan_table_update
lib\librte_ethdev.dll.a : fatal error LNK1120: 1 unresolved externals
clang: error: linker command failed with exit code 1120 (use -v to see invocation)
[354/757] Compiling C object app/test/4a468dd@@dpdk-test@exe/test_bitops.c.obj.
[355/757] Linking target lib/librte_hash-22.dll.
LINK : warning LNK4044: unrecognized option '/O1'; ignored
LINK : warning LNK4044: unrecognized option '/-start-group'; ignored
LINK : warning LNK4044: unrecognized option '/-out-implib=lib\librte_hash.dll.a'; ignored
LINK : warning LNK4044: unrecognized option '/-end-group'; ignored
Creating library lib\librte_hash.dll.a and object lib\librte_hash.dll.exp
[356/757] Linking target lib/librte_cmdline-22.dll.
LINK : warning LNK4044: unrecognized option '/O1'; ignored
LINK : warning LNK4044: unrecognized option '/-start-group'; ignored
LINK : warning LNK4044: unrecognized option '/-out-implib=lib\librte_cmdline.dll.a'; ignored
LINK : warning LNK4044: unrecognized option '/-end-group'; ignored
Creating library lib\librte_cmdline.dll.a and object lib\librte_cmdline.dll.exp
[357/757] Compiling C object app/a172ced@@dpdk-testpmd@exe/test-pmd_cmdline_tm.c.obj.
[358/757] Compiling C object app/a172ced@@dpdk-testpmd@exe/test-pmd_txonly.c.obj.
ninja: build stopped: subcommand failed.
==== End log output ====
Windows Server 2019
Kernel: 10.0
Compiler: clang 9.0 and gcc 8.1.0 (MinGW)
openSUSE Leap 15
Kernel: 4.18.0-240.10.1.el8_3.x86_64
Compiler: gcc 7.5.0
Ubuntu 18.04
Kernel: 4.18.0-240.10.1.el8_3.x86_64
Compiler: gcc 7.5.0-3ubuntu1~18.04
CentOS Stream 8
Kernel: 4.18.0-240.10.1.el8_3.x86_64
Compiler: gcc 8.4.1 20200928
Fedora 31
Kernel: 4.18.0-240.10.1.el8_3.x86_64
Compiler: gcc 9.3.1
CentOS 8
Kernel: 4.18.0-240.10.1.el8_3.x86_64
Compiler: gcc 8.3.1 20191121 (Red Hat 8.3.1-5)
RHEL 7
Kernel: 4.18.0-240.10.1.el8_3.x86_64
Compiler: gcc 4.8.5 20150623 (Red Hat 4.8.5-44)
RHEL8
Kernel: 4.18.0-240.10.1.el8_3.x86_64
Compiler: gcc 8.3.1 20191121 (Red Hat 8.3.1-5)
Fedora 32
Kernel: 4.18.0-240.10.1.el8_3.x86_64
Compiler: gcc 10.2.1
Arch Linux
Kernel: 5.4.0-73-generic
Compiler: gcc 11.1.0
Fedora 34
Kernel: 5.4.0-72-generic
Compiler: gcc 11.1.1 20210428 (Red Hat 11.1.1-1)
Ubuntu 20.04
Kernel: 4.18.0-240.10.1.el8_3.x86_64
Compiler: gcc 9.3.0-17ubuntu1~20.04
Alpine
Kernel: 5.4.0-73-generic
Compiler: gcc (Alpine 10.3.1_git20210424) 10.3.1 20210424
Fedora 34 clang
Kernel: 5.4.0-72-generic
Compiler: clang 12.0.0 (Fedora 12.0.0-0.3.rc1.fc34)
Fedora 33
Kernel: 5.4.0-72-generic
Compiler: gcc 10.3.1 20210422 (Red Hat 10.3.1-1)
To view detailed results, visit:
https://lab.dpdk.org/results/dashboard/patchsets/21062/
UNH-IOL DPDK Community Lab
To manage your email subscriptions, visit:
https://lab.dpdk.org/results/dashboard/preferences/subscriptions/
^ permalink raw reply [flat|nested] only message in thread
only message in thread, other threads:[~2022-02-14 17:34 UTC | newest]
Thread overview: (only message) (download: mbox.gz / follow: Atom feed)
-- links below jump to the message on this page --
2022-02-14 17:34 |FAILURE| pw107505 [PATCH] [v22.07] ethdev: mtr: support input color selection dpdklab
This is a public inbox, see mirroring instructions
for how to clone and mirror all data and code used for this inbox;
as well as URLs for NNTP newsgroup(s).